Last updated on 2025-10-22 05:51:03 CEST.
Flavor | Version | Tinstall | Tcheck | Ttotal | Status | Flags |
---|---|---|---|---|---|---|
r-devel-linux-x86_64-debian-clang | 1.1 | 7.75 | 79.15 | 86.90 | NOTE | |
r-devel-linux-x86_64-debian-gcc | 1.1 | 5.84 | 57.47 | 63.31 | NOTE | |
r-devel-linux-x86_64-fedora-clang | 1.1 | 11.00 | 87.65 | 98.65 | OK | |
r-devel-linux-x86_64-fedora-gcc | 1.1 | 22.00 | 106.59 | 128.59 | OK | |
r-devel-windows-x86_64 | 1.1 | 11.00 | 94.00 | 105.00 | OK | |
r-patched-linux-x86_64 | 1.1 | 9.54 | 74.58 | 84.12 | OK | |
r-release-linux-x86_64 | 1.1 | 9.59 | 75.91 | 85.50 | OK | |
r-release-macos-arm64 | 1.1 | 4.00 | 39.00 | 43.00 | OK | |
r-release-macos-x86_64 | 1.1 | 9.00 | 71.00 | 80.00 | OK | |
r-release-windows-x86_64 | 1.1 | 11.00 | 96.00 | 107.00 | OK | |
r-oldrel-macos-arm64 | 1.1 | 5.00 | 35.00 | 40.00 | OK | |
r-oldrel-macos-x86_64 | 1.1 | 6.00 | 51.00 | 57.00 | OK | |
r-oldrel-windows-x86_64 | 1.1 | 14.00 | 119.00 | 133.00 | OK |
Version: 1.1
Check: CRAN incoming feasibility
Result: NOTE
Maintainer: ‘Andreas Muehling <andreas.muehling@tum.de>’
No Authors@R field in DESCRIPTION.
Please add one, modifying
Authors@R: person(given = "Andreas",
family = "Muehling",
role = c("aut", "cre"),
email = "andreas.muehling@tum.de")
as necessary.
Flavors: r-devel-linux-x86_64-debian-clang, r-devel-linux-x86_64-debian-gcc