CRAN Package Check Results for Package ccss

Last updated on 2025-10-10 08:50:03 CEST.

Flavor Version Tinstall Tcheck Ttotal Status Flags
r-devel-linux-x86_64-debian-clang 1.0 1.71 18.53 20.24 NOTE
r-devel-linux-x86_64-debian-gcc 1.0 1.34 15.39 16.73 NOTE
r-devel-linux-x86_64-fedora-clang 1.0 23.06 OK
r-devel-linux-x86_64-fedora-gcc 1.0 28.11 OK
r-devel-windows-x86_64 1.0 4.00 38.00 42.00 OK
r-patched-linux-x86_64 1.0 1.62 17.46 19.08 OK
r-release-linux-x86_64 1.0 1.60 17.40 19.00 OK
r-release-macos-arm64 1.0 15.00 OK
r-release-macos-x86_64 1.0 22.00 OK
r-release-windows-x86_64 1.0 4.00 40.00 44.00 OK
r-oldrel-macos-arm64 1.0 19.00 OK
r-oldrel-macos-x86_64 1.0 29.00 OK
r-oldrel-windows-x86_64 1.0 3.00 38.00 41.00 OK

Check Details

Version: 1.0
Check: CRAN incoming feasibility
Result: NOTE Maintainer: ‘Abhibhav Sharma <mail.abhibhav@gmail.com>’ No Authors@R field in DESCRIPTION. Please add one, modifying Authors@R: person(given = "Abhibhav", family = "Sharma", role = c("aut", "cre"), email = "mail.abhibhav@gmail.com") as necessary. Flavors: r-devel-linux-x86_64-debian-clang, r-devel-linux-x86_64-debian-gcc