Last updated on 2024-07-27 03:49:25 CEST.
Flavor | Version | Tinstall | Tcheck | Ttotal | Status | Flags |
---|---|---|---|---|---|---|
r-devel-linux-x86_64-debian-clang | 1.0 | 158.41 | 50.19 | 208.60 | OK | |
r-devel-linux-x86_64-debian-gcc | 1.0 | 103.09 | 36.86 | 139.95 | OK | |
r-devel-linux-x86_64-fedora-clang | 1.0 | 247.43 | OK | |||
r-devel-linux-x86_64-fedora-gcc | 1.0 | 333.88 | OK | |||
r-devel-windows-x86_64 | 1.0 | 126.00 | 98.00 | 224.00 | OK | |
r-patched-linux-x86_64 | 1.0 | OK | ||||
r-release-macos-arm64 | 1.0 | 62.00 | NOTE | |||
r-release-macos-x86_64 | 1.0 | 115.00 | NOTE | |||
r-release-windows-x86_64 | 1.0 | 124.00 | 102.00 | 226.00 | OK | |
r-oldrel-macos-arm64 | 1.0 | 66.00 | NOTE | |||
r-oldrel-macos-x86_64 | 1.0 | 74.00 | NOTE | |||
r-oldrel-windows-x86_64 | 1.0 | 102.00 | 101.00 | 203.00 | OK |
Version: 1.0
Check: installed package size
Result: NOTE
installed size is 8.1Mb
sub-directories of 1Mb or more:
libs 7.7Mb
Flavors: r-release-macos-arm64, r-release-macos-x86_64, r-oldrel-macos-arm64, r-oldrel-macos-x86_64