Last updated on 2025-10-22 05:51:01 CEST.
Flavor | Version | Tinstall | Tcheck | Ttotal | Status | Flags |
---|---|---|---|---|---|---|
r-devel-linux-x86_64-debian-clang | 0.1.2 | 86.30 | 42.42 | 128.72 | NOTE | |
r-devel-linux-x86_64-debian-gcc | 0.1.2 | 50.69 | 31.66 | 82.35 | NOTE | |
r-devel-linux-x86_64-fedora-clang | 0.1.2 | 260.00 | -6.76 | 253.24 | OK | |
r-devel-linux-x86_64-fedora-gcc | 0.1.2 | 142.00 | 59.51 | 201.51 | OK | |
r-devel-windows-x86_64 | 0.1.2 | 92.00 | 75.00 | 167.00 | OK | |
r-patched-linux-x86_64 | 0.1.2 | 76.23 | 39.99 | 116.22 | OK | |
r-release-linux-x86_64 | 0.1.2 | 81.67 | 39.90 | 121.57 | OK | |
r-release-macos-arm64 | 0.1.2 | 37.00 | 32.00 | 69.00 | OK | |
r-release-macos-x86_64 | 0.1.2 | 44.00 | 52.00 | 96.00 | OK | |
r-release-windows-x86_64 | 0.1.2 | 92.00 | 77.00 | 169.00 | OK | |
r-oldrel-macos-arm64 | 0.1.2 | 30.00 | 20.00 | 50.00 | OK | |
r-oldrel-macos-x86_64 | 0.1.2 | 32.00 | 39.00 | 71.00 | OK | |
r-oldrel-windows-x86_64 | 0.1.2 | 109.00 | 90.00 | 199.00 | OK |
Version: 0.1.2
Check: HTML version of manual
Result: NOTE
Found the following HTML validation problems:
blatentPPMC.html:117:1 (blatentPPMC.Rd:54): Warning: missing </ul> before </div>
calculateDIC.html:46:1 (calculateDIC.Rd:10): Warning: missing </ul> before </div>
calculateWAIC.html:46:1 (calculateWAIC.Rd:10): Warning: missing </ul> before </div>
latent.html:126:1 (latent.Rd:57): Warning: missing </ul> before </div>
observed.html:65:1 (observed.Rd:20): Warning: missing </ul> before </div>
setDefaultSimulatedParameters.html:82:1 (setDefaultSimulatedParameters.Rd:32): Warning: missing </ul> before </div>
Flavors: r-devel-linux-x86_64-debian-clang, r-devel-linux-x86_64-debian-gcc