Last updated on 2025-10-23 08:49:49 CEST.
Flavor | Version | Tinstall | Tcheck | Ttotal | Status | Flags |
---|---|---|---|---|---|---|
r-devel-linux-x86_64-debian-clang | 0.2.8 | 59.06 | 58.89 | 117.95 | NOTE | |
r-devel-linux-x86_64-debian-gcc | 0.2.8 | 40.74 | 43.46 | 84.20 | NOTE | |
r-devel-linux-x86_64-fedora-clang | 0.2.8 | 198.00 | 27.68 | 225.68 | NOTE | |
r-devel-linux-x86_64-fedora-gcc | 0.2.8 | 86.00 | 130.17 | 216.17 | NOTE | |
r-devel-windows-x86_64 | 0.2.8 | 74.00 | 92.00 | 166.00 | NOTE | |
r-patched-linux-x86_64 | 0.2.8 | 60.25 | 54.57 | 114.82 | NOTE | |
r-release-linux-x86_64 | 0.2.8 | 60.47 | 55.26 | 115.73 | NOTE | |
r-release-macos-arm64 | 0.2.8 | 68.00 | 87.00 | 155.00 | NOTE | |
r-release-macos-x86_64 | 0.2.8 | 38.00 | 95.00 | 133.00 | NOTE | |
r-release-windows-x86_64 | 0.2.8 | 75.00 | 97.00 | 172.00 | NOTE | |
r-oldrel-macos-arm64 | 0.2.8 | 40.00 | 35.00 | 75.00 | NOTE | |
r-oldrel-macos-x86_64 | 0.2.8 | 35.00 | 52.00 | 87.00 | NOTE | |
r-oldrel-windows-x86_64 | 0.2.8 | 88.00 | 118.00 | 206.00 | NOTE |
Version: 0.2.8
Check: C++ specification
Result: NOTE
Specified C++11: please drop specification unless essential
Flavors: r-devel-linux-x86_64-debian-clang, r-devel-linux-x86_64-debian-gcc, r-devel-linux-x86_64-fedora-clang, r-devel-linux-x86_64-fedora-gcc, r-devel-windows-x86_64, r-patched-linux-x86_64, r-release-linux-x86_64, r-release-macos-arm64, r-release-macos-x86_64, r-release-windows-x86_64, r-oldrel-macos-arm64, r-oldrel-macos-x86_64, r-oldrel-windows-x86_64
Version: 0.2.8
Check: Rd cross-references
Result: NOTE
Found the following Rd file(s) with Rd \link{} targets missing package
anchors:
read_audio.Rd: Wave
Please provide package anchors for all Rd \link{} targets not in the
package itself and the base packages.
Flavors: r-devel-linux-x86_64-debian-clang, r-devel-linux-x86_64-debian-gcc, r-devel-windows-x86_64, r-patched-linux-x86_64, r-release-linux-x86_64, r-release-windows-x86_64
Version: 0.2.8
Check: HTML version of manual
Result: NOTE
Found the following HTML validation problems:
dot-parse.timestamp.html:46:1 (dot-parse.timestamp.Rd:10): Warning: missing </ul> before </div>
file_checks.html:46:1 (file_checks.Rd:10): Warning: missing </ul> before </div>
file_type_guess.html:46:1 (file_type_guess.Rd:10): Warning: missing </ul> before </div>
metadata.html:73:1 (metadata.Rd:29): Warning: missing </ul> before </div>
mp3_to_wav.html:55:1 (mp3_to_wav.Rd:15): Warning: missing </ul> before </div>
to_dB.html:50:1 (to_dB.Rd:12): Warning: missing </ul> before </div>
Flavor: r-devel-linux-x86_64-debian-clang
Version: 0.2.8
Check: installed package size
Result: NOTE
installed size is 5.9Mb
sub-directories of 1Mb or more:
libs 4.4Mb
Flavors: r-oldrel-macos-arm64, r-oldrel-macos-x86_64