Last updated on 2025-11-03 07:48:32 CET.
| Flavor | Version | Tinstall | Tcheck | Ttotal | Status | Flags |
|---|---|---|---|---|---|---|
| r-devel-linux-x86_64-debian-clang | 1.0.5 | 664.55 | 354.38 | 1018.93 | OK | |
| r-devel-linux-x86_64-debian-gcc | 1.0.5 | 527.54 | 298.37 | 825.91 | OK | |
| r-devel-linux-x86_64-fedora-clang | 1.0.5 | 2160.00 | -627.93 | 1532.07 | OK | |
| r-devel-linux-x86_64-fedora-gcc | 1.0.5 | 1800.00 | 131.24 | 1931.24 | OK | |
| r-devel-windows-x86_64 | 1.0.5 | 629.00 | 410.00 | 1039.00 | OK | |
| r-patched-linux-x86_64 | 1.0.5 | 716.14 | 393.72 | 1109.86 | OK | |
| r-release-linux-x86_64 | 1.0.5 | 714.14 | 395.52 | 1109.66 | OK | |
| r-release-macos-arm64 | 1.0.5 | 210.00 | 79.00 | 289.00 | OK | |
| r-release-macos-x86_64 | 1.0.5 | 200.00 | 139.00 | 339.00 | OK | |
| r-release-windows-x86_64 | 1.0.5 | 646.00 | 404.00 | 1050.00 | OK | |
| r-oldrel-macos-arm64 | 1.0.5 | 276.00 | 91.00 | 367.00 | NOTE | |
| r-oldrel-macos-x86_64 | 1.0.5 | 235.00 | 223.00 | 458.00 | NOTE | |
| r-oldrel-windows-x86_64 | 1.0.5 | 783.00 | 529.00 | 1312.00 | NOTE |
Version: 1.0.5
Check: installed package size
Result: NOTE
installed size is 121.4Mb
sub-directories of 1Mb or more:
doc 2.0Mb
libs 118.3Mb
Flavors: r-oldrel-macos-arm64, r-oldrel-macos-x86_64, r-oldrel-windows-x86_64
Version: 1.0.5
Check: for GNU extensions in Makefiles
Result: NOTE
GNU make is a SystemRequirements.
Flavors: r-oldrel-macos-arm64, r-oldrel-macos-x86_64, r-oldrel-windows-x86_64