Last updated on 2025-06-19 04:51:21 CEST.
Flavor | Version | Tinstall | Tcheck | Ttotal | Status | Flags |
---|---|---|---|---|---|---|
r-devel-linux-x86_64-debian-clang | 1.1.3 | 13.09 | 79.65 | 92.74 | NOTE | |
r-devel-linux-x86_64-debian-gcc | 1.1.3 | 7.99 | 56.83 | 64.82 | NOTE | |
r-devel-linux-x86_64-fedora-clang | 1.1.3 | 144.97 | NOTE | |||
r-devel-linux-x86_64-fedora-gcc | 1.1.3 | 154.92 | NOTE | |||
r-devel-windows-x86_64 | 1.1.3 | 16.00 | 111.00 | 127.00 | NOTE | |
r-patched-linux-x86_64 | 1.1.3 | 11.18 | 75.28 | 86.46 | NOTE | |
r-release-linux-x86_64 | 1.1.3 | 10.77 | 75.65 | 86.42 | NOTE | |
r-release-macos-arm64 | 1.1.3 | 77.00 | NOTE | |||
r-release-macos-x86_64 | 1.1.3 | 106.00 | NOTE | |||
r-release-windows-x86_64 | 1.1.3 | 17.00 | 114.00 | 131.00 | NOTE | |
r-oldrel-macos-arm64 | 1.1.3 | 50.00 | NOTE | |||
r-oldrel-macos-x86_64 | 1.1.3 | 77.00 | NOTE | |||
r-oldrel-windows-x86_64 | 1.1.3 | 21.00 | 136.00 | 157.00 | NOTE |
Version: 1.1.3
Check: Rd files
Result: NOTE
checkRd: (-1) plotDistributions.Rd:32: Lost braces
32 | plot{...} functions are generated programmatically so the function calls in
| ^
Flavors: r-devel-linux-x86_64-debian-clang, r-devel-linux-x86_64-debian-gcc, r-devel-linux-x86_64-fedora-clang, r-devel-linux-x86_64-fedora-gcc, r-devel-windows-x86_64, r-patched-linux-x86_64, r-release-linux-x86_64, r-release-macos-arm64, r-release-macos-x86_64, r-release-windows-x86_64, r-oldrel-macos-arm64, r-oldrel-macos-x86_64, r-oldrel-windows-x86_64