Last updated on 2025-11-02 13:49:31 CET.
| Flavor | Version | Tinstall | Tcheck | Ttotal | Status | Flags |
|---|---|---|---|---|---|---|
| r-devel-linux-x86_64-debian-clang | 2021.1.2 | 3.12 | 151.29 | 154.41 | OK | |
| r-devel-linux-x86_64-debian-gcc | 2021.1.2 | 2.16 | 104.53 | 106.69 | OK | |
| r-devel-linux-x86_64-fedora-clang | 2021.1.2 | 15.00 | 234.21 | 249.21 | NOTE | |
| r-devel-linux-x86_64-fedora-gcc | 2021.1.2 | 239.62 | NOTE | |||
| r-devel-windows-x86_64 | 2021.1.2 | 6.00 | 167.00 | 173.00 | OK | |
| r-patched-linux-x86_64 | 2021.1.2 | 3.04 | 162.88 | 165.92 | OK | |
| r-release-linux-x86_64 | 2021.1.2 | 2.91 | 185.43 | 188.34 | OK | |
| r-release-macos-arm64 | 2021.1.2 | 2.00 | 133.00 | 135.00 | OK | |
| r-release-macos-x86_64 | 2021.1.2 | 3.00 | 162.00 | 165.00 | OK | |
| r-release-windows-x86_64 | 2021.1.2 | 6.00 | 161.00 | 167.00 | OK | |
| r-oldrel-macos-arm64 | 2021.1.2 | 1.00 | 78.00 | 79.00 | OK | |
| r-oldrel-macos-x86_64 | 2021.1.2 | 2.00 | 147.00 | 149.00 | OK | |
| r-oldrel-windows-x86_64 | 2021.1.2 | 7.00 | 251.00 | 258.00 | OK |
Version: 2021.1.2
Check: dependencies in R code
Result: NOTE
Namespaces in Imports field not imported from:
‘dlnm’ ‘ggplot2’ ‘mvmeta’ ‘pbs’ ‘tsModel’
All declared Imports should be used.
Flavors: r-devel-linux-x86_64-fedora-clang, r-devel-linux-x86_64-fedora-gcc