CRAN Package Check Results for Package atom4R

Last updated on 2025-10-21 04:50:08 CEST.

Flavor Version Tinstall Tcheck Ttotal Status Flags
r-devel-linux-x86_64-debian-clang 0.3-4 55.01 117.54 172.55 OK
r-devel-linux-x86_64-debian-gcc 0.3-4 34.32 86.03 120.35 NOTE
r-devel-linux-x86_64-fedora-clang 0.3-4 267.80 OK
r-devel-linux-x86_64-fedora-gcc 0.3-4 251.35 OK
r-devel-windows-x86_64 0.3-4 50.00 142.00 192.00 OK
r-patched-linux-x86_64 0.3-4 56.06 110.39 166.45 OK
r-release-linux-x86_64 0.3-4 47.38 109.15 156.53 OK
r-release-macos-arm64 0.3-4 70.00 OK
r-release-macos-x86_64 0.3-4 150.00 OK
r-release-windows-x86_64 0.3-4 50.00 142.00 192.00 OK
r-oldrel-macos-arm64 0.3-4 77.00 OK
r-oldrel-macos-x86_64 0.3-4 147.00 OK
r-oldrel-windows-x86_64 0.3-4 74.00 174.00 248.00 OK

Check Details

Version: 0.3-4
Check: HTML version of manual
Result: NOTE Found the following HTML validation problems: AtomAbstractObject.html:215:1 (AtomAbstractObject.Rd:125): Warning: <h5> anchor "Usage" already defined AtomAbstractObject.html:221:1 (AtomAbstractObject.Rd:129): Warning: <h5> anchor "Arguments" already defined AtomAbstractObject.html:244:1 (AtomAbstractObject.Rd:142): Warning: <h5> anchor "Usage" already defined AtomAbstractObject.html:267:1 (AtomAbstractObject.Rd:155): Warning: <h5> anchor "Usage" already defined AtomAbstractObject.html:273:1 (AtomAbstractObject.Rd:159): Warning: <h5> anchor "Returns" already defined AtomAbstractObject.html:290:1 (AtomAbstractObject.Rd:168): Warning: <h5> anchor "Usage" already defined AtomAbstractObject.html:296:1 (AtomAbstractObject.Rd:172): Warning: <h5> anchor "Returns" already defined AtomAbstractObject.html:313:1 (AtomAbstractObject.Rd:181): Warning: <h5> anchor "Usage" already defined AtomAbstractObject.html:319:1 (AtomAbstractObject.Rd:185): Warning: <h5> anchor "Arguments" already defined AtomAbstractObject.html:334:1 (AtomAbstractObject.Rd:194): Warning: <h5> anchor "Returns" already defined AtomAbstractObject.html:351:1 (AtomAbstractObject.Rd:203): Warning: <h5> anchor "Usage" already defined AtomAbstractObject.html:357:1 (AtomAbstractObject.Rd:207): Warning: <h5> anchor "Arguments" already defined AtomAbstractObject.html:372:1 (AtomAbstractObject.Rd:216): Warning: <h5> anchor "Returns" already defined AtomAbstractObject.html:389:1 (AtomAbstractObject.Rd:225): Warning: <h5> anchor "Usage" already defined AtomAbstractObject.html:395:1 (AtomAbstractObject.Rd:229): Warning: <h5> anchor "Arguments" already defined AtomAbstractObject.html:410:1 (AtomAbstractObject.Rd:238): Warning: <h5> anchor "Returns" already defined AtomAbstractObject.html:427:1 (AtomAbstractObject.Rd:247): Warning: <h5> anchor "Usage" already defined AtomAbstractObject.html:433:1 (AtomAbstractObject.Rd:251): Warning: <h5> anchor "Arguments" already defined AtomAbstractObject.html:448:1 (AtomAbstractObject.Rd:260): Warning: <h5> anchor "Returns" already defined AtomAbstractObject.html:465:1 (AtomAbstractObject.Rd:269): Warning: <h5> anchor "Usage" already defined AtomAbstractObject.html:471:1 (AtomAbstractObject.Rd:273): Warning: <h5> anchor "Arguments" already defined AtomAbstractObject.html:496:1 (AtomAbstractObject.Rd:288): Warning: <h5> anchor "Usage" already defined AtomAbstractObject.html:502:1 (AtomAbstractObject.Rd:292): Warning: <h5> anchor "Arguments" already defined AtomAbstractObject.html:525:1 (AtomAbstractObject.Rd:305): Warning: <h5> anchor "Usage" already defined AtomAbstractObject.html:536:1 (AtomAbstractObject.Rd:314): Warning: <h5> anchor "Arguments" already defined AtomAbstractObject.html:565:1 (AtomAbstractObject.Rd:333): Warning: <h5> anchor "Usage" already defined AtomAbstractObject.html:571:1 (AtomAbstractObject.Rd:337): Warning: <h5> anchor "Arguments" already defined AtomAbstractObject.html:586:1 (AtomAbstractObject.Rd:346): Warning: <h5> anchor "Returns" already defined AtomAbstractObject.html:603:1 (AtomAbstractObject.Rd:355): Warning: <h5> anchor "Usage" already defined AtomAbstractObject.html:609:1 (AtomAbstractObject.Rd:359): Warning: <h5> anchor "Arguments" already defined AtomAbstractObject.html:634:1 (AtomAbstractObject.Rd:374): Warning: <h5> anchor "Usage" already defined AtomAbstractObject.html:640:1 (AtomAbstractObject.Rd:378): Warning: <h5> anchor "Arguments" already defined AtomAbstractObject.html:653:1 (AtomAbstractObject.Rd:385): Warning: <h5> anchor "Returns" already defined AtomAbstractObject.html:670:1 (AtomAbstractObject.Rd:394): Warning: <h5> anchor "Usage" already defined AtomAbstractObject.html:676:1 (AtomAbstractObject.Rd:398): Warning: <h5> anchor "Returns" already defined AtomAbstractObject.html:693:1 (AtomAbstractObject.Rd:407): Warning: <h5> anchor "Usage" already defined AtomAbstractObject.html:699:1 (AtomAbstractObject.Rd:411): Warning: <h5> anchor "Returns" already defined AtomAbstractObject.html:716:1 (AtomAbstractObject.Rd:420): Warning: <h5> anchor "Usage" already defined AtomAbstractObject.html:722:1 (AtomAbstractObject.Rd:424): Warning: <h5> anchor "Arguments" already defined AtomAbstractObject.html:735:1 (AtomAbstractObject.Rd:431): Warning: <h5> anchor "Returns" already defined AtomAbstractObject.html:752:1 (AtomAbstractObject.Rd:440): Warning: <h5> anchor "Usage" already defined AtomAbstractObject.html:758:1 (AtomAbstractObject.Rd:444): Warning: <h5> anchor "Returns" already defined AtomAbstractObject.html:775:1 (AtomAbstractObject.Rd:453): Warning: <h5> anchor "Usage" already defined AtomAbstractObject.html:781:1 (AtomAbstractObject.Rd:457): Warning: <h5> anchor "Arguments" already defined AtomAuthor.html:144:1 (AtomAuthor.Rd:99): Warning: <h5> anchor "Usage" already defined AtomAuthor.html:150:1 (AtomAuthor.Rd:103): Warning: <h5> anchor "Arguments" already defined AtomCategory.html:172:1 (AtomCategory.Rd:110): Warning: <h5> anchor "Usage" already defined AtomCategory.html:178:1 (AtomCategory.Rd:114): Warning: <h5> anchor "Arguments" already defined AtomCategory.html:201:1 (AtomCategory.Rd:127): Warning: <h5> anchor "Usage" already defined AtomCategory.html:207:1 (AtomCategory.Rd:131): Warning: <h5> anchor "Arguments" already defined AtomCategory.html:230:1 (AtomCategory.Rd:144): Warning: <h5> anchor "Usage" already defined AtomCategory.html:236:1 (AtomCategory.Rd:148): Warning: <h5> anchor "Arguments" already defined AtomCategory.html:259:1 (AtomCategory.Rd:161): Warning: <h5> anchor "Usage" already defined AtomCategory.html:265:1 (AtomCategory.Rd:165): Warning: <h5> anchor "Arguments" already defined AtomContributor.html:144:1 (AtomContributor.Rd:99): Warning: <h5> anchor "Usage" already defined AtomContributor.html:150:1 (AtomContributor.Rd:103): Warning: <h5> anchor "Arguments" already defined AtomEntry.html:215:1 (AtomEntry.Rd:166): Warning: <h5> anchor "Usage" already defined AtomEntry.html:221:1 (AtomEntry.Rd:170): Warning: <h5> anchor "Arguments" already defined AtomEntry.html:244:1 (AtomEntry.Rd:183): Warning: <h5> anchor "Usage" already defined AtomEntry.html:250:1 (AtomEntry.Rd:187): Warning: <h5> anchor "Arguments" already defined AtomEntry.html:273:1 (AtomEntry.Rd:200): Warning: <h5> anchor "Usage" already defined AtomEntry.html:279:1 (AtomEntry.Rd:204): Warning: <h5> anchor "Arguments" already defined AtomEntry.html:302:1 (AtomEntry.Rd:217): Warning: <h5> anchor "Usage" already defined AtomEntry.html:308:1 (AtomEntry.Rd:221): Warning: <h5> anchor "Arguments" already defined AtomEntry.html:333:1 (AtomEntry.Rd:236): Warning: <h5> anchor "Usage" already defined AtomEntry.html:339:1 (AtomEntry.Rd:240): Warning: <h5> anchor "Arguments" already defined AtomEntry.html:364:1 (AtomEntry.Rd:255): Warning: <h5> anchor "Usage" already defined AtomEntry.html:370:1 (AtomEntry.Rd:259): Warning: <h5> anchor "Arguments" already defined AtomEntry.html:395:1 (AtomEntry.Rd:274): Warning: <h5> anchor "Usage" already defined AtomEntry.html:401:1 (AtomEntry.Rd:278): Warning: <h5> anchor "Arguments" already defined AtomEntry.html:426:1 (AtomEntry.Rd:293): Warning: <h5> anchor "Usage" already defined AtomEntry.html:432:1 (AtomEntry.Rd:297): Warning: <h5> anchor "Arguments" already defined AtomEntry.html:462:1 (AtomEntry.Rd:313): Warning: <h5> anchor "Usage" already defined AtomEntry.html:468:1 (AtomEntry.Rd:317): Warning: <h5> anchor "Arguments" already defined AtomEntry.html:481:1 (AtomEntry.Rd:324): Warning: <h5> anchor "Returns" already defined AtomEntry.html:498:1 (AtomEntry.Rd:333): Warning: <h5> anchor "Usage" already defined AtomEntry.html:504:1 (AtomEntry.Rd:337): Warning: <h5> anchor "Arguments" already defined AtomEntry.html:517:1 (AtomEntry.Rd:344): Warning: <h5> anchor "Returns" already defined AtomEntry.html:534:1 (AtomEntry.Rd:353): Warning: <h5> anchor "Usage" already defined AtomEntry.html:540:1 (AtomEntry.Rd:357): Warning: <h5> anchor "Arguments" already defined AtomEntry.html:553:1 (AtomEntry.Rd:364): Warning: <h5> anchor "Returns" already defined AtomEntry.html:570:1 (AtomEntry.Rd:373): Warning: <h5> anchor "Usage" already defined AtomEntry.html:576:1 (AtomEntry.Rd:377): Warning: <h5> anchor "Arguments" already defined AtomEntry.html:595:1 (AtomEntry.Rd:390): Warning: <h5> anchor "Returns" already defined AtomEntry.html:612:1 (AtomEntry.Rd:399): Warning: <h5> anchor "Usage" already defined AtomEntry.html:618:1 (AtomEntry.Rd:403): Warning: <h5> anchor "Arguments" already defined AtomEntry.html:637:1 (AtomEntry.Rd:416): Warning: <h5> anchor "Returns" already defined AtomEntry.html:654:1 (AtomEntry.Rd:425): Warning: <h5> anchor "Usage" already defined AtomEntry.html:660:1 (AtomEntry.Rd:429): Warning: <h5> anchor "Arguments" already defined AtomEntry.html:677:1 (AtomEntry.Rd:440): Warning: <h5> anchor "Returns" already defined AtomEntry.html:694:1 (AtomEntry.Rd:449): Warning: <h5> anchor "Usage" already defined AtomEntry.html:700:1 (AtomEntry.Rd:453): Warning: <h5> anchor "Arguments" already defined AtomEntry.html:717:1 (AtomEntry.Rd:464): Warning: <h5> anchor "Returns" already defined AtomEntry.html:734:1 (AtomEntry.Rd:473): Warning: <h5> anchor "Usage" already defined AtomEntry.html:740:1 (AtomEntry.Rd:477): Warning: <h5> anchor "Arguments" already defined AtomEntry.html:763:1 (AtomEntry.Rd:490): Warning: <h5> anchor "Usage" already defined AtomEntry.html:769:1 (AtomEntry.Rd:494): Warning: <h5> anchor "Arguments" already defined AtomFeed.html:174:1 (AtomFeed.Rd:196): Warning: <h3> anchor "Methods" already defined AtomFeed.html:318:1 (AtomFeed.Rd:273): Warning: <h5> anchor "Usage" already defined AtomFeed.html:324:1 (AtomFeed.Rd:277): Warning: <h5> anchor "Arguments" already defined AtomFeed.html:347:1 (AtomFeed.Rd:290): Warning: <h5> anchor "Usage" already defined AtomFeed.html:353:1 (AtomFeed.Rd:294): Warning: <h5> anchor "Arguments" already defined AtomFeed.html:376:1 (AtomFeed.Rd:307): Warning: <h5> anchor "Usage" already defined AtomFeed.html:382:1 (AtomFeed.Rd:311): Warning: <h5> anchor "Arguments" already defined AtomFeed.html:405:1 (AtomFeed.Rd:324): Warning: <h5> anchor "Usage" already defined AtomFeed.html:411:1 (AtomFeed.Rd:328): Warning: <h5> anchor "Arguments" already defined AtomFeed.html:445:1 (AtomFeed.Rd:348): Warning: <h5> anchor "Usage" already defined AtomFeed.html:451:1 (AtomFeed.Rd:352): Warning: <h5> anchor "Arguments" already defined AtomFeed.html:468:1 (AtomFeed.Rd:363): Warning: <h5> anchor "Returns" already defined AtomFeed.html:485:1 (AtomFeed.Rd:372): Warning: <h5> anchor "Usage" already defined AtomFeed.html:491:1 (AtomFeed.Rd:376): Warning: <h5> anchor "Arguments" already defined AtomFeed.html:504:1 (AtomFeed.Rd:383): Warning: <h5> anchor "Returns" already defined AtomFeed.html:521:1 (AtomFeed.Rd:392): Warning: <h5> anchor "Usage" already defined AtomFeed.html:527:1 (AtomFeed.Rd:396): Warning: <h5> anchor "Arguments" already defined AtomFeed.html:542:1 (AtomFeed.Rd:405): Warning: <h5> anchor "Returns" already defined AtomFeed.html:559:1 (AtomFeed.Rd:414): Warning: <h5> anchor "Usage" already defined AtomFeed.html:565:1 (AtomFeed.Rd:418): Warning: <h5> anchor "Arguments" already defined AtomFeed.html:590:1 (AtomFeed.Rd:433): Warning: <h5> anchor "Usage" already defined AtomFeed.html:596:1 (AtomFeed.Rd:437): Warning: <h5> anchor "Arguments" already defined AtomFeed.html:621:1 (AtomFeed.Rd:452): Warning: <h5> anchor "Usage" already defined AtomFeed.html:627:1 (AtomFeed.Rd:456): Warning: <h5> anchor "Arguments" already defined AtomFeed.html:652:1 (AtomFeed.Rd:471): Warning: <h5> anchor "Usage" already defined AtomFeed.html:658:1 (AtomFeed.Rd:475): Warning: <h5> anchor "Arguments" already defined AtomFeed.html:671:1 (AtomFeed.Rd:482): Warning: <h5> anchor "Returns" already defined AtomFeed.html:688:1 (AtomFeed.Rd:491): Warning: <h5> anchor "Usage" already defined AtomFeed.html:694:1 (AtomFeed.Rd:495): Warning: <h5> anchor "Arguments" already defined AtomFeed.html:707:1 (AtomFeed.Rd:502): Warning: <h5> anchor "Returns" already defined AtomFeed.html:724:1 (AtomFeed.Rd:511): Warning: <h5> anchor "Usage" already defined AtomFeed.html:730:1 (AtomFeed.Rd:515): Warning: <h5> anchor "Arguments" already defined AtomFeed.html:743:1 (AtomFeed.Rd:522): Warning: <h5> anchor "Returns" already defined AtomFeed.html:760:1 (AtomFeed.Rd:531): Warning: <h5> anchor "Usage" already defined AtomFeed.html:766:1 (AtomFeed.Rd:535): Warning: <h5> anchor "Arguments" already defined AtomFeed.html:779:1 (AtomFeed.Rd:542): Warning: <h5> anchor "Returns" already defined AtomFeed.html:796:1 (AtomFeed.Rd:551): Warning: <h5> anchor "Usage" already defined AtomFeed.html:802:1 (AtomFeed.Rd:555): Warning: <h5> anchor "Arguments" already defined AtomFeed.html:827:1 (AtomFeed.Rd:570): Warning: <h5> anchor "Usage" already defined AtomFeed.html:833:1 (AtomFeed.Rd:574): Warning: <h5> anchor "Arguments" already defined AtomFeed.html:856:1 (AtomFeed.Rd:587): Warning: <h5> anchor "Usage" already defined AtomFeed.html:862:1 (AtomFeed.Rd:591): Warning: <h5> anchor "Arguments" already defined AtomFeed.html:881:1 (AtomFeed.Rd:604): Warning: <h5> anchor "Returns" already defined AtomFeed.html:898:1 (AtomFeed.Rd:613): Warning: <h5> anchor "Usage" already defined AtomFeed.html:904:1 (AtomFeed.Rd:617): Warning: <h5> anchor "Arguments" already defined AtomFeed.html:923:1 (AtomFeed.Rd:630): Warning: <h5> anchor "Returns" already defined AtomFeed.html:940:1 (AtomFeed.Rd:639): Warning: <h5> anchor "Usage" already defined AtomFeed.html:946:1 (AtomFeed.Rd:643): Warning: <h5> anchor "Arguments" already defined AtomFeed.html:959:1 (AtomFeed.Rd:650): Warning: <h5> anchor "Returns" already defined AtomFeed.html:976:1 (AtomFeed.Rd:659): Warning: <h5> anchor "Usage" already defined AtomFeed.html:982:1 (AtomFeed.Rd:663): Warning: <h5> anchor "Arguments" already defined AtomFeed.html:995:1 (AtomFeed.Rd:670): Warning: <h5> anchor "Returns" already defined AtomFeed.html:1012:1 (AtomFeed.Rd:679): Warning: <h5> anchor "Usage" already defined AtomFeed.html:1018:1 (AtomFeed.Rd:683): Warning: <h5> anchor "Arguments" already defined AtomLink.html:185:1 (AtomLink.Rd:117): Warning: <h5> anchor "Usage" already defined AtomLink.html:191:1 (AtomLink.Rd:121): Warning: <h5> anchor "Arguments" already defined AtomLink.html:214:1 (AtomLink.Rd:134): Warning: <h5> anchor "Usage" already defined AtomLink.html:220:1 (AtomLink.Rd:138): Warning: <h5> anchor "Arguments" already defined AtomLink.html:243:1 (AtomLink.Rd:151): Warning: <h5> anchor "Usage" already defined AtomLink.html:249:1 (AtomLink.Rd:155): Warning: <h5> anchor "Arguments" already defined AtomLink.html:272:1 (AtomLink.Rd:168): Warning: <h5> anchor "Usage" already defined AtomLink.html:278:1 (AtomLink.Rd:172): Warning: <h5> anchor "Arguments" already defined AtomLink.html:301:1 (AtomLink.Rd:185): Warning: <h5> anchor "Usage" already defined AtomLink.html:307:1 (AtomLink.Rd:189): Warning: <h5> anchor "Arguments" already defined AtomLink.html:330:1 (AtomLink.Rd:202): Warning: <h5> anchor "Usage" already defined AtomLink.html:336:1 (AtomLink.Rd:206): Warning: <h5> anchor "Arguments" already defined AtomLink.html:359:1 (AtomLink.Rd:219): Warning: <h5> anchor "Usage" already defined AtomLink.html:365:1 (AtomLink.Rd:223): Warning: <h5> anchor "Arguments" already defined AtomNamespace.html:116:1 (AtomNamespace.Rd:68): Warning: <h5> anchor "Usage" already defined AtomNamespace.html:139:1 (AtomNamespace.Rd:81): Warning: <h5> anchor "Usage" already defined AtomNamespace.html:145:1 (AtomNamespace.Rd:85): Warning: <h5> anchor "Arguments" already defined AtomPerson.html:166:1 (AtomPerson.Rd:107): Warning: <h5> anchor "Usage" already defined AtomPerson.html:172:1 (AtomPerson.Rd:111): Warning: <h5> anchor "Arguments" already defined AtomPerson.html:195:1 (AtomPerson.Rd:124): Warning: <h5> anchor "Usage" already defined AtomPerson.html:201:1 (AtomPerson.Rd:128): Warning: <h5> anchor "Arguments" already defined AtomPerson.html:224:1 (AtomPerson.Rd:141): Warning: <h5> anchor "Usage" already defined AtomPerson.html:230:1 (AtomPerson.Rd:145): Warning: <h5> anchor "Arguments" already defined AtomPerson.html:253:1 (AtomPerson.Rd:158): Warning: <h5> anchor "Usage" already defined AtomPerson.html:259:1 (AtomPerson.Rd:162): Warning: <h5> anchor "Arguments" already defined AtomPubClient.html:106:1 (AtomPubClient.Rd:71): Warning: <h3> anchor "Methods" already defined AtomPubClient.html:215:1 (AtomPubClient.Rd:141): Warning: <h5> anchor "Usage" already defined AtomPubClient.html:238:1 (AtomPubClient.Rd:154): Warning: <h5> anchor "Usage" already defined AtomPubClient.html:244:1 (AtomPubClient.Rd:158): Warning: <h5> anchor "Returns" already defined AtomPubClient.html:261:1 (AtomPubClient.Rd:167): Warning: <h5> anchor "Usage" already defined AtomPubClient.html:267:1 (AtomPubClient.Rd:171): Warning: <h5> anchor "Returns" already defined AtomPubClient.html:284:1 (AtomPubClient.Rd:180): Warning: <h5> anchor "Usage" already defined AtomPubClient.html:290:1 (AtomPubClient.Rd:184): Warning: <h5> anchor "Arguments" already defined AtomPubClient.html:303:1 (AtomPubClient.Rd:191): Warning: <h5> anchor "Returns" already defined AtomPubClient.html:320:1 (AtomPubClient.Rd:200): Warning: <h5> anchor "Usage" already defined AtomPubClient.html:326:1 (AtomPubClient.Rd:204): Warning: <h5> anchor "Arguments" already defined AtomPubClient.html:339:1 (AtomPubClient.Rd:211): Warning: <h5> anchor "Returns" already defined AtomPubClient.html:356:1 (AtomPubClient.Rd:220): Warning: <h5> anchor "Usage" already defined AtomPubClient.html:372:1 (AtomPubClient.Rd:230): Warning: <h5> anchor "Usage" already defined AtomPubClient.html:378:1 (AtomPubClient.Rd:234): Warning: <h5> anchor "Arguments" already defined DCAbstract.html:131:1 (DCAbstract.Rd:84): Warning: <h5> anchor "Usage" already defined DCAbstract.html:137:1 (DCAbstract.Rd:88): Warning: <h5> anchor "Arguments" already defined DCAccessRights.html:131:1 (DCAccessRights.Rd:84): Warning: <h5> anchor "Usage" already defined DCAccessRights.html:137:1 (DCAccessRights.Rd:88): Warning: <h5> anchor "Arguments" already defined DCAccrualMethod.html:131:1 (DCAccrualMethod.Rd:84): Warning: <h5> anchor "Usage" already defined DCAccrualMethod.html:137:1 (DCAccrualMethod.Rd:88): Warning: <h5> anchor "Arguments" already defined DCAccrualPeriodicity.html:131:1 (DCAccrualPeriodicity.Rd:84): Warning: <h5> anchor "Usage" already defined DCAccrualPeriodicity.html:137:1 (DCAccrualPeriodicity.Rd:88): Warning: <h5> anchor "Arguments" already defined DCAccrualPolicy.html:131:1 (DCAccrualPolicy.Rd:84): Warning: <h5> anchor "Usage" already defined DCAccrualPolicy.html:137:1 (DCAccrualPolicy.Rd:88): Warning: <h5> anchor "Arguments" already defined DCAlternative.html:131:1 (DCAlternative.Rd:84): Warning: <h5> anchor "Usage" already defined DCAlternative.html:137:1 (DCAlternative.Rd:88): Warning: <h5> anchor "Arguments" already defined DCAudience.html:133:1 (DCAudience.Rd:86): Warning: <h5> anchor "Usage" already defined DCAudience.html:139:1 (DCAudience.Rd:90): Warning: <h5> anchor "Arguments" already defined DCAvailable.html:131:1 (DCAvailable.Rd:84): Warning: <h5> anchor "Usage" already defined DCAvailable.html:137:1 (DCAvailable.Rd:88): Warning: <h5> anchor "Arguments" already defined DCBibliographicCitation.html:131:1 (DCBibliographicCitation.Rd:84): Warning: <h5> anchor "Usage" already defined DCBibliographicCitation.html:137:1 (DCBibliographicCitation.Rd:88): Warning: <h5> anchor "Arguments" already defined DCConformsTo.html:131:1 (DCConformsTo.Rd:84): Warning: <h5> anchor "Usage" already defined DCConformsTo.html:137:1 (DCConformsTo.Rd:88): Warning: <h5> anchor "Arguments" already defined DCContributor.html:134:1 (DCContributor.Rd:87): Warning: <h5> anchor "Usage" already defined DCContributor.html:140:1 (DCContributor.Rd:91): Warning: <h5> anchor "Arguments" already defined DCCoverage.html:136:1 (DCCoverage.Rd:89): Warning: <h5> anchor "Usage" already defined DCCoverage.html:142:1 (DCCoverage.Rd:93): Warning: <h5> anchor "Arguments" already defined DCCreated.html:131:1 (DCCreated.Rd:84): Warning: <h5> anchor "Usage" already defined DCCreated.html:137:1 (DCCreated.Rd:88): Warning: <h5> anchor "Arguments" already defined DCCreator.html:134:1 (DCCreator.Rd:87): Warning: <h5> anchor "Usage" already defined DCCreator.html:140:1 (DCCreator.Rd:91): Warning: <h5> anchor "Arguments" already defined DCDate.html:136:1 (DCDate.Rd:89): Warning: <h5> anchor "Usage" already defined DCDate.html:142:1 (DCDate.Rd:93): Warning: <h5> anchor "Arguments" already defined DCDateAccepted.html:131:1 (DCDateAccepted.Rd:84): Warning: <h5> anchor "Usage" already defined DCDateAccepted.html:137:1 (DCDateAccepted.Rd:88): Warning: <h5> anchor "Arguments" already defined DCDateCopyrighted.html:131:1 (DCDateCopyrighted.Rd:84): Warning: <h5> anchor "Usage" already defined DCDateCopyrighted.html:137:1 (DCDateCopyrighted.Rd:88): Warning: <h5> anchor "Arguments" already defined DCDateSubmitted.html:131:1 (DCDateSubmitted.Rd:84): Warning: <h5> anchor "Usage" already defined DCDateSubmitted.html:137:1 (DCDateSubmitted.Rd:88): Warning: <h5> anchor "Arguments" already defined DCDescription.html:136:1 (DCDescription.Rd:89): Warning: <h5> anchor "Usage" already defined DCDescription.html:142:1 (DCDescription.Rd:93): Warning: <h5> anchor "Arguments" already defined DCEducationalLevel.html:131:1 (DCEducationalLevel.Rd:84): Warning: <h5> anchor "Usage" already defined DCEducationalLevel.html:137:1 (DCEducationalLevel.Rd:88): Warning: <h5> anchor "Arguments" already defined DCElement.html:161:1 (DCElement.Rd:109): Warning: <h5> anchor "Usage" already defined DCElement.html:167:1 (DCElement.Rd:113): Warning: <h5> anchor "Arguments" already defined DCEntry.html:745:1 (DCEntry.Rd:348): Warning: <h5> anchor "Usage" already defined DCEntry.html:751:1 (DCEntry.Rd:352): Warning: <h5> anchor "Arguments" already defined DCEntry.html:785:1 (DCEntry.Rd:372): Warning: <h5> anchor "Usage" already defined DCEntry.html:791:1 (DCEntry.Rd:376): Warning: <h5> anchor "Arguments" already defined DCEntry.html:806:1 (DCEntry.Rd:385): Warning: <h5> anchor "Returns" already defined DCEntry.html:823:1 (DCEntry.Rd:394): Warning: <h5> anchor "Usage" already defined DCEntry.html:829:1 (DCEntry.Rd:398): Warning: <h5> anchor "Arguments" already defined DCEntry.html:854:1 (DCEntry.Rd:413): Warning: <h5> anchor "Usage" already defined DCEntry.html:860:1 (DCEntry.Rd:417): Warning: <h5> anchor "Arguments" already defined DCEntry.html:873:1 (DCEntry.Rd:424): Warning: <h5> anchor "Returns" already defined DCEntry.html:890:1 (DCEntry.Rd:433): Warning: <h5> anchor "Usage" already defined DCEntry.html:896:1 (DCEntry.Rd:437): Warning: <h5> anchor "Arguments" already defined DCEntry.html:921:1 (DCEntry.Rd:452): Warning: <h5> anchor "Usage" already defined DCEntry.html:927:1 (DCEntry.Rd:456): Warning: <h5> anchor "Arguments" already defined DCEntry.html:940:1 (DCEntry.Rd:463): Warning: <h5> anchor "Returns" already defined DCEntry.html:957:1 (DCEntry.Rd:472): Warning: <h5> anchor "Usage" already defined DCEntry.html:963:1 (DCEntry.Rd:476): Warning: <h5> anchor "Arguments" already defined DCEntry.html:986:1 (DCEntry.Rd:489): Warning: <h5> anchor "Usage" already defined DCEntry.html:992:1 (DCEntry.Rd:493): Warning: <h5> anchor "Arguments" already defined DCEntry.html:1015:1 (DCEntry.Rd:506): Warning: <h5> anchor "Usage" already defined DCEntry.html:1021:1 (DCEntry.Rd:510): Warning: <h5> anchor "Returns" already defined DCEntry.html:1038:1 (DCEntry.Rd:519): Warning: <h5> anchor "Usage" already defined DCEntry.html:1044:1 (DCEntry.Rd:523): Warning: <h5> anchor "Arguments" already defined DCEntry.html:1057:1 (DCEntry.Rd:530): Warning: <h5> anchor "Returns" already defined DCEntry.html:1074:1 (DCEntry.Rd:539): Warning: <h5> anchor "Usage" already defined DCEntry.html:1080:1 (DCEntry.Rd:543): Warning: <h5> anchor "Arguments" already defined DCEntry.html:1103:1 (DCEntry.Rd:556): Warning: <h5> anchor "Usage" already defined DCEntry.html:1109:1 (DCEntry.Rd:560): Warning: <h5> anchor "Arguments" already defined DCEntry.html:1132:1 (DCEntry.Rd:573): Warning: <h5> anchor "Usage" already defined DCEntry.html:1138:1 (DCEntry.Rd:577): Warning: <h5> anchor "Returns" already defined DCEntry.html:1155:1 (DCEntry.Rd:586): Warning: <h5> anchor "Usage" already defined DCEntry.html:1161:1 (DCEntry.Rd:590): Warning: <h5> anchor "Arguments" already defined DCEntry.html:1174:1 (DCEntry.Rd:597): Warning: <h5> anchor "Returns" already defined DCEntry.html:1191:1 (DCEntry.Rd:606): Warning: <h5> anchor "Usage" already defined DCEntry.html:1197:1 (DCEntry.Rd:610): Warning: <h5> anchor "Arguments" already defined DCEntry.html:1210:1 (DCEntry.Rd:617): Warning: <h5> anchor "Returns" already defined DCEntry.html:1227:1 (DCEntry.Rd:626): Warning: <h5> anchor "Usage" already defined DCEntry.html:1233:1 (DCEntry.Rd:630): Warning: <h5> anchor "Arguments" already defined DCEntry.html:1256:1 (DCEntry.Rd:643): Warning: <h5> anchor "Usage" already defined DCEntry.html:1262:1 (DCEntry.Rd:647): Warning: <h5> anchor "Returns" already defined DCEntry.html:1279:1 (DCEntry.Rd:656): Warning: <h5> anchor "Usage" already defined DCEntry.html:1285:1 (DCEntry.Rd:660): Warning: <h5> anchor "Arguments" already defined DCEntry.html:1298:1 (DCEntry.Rd:667): Warning: <h5> anchor "Returns" already defined DCEntry.html:1315:1 (DCEntry.Rd:676): Warning: <h5> anchor "Usage" already defined DCEntry.html:1321:1 (DCEntry.Rd:680): Warning: <h5> anchor "Arguments" already defined DCEntry.html:1334:1 (DCEntry.Rd:687): Warning: <h5> anchor "Returns" already defined DCEntry.html:1351:1 (DCEntry.Rd:696): Warning: <h5> anchor "Usage" already defined DCEntry.html:1357:1 (DCEntry.Rd:700): Warning: <h5> anchor "Arguments" already defined DCEntry.html:1380:1 (DCEntry.Rd:713): Warning: <h5> anchor "Usage" already defined DCEntry.html:1386:1 (DCEntry.Rd:717): Warning: <h5> anchor "Returns" already defined DCEntry.html:1403:1 (DCEntry.Rd:726): Warning: <h5> anchor "Usage" already defined DCEntry.html:1409:1 (DCEntry.Rd:730): Warning: <h5> anchor "Arguments" already defined DCEntry.html:1422:1 (DCEntry.Rd:737): Warning: <h5> anchor "Returns" already defined DCEntry.html:1439:1 (DCEntry.Rd:746): Warning: <h5> anchor "Usage" already defined DCEntry.html:1445:1 (DCEntry.Rd:750): Warning: <h5> anchor "Arguments" already defined DCEntry.html:1458:1 (DCEntry.Rd:757): Warning: <h5> anchor "Returns" already defined DCEntry.html:1475:1 (DCEntry.Rd:766): Warning: <h5> anchor "Usage" already defined DCEntry.html:1481:1 (DCEntry.Rd:770): Warning: <h5> anchor "Arguments" already defined DCEntry.html:1504:1 (DCEntry.Rd:783): Warning: <h5> anchor "Usage" already defined DCEntry.html:1510:1 (DCEntry.Rd:787): Warning: <h5> anchor "Returns" already defined DCEntry.html:1527:1 (DCEntry.Rd:796): Warning: <h5> anchor "Usage" already defined DCEntry.html:1533:1 (DCEntry.Rd:800): Warning: <h5> anchor "Arguments" already defined DCEntry.html:1546:1 (DCEntry.Rd:807): Warning: <h5> anchor "Returns" already defined DCEntry.html:1563:1 (DCEntry.Rd:816): Warning: <h5> anchor "Usage" already defined DCEntry.html:1569:1 (DCEntry.Rd:820): Warning: <h5> anchor "Arguments" already defined DCEntry.html:1582:1 (DCEntry.Rd:827): Warning: <h5> anchor "Returns" already defined DCEntry.html:1599:1 (DCEntry.Rd:836): Warning: <h5> anchor "Usage" already defined DCEntry.html:1605:1 (DCEntry.Rd:840): Warning: <h5> anchor "Arguments" already defined DCEntry.html:1628:1 (DCEntry.Rd:853): Warning: <h5> anchor "Usage" already defined DCEntry.html:1634:1 (DCEntry.Rd:857): Warning: <h5> anchor "Returns" already defined DCEntry.html:1651:1 (DCEntry.Rd:866): Warning: <h5> anchor "Usage" already defined DCEntry.html:1657:1 (DCEntry.Rd:870): Warning: <h5> anchor "Arguments" already defined DCEntry.html:1670:1 (DCEntry.Rd:877): Warning: <h5> anchor "Returns" already defined DCEntry.html:1687:1 (DCEntry.Rd:886): Warning: <h5> anchor "Usage" already defined DCEntry.html:1693:1 (DCEntry.Rd:890): Warning: <h5> anchor "Arguments" already defined DCEntry.html:1706:1 (DCEntry.Rd:897): Warning: <h5> anchor "Returns" already defined DCEntry.html:1723:1 (DCEntry.Rd:906): Warning: <h5> anchor "Usage" already defined DCEntry.html:1729:1 (DCEntry.Rd:910): Warning: <h5> anchor "Arguments" already defined DCEntry.html:1752:1 (DCEntry.Rd:923): Warning: <h5> anchor "Usage" already defined DCEntry.html:1758:1 (DCEntry.Rd:927): Warning: <h5> anchor "Returns" already defined DCEntry.html:1775:1 (DCEntry.Rd:936): Warning: <h5> anchor "Usage" already defined DCEntry.html:1781:1 (DCEntry.Rd:940): Warning: <h5> anchor "Arguments" already defined DCEntry.html:1794:1 (DCEntry.Rd:947): Warning: <h5> anchor "Returns" already defined DCEntry.html:1811:1 (DCEntry.Rd:956): Warning: <h5> anchor "Usage" already defined DCEntry.html:1817:1 (DCEntry.Rd:960): Warning: <h5> anchor "Arguments" already defined DCEntry.html:1830:1 (DCEntry.Rd:967): Warning: <h5> anchor "Returns" already defined DCEntry.html:1847:1 (DCEntry.Rd:976): Warning: <h5> anchor "Usage" already defined DCEntry.html:1853:1 (DCEntry.Rd:980): Warning: <h5> anchor "Arguments" already defined DCEntry.html:1876:1 (DCEntry.Rd:993): Warning: <h5> anchor "Usage" already defined DCEntry.html:1882:1 (DCEntry.Rd:997): Warning: <h5> anchor "Returns" already defined DCEntry.html:1899:1 (DCEntry.Rd:1006): Warning: <h5> anchor "Usage" already defined DCEntry.html:1905:1 (DCEntry.Rd:1010): Warning: <h5> anchor "Arguments" already defined DCEntry.html:1918:1 (DCEntry.Rd:1017): Warning: <h5> anchor "Returns" already defined DCEntry.html:1935:1 (DCEntry.Rd:1026): Warning: <h5> anchor "Usage" already defined DCEntry.html:1941:1 (DCEntry.Rd:1030): Warning: <h5> anchor "Arguments" already defined DCEntry.html:1954:1 (DCEntry.Rd:1037): Warning: <h5> anchor "Returns" already defined DCEntry.html:1971:1 (DCEntry.Rd:1046): Warning: <h5> anchor "Usage" already defined DCEntry.html:1977:1 (DCEntry.Rd:1050): Warning: <h5> anchor "Arguments" already defined DCEntry.html:2000:1 (DCEntry.Rd:1063): Warning: <h5> anchor "Usage" already defined DCEntry.html:2006:1 (DCEntry.Rd:1067): Warning: <h5> anchor "Returns" already defined DCEntry.html:2023:1 (DCEntry.Rd:1076): Warning: <h5> anchor "Usage" already defined DCEntry.html:2029:1 (DCEntry.Rd:1080): Warning: <h5> anchor "Arguments" already defined DCEntry.html:2042:1 (DCEntry.Rd:1087): Warning: <h5> anchor "Returns" already defined DCEntry.html:2059:1 (DCEntry.Rd:1096): Warning: <h5> anchor "Usage" already defined DCEntry.html:2065:1 (DCEntry.Rd:1100): Warning: <h5> anchor "Arguments" already defined DCEntry.html:2078:1 (DCEntry.Rd:1107): Warning: <h5> anchor "Returns" already defined DCEntry.html:2095:1 (DCEntry.Rd:1116): Warning: <h5> anchor "Usage" already defined DCEntry.html:2101:1 (DCEntry.Rd:1120): Warning: <h5> anchor "Arguments" already defined DCEntry.html:2124:1 (DCEntry.Rd:1133): Warning: <h5> anchor "Usage" already defined DCEntry.html:2130:1 (DCEntry.Rd:1137): Warning: <h5> anchor "Returns" already defined DCEntry.html:2147:1 (DCEntry.Rd:1146): Warning: <h5> anchor "Usage" already defined DCEntry.html:2153:1 (DCEntry.Rd:1150): Warning: <h5> anchor "Arguments" already defined DCEntry.html:2166:1 (DCEntry.Rd:1157): Warning: <h5> anchor "Returns" already defined DCEntry.html:2183:1 (DCEntry.Rd:1166): Warning: <h5> anchor "Usage" already defined DCEntry.html:2189:1 (DCEntry.Rd:1170): Warning: <h5> anchor "Arguments" already defined DCEntry.html:2202:1 (DCEntry.Rd:1177): Warning: <h5> anchor "Returns" already defined DCEntry.html:2219:1 (DCEntry.Rd:1186): Warning: <h5> anchor "Usage" already defined DCEntry.html:2225:1 (DCEntry.Rd:1190): Warning: <h5> anchor "Arguments" already defined DCEntry.html:2248:1 (DCEntry.Rd:1203): Warning: <h5> anchor "Usage" already defined DCEntry.html:2254:1 (DCEntry.Rd:1207): Warning: <h5> anchor "Returns" already defined DCEntry.html:2271:1 (DCEntry.Rd:1216): Warning: <h5> anchor "Usage" already defined DCEntry.html:2277:1 (DCEntry.Rd:1220): Warning: <h5> anchor "Arguments" already defined DCEntry.html:2290:1 (DCEntry.Rd:1227): Warning: <h5> anchor "Returns" already defined DCEntry.html:2307:1 (DCEntry.Rd:1236): Warning: <h5> anchor "Usage" already defined DCEntry.html:2313:1 (DCEntry.Rd:1240): Warning: <h5> anchor "Arguments" already defined DCEntry.html:2326:1 (DCEntry.Rd:1247): Warning: <h5> anchor "Returns" already defined DCEntry.html:2343:1 (DCEntry.Rd:1256): Warning: <h5> anchor "Usage" already defined DCEntry.html:2349:1 (DCEntry.Rd:1260): Warning: <h5> anchor "Arguments" already defined DCEntry.html:2372:1 (DCEntry.Rd:1273): Warning: <h5> anchor "Usage" already defined DCEntry.html:2378:1 (DCEntry.Rd:1277): Warning: <h5> anchor "Returns" already defined DCEntry.html:2395:1 (DCEntry.Rd:1286): Warning: <h5> anchor "Usage" already defined DCEntry.html:2401:1 (DCEntry.Rd:1290): Warning: <h5> anchor "Arguments" already defined DCEntry.html:2414:1 (DCEntry.Rd:1297): Warning: <h5> anchor "Returns" already defined DCEntry.html:2431:1 (DCEntry.Rd:1306): Warning: <h5> anchor "Usage" already defined DCEntry.html:2437:1 (DCEntry.Rd:1310): Warning: <h5> anchor "Arguments" already defined DCEntry.html:2450:1 (DCEntry.Rd:1317): Warning: <h5> anchor "Returns" already defined DCEntry.html:2467:1 (DCEntry.Rd:1326): Warning: <h5> anchor "Usage" already defined DCEntry.html:2473:1 (DCEntry.Rd:1330): Warning: <h5> anchor "Arguments" already defined DCEntry.html:2486:1 (DCEntry.Rd:1337): Warning: <h5> anchor "Returns" already defined DCEntry.html:2503:1 (DCEntry.Rd:1346): Warning: <h5> anchor "Usage" already defined DCEntry.html:2509:1 (DCEntry.Rd:1350): Warning: <h5> anchor "Arguments" already defined DCEntry.html:2522:1 (DCEntry.Rd:1357): Warning: <h5> anchor "Returns" already defined DCEntry.html:2539:1 (DCEntry.Rd:1366): Warning: <h5> anchor "Usage" already defined DCEntry.html:2545:1 (DCEntry.Rd:1370): Warning: <h5> anchor "Arguments" already defined DCEntry.html:2568:1 (DCEntry.Rd:1383): Warning: <h5> anchor "Usage" already defined DCEntry.html:2574:1 (DCEntry.Rd:1387): Warning: <h5> anchor "Returns" already defined DCEntry.html:2591:1 (DCEntry.Rd:1396): Warning: <h5> anchor "Usage" already defined DCEntry.html:2597:1 (DCEntry.Rd:1400): Warning: <h5> anchor "Arguments" already defined DCEntry.html:2610:1 (DCEntry.Rd:1407): Warning: <h5> anchor "Returns" already defined DCEntry.html:2627:1 (DCEntry.Rd:1416): Warning: <h5> anchor "Usage" already defined DCEntry.html:2633:1 (DCEntry.Rd:1420): Warning: <h5> anchor "Arguments" already defined DCEntry.html:2646:1 (DCEntry.Rd:1427): Warning: <h5> anchor "Returns" already defined DCEntry.html:2663:1 (DCEntry.Rd:1436): Warning: <h5> anchor "Usage" already defined DCEntry.html:2669:1 (DCEntry.Rd:1440): Warning: <h5> anchor "Arguments" already defined DCEntry.html:2692:1 (DCEntry.Rd:1453): Warning: <h5> anchor "Usage" already defined DCEntry.html:2698:1 (DCEntry.Rd:1457): Warning: <h5> anchor "Returns" already defined DCEntry.html:2715:1 (DCEntry.Rd:1466): Warning: <h5> anchor "Usage" already defined DCEntry.html:2721:1 (DCEntry.Rd:1470): Warning: <h5> anchor "Arguments" already defined DCEntry.html:2734:1 (DCEntry.Rd:1477): Warning: <h5> anchor "Returns" already defined DCEntry.html:2751:1 (DCEntry.Rd:1486): Warning: <h5> anchor "Usage" already defined DCEntry.html:2757:1 (DCEntry.Rd:1490): Warning: <h5> anchor "Arguments" already defined DCEntry.html:2770:1 (DCEntry.Rd:1497): Warning: <h5> anchor "Returns" already defined DCEntry.html:2787:1 (DCEntry.Rd:1506): Warning: <h5> anchor "Usage" already defined DCEntry.html:2793:1 (DCEntry.Rd:1510): Warning: <h5> anchor "Arguments" already defined DCEntry.html:2806:1 (DCEntry.Rd:1517): Warning: <h5> anchor "Returns" already defined DCEntry.html:2823:1 (DCEntry.Rd:1526): Warning: <h5> anchor "Usage" already defined DCEntry.html:2829:1 (DCEntry.Rd:1530): Warning: <h5> anchor "Arguments" already defined DCEntry.html:2842:1 (DCEntry.Rd:1537): Warning: <h5> anchor "Returns" already defined DCEntry.html:2859:1 (DCEntry.Rd:1546): Warning: <h5> anchor "Usage" already defined DCEntry.html:2865:1 (DCEntry.Rd:1550): Warning: <h5> anchor "Arguments" already defined DCEntry.html:2878:1 (DCEntry.Rd:1557): Warning: <h5> anchor "Returns" already defined DCEntry.html:2895:1 (DCEntry.Rd:1566): Warning: <h5> anchor "Usage" already defined DCEntry.html:2901:1 (DCEntry.Rd:1570): Warning: <h5> anchor "Arguments" already defined DCEntry.html:2914:1 (DCEntry.Rd:1577): Warning: <h5> anchor "Returns" already defined DCEntry.html:2931:1 (DCEntry.Rd:1586): Warning: <h5> anchor "Usage" already defined DCEntry.html:2937:1 (DCEntry.Rd:1590): Warning: <h5> anchor "Arguments" already defined DCEntry.html:2950:1 (DCEntry.Rd:1597): Warning: <h5> anchor "Returns" already defined DCEntry.html:2967:1 (DCEntry.Rd:1606): Warning: <h5> anchor "Usage" already defined DCEntry.html:2973:1 (DCEntry.Rd:1610): Warning: <h5> anchor "Arguments" already defined DCEntry.html:2986:1 (DCEntry.Rd:1617): Warning: <h5> anchor "Returns" already defined DCEntry.html:3003:1 (DCEntry.Rd:1626): Warning: <h5> anchor "Usage" already defined DCEntry.html:3009:1 (DCEntry.Rd:1630): Warning: <h5> anchor "Arguments" already defined DCEntry.html:3032:1 (DCEntry.Rd:1643): Warning: <h5> anchor "Usage" already defined DCEntry.html:3038:1 (DCEntry.Rd:1647): Warning: <h5> anchor "Returns" already defined DCEntry.html:3055:1 (DCEntry.Rd:1656): Warning: <h5> anchor "Usage" already defined DCEntry.html:3061:1 (DCEntry.Rd:1660): Warning: <h5> anchor "Arguments" already defined DCEntry.html:3074:1 (DCEntry.Rd:1667): Warning: <h5> anchor "Returns" already defined DCEntry.html:3091:1 (DCEntry.Rd:1676): Warning: <h5> anchor "Usage" already defined DCEntry.html:3097:1 (DCEntry.Rd:1680): Warning: <h5> anchor "Arguments" already defined DCEntry.html:3110:1 (DCEntry.Rd:1687): Warning: <h5> anchor "Returns" already defined DCEntry.html:3127:1 (DCEntry.Rd:1696): Warning: <h5> anchor "Usage" already defined DCEntry.html:3133:1 (DCEntry.Rd:1700): Warning: <h5> anchor "Arguments" already defined DCEntry.html:3156:1 (DCEntry.Rd:1713): Warning: <h5> anchor "Usage" already defined DCEntry.html:3162:1 (DCEntry.Rd:1717): Warning: <h5> anchor "Returns" already defined DCEntry.html:3179:1 (DCEntry.Rd:1726): Warning: <h5> anchor "Usage" already defined DCEntry.html:3185:1 (DCEntry.Rd:1730): Warning: <h5> anchor "Arguments" already defined DCEntry.html:3198:1 (DCEntry.Rd:1737): Warning: <h5> anchor "Returns" already defined DCEntry.html:3215:1 (DCEntry.Rd:1746): Warning: <h5> anchor "Usage" already defined DCEntry.html:3221:1 (DCEntry.Rd:1750): Warning: <h5> anchor "Arguments" already defined DCEntry.html:3234:1 (DCEntry.Rd:1757): Warning: <h5> anchor "Returns" already defined DCEntry.html:3251:1 (DCEntry.Rd:1766): Warning: <h5> anchor "Usage" already defined DCEntry.html:3257:1 (DCEntry.Rd:1770): Warning: <h5> anchor "Arguments" already defined DCEntry.html:3280:1 (DCEntry.Rd:1783): Warning: <h5> anchor "Usage" already defined DCEntry.html:3286:1 (DCEntry.Rd:1787): Warning: <h5> anchor "Returns" already defined DCEntry.html:3303:1 (DCEntry.Rd:1796): Warning: <h5> anchor "Usage" already defined DCEntry.html:3309:1 (DCEntry.Rd:1800): Warning: <h5> anchor "Arguments" already defined DCEntry.html:3322:1 (DCEntry.Rd:1807): Warning: <h5> anchor "Returns" already defined DCEntry.html:3339:1 (DCEntry.Rd:1816): Warning: <h5> anchor "Usage" already defined DCEntry.html:3345:1 (DCEntry.Rd:1820): Warning: <h5> anchor "Arguments" already defined DCEntry.html:3358:1 (DCEntry.Rd:1827): Warning: <h5> anchor "Returns" already defined DCEntry.html:3375:1 (DCEntry.Rd:1836): Warning: <h5> anchor "Usage" already defined DCEntry.html:3381:1 (DCEntry.Rd:1840): Warning: <h5> anchor "Arguments" already defined DCEntry.html:3404:1 (DCEntry.Rd:1853): Warning: <h5> anchor "Usage" already defined DCEntry.html:3410:1 (DCEntry.Rd:1857): Warning: <h5> anchor "Returns" already defined DCEntry.html:3427:1 (DCEntry.Rd:1866): Warning: <h5> anchor "Usage" already defined DCEntry.html:3433:1 (DCEntry.Rd:1870): Warning: <h5> anchor "Arguments" already defined DCEntry.html:3446:1 (DCEntry.Rd:1877): Warning: <h5> anchor "Returns" already defined DCEntry.html:3463:1 (DCEntry.Rd:1886): Warning: <h5> anchor "Usage" already defined DCEntry.html:3469:1 (DCEntry.Rd:1890): Warning: <h5> anchor "Arguments" already defined DCEntry.html:3482:1 (DCEntry.Rd:1897): Warning: <h5> anchor "Returns" already defined DCEntry.html:3499:1 (DCEntry.Rd:1906): Warning: <h5> anchor "Usage" already defined DCEntry.html:3505:1 (DCEntry.Rd:1910): Warning: <h5> anchor "Arguments" already defined DCEntry.html:3528:1 (DCEntry.Rd:1923): Warning: <h5> anchor "Usage" already defined DCEntry.html:3534:1 (DCEntry.Rd:1927): Warning: <h5> anchor "Returns" already defined DCEntry.html:3551:1 (DCEntry.Rd:1936): Warning: <h5> anchor "Usage" already defined DCEntry.html:3557:1 (DCEntry.Rd:1940): Warning: <h5> anchor "Arguments" already defined DCEntry.html:3570:1 (DCEntry.Rd:1947): Warning: <h5> anchor "Returns" already defined DCEntry.html:3587:1 (DCEntry.Rd:1956): Warning: <h5> anchor "Usage" already defined DCEntry.html:3593:1 (DCEntry.Rd:1960): Warning: <h5> anchor "Arguments" already defined DCEntry.html:3606:1 (DCEntry.Rd:1967): Warning: <h5> anchor "Returns" already defined DCEntry.html:3623:1 (DCEntry.Rd:1976): Warning: <h5> anchor "Usage" already defined DCEntry.html:3629:1 (DCEntry.Rd:1980): Warning: <h5> anchor "Arguments" already defined DCEntry.html:3652:1 (DCEntry.Rd:1993): Warning: <h5> anchor "Usage" already defined DCEntry.html:3658:1 (DCEntry.Rd:1997): Warning: <h5> anchor "Returns" already defined DCEntry.html:3675:1 (DCEntry.Rd:2006): Warning: <h5> anchor "Usage" already defined DCEntry.html:3681:1 (DCEntry.Rd:2010): Warning: <h5> anchor "Arguments" already defined DCEntry.html:3694:1 (DCEntry.Rd:2017): Warning: <h5> anchor "Returns" already defined DCEntry.html:3711:1 (DCEntry.Rd:2026): Warning: <h5> anchor "Usage" already defined DCEntry.html:3717:1 (DCEntry.Rd:2030): Warning: <h5> anchor "Arguments" already defined DCEntry.html:3730:1 (DCEntry.Rd:2037): Warning: <h5> anchor "Returns" already defined DCEntry.html:3747:1 (DCEntry.Rd:2046): Warning: <h5> anchor "Usage" already defined DCEntry.html:3753:1 (DCEntry.Rd:2050): Warning: <h5> anchor "Arguments" already defined DCEntry.html:3776:1 (DCEntry.Rd:2063): Warning: <h5> anchor "Usage" already defined DCEntry.html:3782:1 (DCEntry.Rd:2067): Warning: <h5> anchor "Returns" already defined DCEntry.html:3799:1 (DCEntry.Rd:2076): Warning: <h5> anchor "Usage" already defined DCEntry.html:3805:1 (DCEntry.Rd:2080): Warning: <h5> anchor "Arguments" already defined DCEntry.html:3818:1 (DCEntry.Rd:2087): Warning: <h5> anchor "Returns" already defined DCEntry.html:3835:1 (DCEntry.Rd:2096): Warning: <h5> anchor "Usage" already defined DCEntry.html:3841:1 (DCEntry.Rd:2100): Warning: <h5> anchor "Arguments" already defined DCEntry.html:3854:1 (DCEntry.Rd:2107): Warning: <h5> anchor "Returns" already defined DCEntry.html:3871:1 (DCEntry.Rd:2116): Warning: <h5> anchor "Usage" already defined DCEntry.html:3877:1 (DCEntry.Rd:2120): Warning: <h5> anchor "Arguments" already defined DCEntry.html:3900:1 (DCEntry.Rd:2133): Warning: <h5> anchor "Usage" already defined DCEntry.html:3906:1 (DCEntry.Rd:2137): Warning: <h5> anchor "Returns" already defined DCEntry.html:3923:1 (DCEntry.Rd:2146): Warning: <h5> anchor "Usage" already defined DCEntry.html:3929:1 (DCEntry.Rd:2150): Warning: <h5> anchor "Arguments" already defined DCEntry.html:3942:1 (DCEntry.Rd:2157): Warning: <h5> anchor "Returns" already defined DCEntry.html:3959:1 (DCEntry.Rd:2166): Warning: <h5> anchor "Usage" already defined DCEntry.html:3965:1 (DCEntry.Rd:2170): Warning: <h5> anchor "Arguments" already defined DCEntry.html:3978:1 (DCEntry.Rd:2177): Warning: <h5> anchor "Returns" already defined DCEntry.html:3995:1 (DCEntry.Rd:2186): Warning: <h5> anchor "Usage" already defined DCEntry.html:4001:1 (DCEntry.Rd:2190): Warning: <h5> anchor "Arguments" already defined DCEntry.html:4024:1 (DCEntry.Rd:2203): Warning: <h5> anchor "Usage" already defined DCEntry.html:4030:1 (DCEntry.Rd:2207): Warning: <h5> anchor "Returns" already defined DCEntry.html:4047:1 (DCEntry.Rd:2216): Warning: <h5> anchor "Usage" already defined DCEntry.html:4053:1 (DCEntry.Rd:2220): Warning: <h5> anchor "Arguments" already defined DCEntry.html:4066:1 (DCEntry.Rd:2227): Warning: <h5> anchor "Returns" already defined DCEntry.html:4083:1 (DCEntry.Rd:2236): Warning: <h5> anchor "Usage" already defined DCEntry.html:4089:1 (DCEntry.Rd:2240): Warning: <h5> anchor "Arguments" already defined DCEntry.html:4102:1 (DCEntry.Rd:2247): Warning: <h5> anchor "Returns" already defined DCEntry.html:4119:1 (DCEntry.Rd:2256): Warning: <h5> anchor "Usage" already defined DCEntry.html:4125:1 (DCEntry.Rd:2260): Warning: <h5> anchor "Arguments" already defined DCEntry.html:4148:1 (DCEntry.Rd:2273): Warning: <h5> anchor "Usage" already defined DCEntry.html:4154:1 (DCEntry.Rd:2277): Warning: <h5> anchor "Returns" already defined DCEntry.html:4171:1 (DCEntry.Rd:2286): Warning: <h5> anchor "Usage" already defined DCEntry.html:4177:1 (DCEntry.Rd:2290): Warning: <h5> anchor "Arguments" already defined DCEntry.html:4190:1 (DCEntry.Rd:2297): Warning: <h5> anchor "Returns" already defined DCEntry.html:4207:1 (DCEntry.Rd:2306): Warning: <h5> anchor "Usage" already defined DCEntry.html:4213:1 (DCEntry.Rd:2310): Warning: <h5> anchor "Arguments" already defined DCEntry.html:4226:1 (DCEntry.Rd:2317): Warning: <h5> anchor "Returns" already defined DCEntry.html:4243:1 (DCEntry.Rd:2326): Warning: <h5> anchor "Usage" already defined DCEntry.html:4249:1 (DCEntry.Rd:2330): Warning: <h5> anchor "Arguments" already defined DCEntry.html:4272:1 (DCEntry.Rd:2343): Warning: <h5> anchor "Usage" already defined DCEntry.html:4278:1 (DCEntry.Rd:2347): Warning: <h5> anchor "Returns" already defined DCEntry.html:4295:1 (DCEntry.Rd:2356): Warning: <h5> anchor "Usage" already defined DCEntry.html:4301:1 (DCEntry.Rd:2360): Warning: <h5> anchor "Arguments" already defined DCEntry.html:4314:1 (DCEntry.Rd:2367): Warning: <h5> anchor "Returns" already defined DCEntry.html:4331:1 (DCEntry.Rd:2376): Warning: <h5> anchor "Usage" already defined DCEntry.html:4337:1 (DCEntry.Rd:2380): Warning: <h5> anchor "Arguments" already defined DCEntry.html:4350:1 (DCEntry.Rd:2387): Warning: <h5> anchor "Returns" already defined DCEntry.html:4367:1 (DCEntry.Rd:2396): Warning: <h5> anchor "Usage" already defined DCEntry.html:4373:1 (DCEntry.Rd:2400): Warning: <h5> anchor "Arguments" already defined DCEntry.html:4396:1 (DCEntry.Rd:2413): Warning: <h5> anchor "Usage" already defined DCEntry.html:4402:1 (DCEntry.Rd:2417): Warning: <h5> anchor "Returns" already defined DCEntry.html:4419:1 (DCEntry.Rd:2426): Warning: <h5> anchor "Usage" already defined DCEntry.html:4425:1 (DCEntry.Rd:2430): Warning: <h5> anchor "Arguments" already defined DCEntry.html:4438:1 (DCEntry.Rd:2437): Warning: <h5> anchor "Returns" already defined DCEntry.html:4455:1 (DCEntry.Rd:2446): Warning: <h5> anchor "Usage" already defined DCEntry.html:4461:1 (DCEntry.Rd:2450): Warning: <h5> anchor "Arguments" already defined DCEntry.html:4474:1 (DCEntry.Rd:2457): Warning: <h5> anchor "Returns" already defined DCEntry.html:4491:1 (DCEntry.Rd:2466): Warning: <h5> anchor "Usage" already defined DCEntry.html:4497:1 (DCEntry.Rd:2470): Warning: <h5> anchor "Arguments" already defined DCEntry.html:4520:1 (DCEntry.Rd:2483): Warning: <h5> anchor "Usage" already defined DCEntry.html:4526:1 (DCEntry.Rd:2487): Warning: <h5> anchor "Returns" already defined DCEntry.html:4543:1 (DCEntry.Rd:2496): Warning: <h5> anchor "Usage" already defined DCEntry.html:4549:1 (DCEntry.Rd:2500): Warning: <h5> anchor "Arguments" already defined DCEntry.html:4562:1 (DCEntry.Rd:2507): Warning: <h5> anchor "Returns" already defined DCEntry.html:4579:1 (DCEntry.Rd:2516): Warning: <h5> anchor "Usage" already defined DCEntry.html:4585:1 (DCEntry.Rd:2520): Warning: <h5> anchor "Arguments" already defined DCEntry.html:4598:1 (DCEntry.Rd:2527): Warning: <h5> anchor "Returns" already defined DCEntry.html:4615:1 (DCEntry.Rd:2536): Warning: <h5> anchor "Usage" already defined DCEntry.html:4621:1 (DCEntry.Rd:2540): Warning: <h5> anchor "Arguments" already defined DCEntry.html:4634:1 (DCEntry.Rd:2547): Warning: <h5> anchor "Returns" already defined DCEntry.html:4651:1 (DCEntry.Rd:2556): Warning: <h5> anchor "Usage" already defined DCEntry.html:4657:1 (DCEntry.Rd:2560): Warning: <h5> anchor "Arguments" already defined DCEntry.html:4670:1 (DCEntry.Rd:2567): Warning: <h5> anchor "Returns" already defined DCEntry.html:4687:1 (DCEntry.Rd:2576): Warning: <h5> anchor "Usage" already defined DCEntry.html:4693:1 (DCEntry.Rd:2580): Warning: <h5> anchor "Arguments" already defined DCEntry.html:4716:1 (DCEntry.Rd:2593): Warning: <h5> anchor "Usage" already defined DCEntry.html:4722:1 (DCEntry.Rd:2597): Warning: <h5> anchor "Returns" already defined DCEntry.html:4739:1 (DCEntry.Rd:2606): Warning: <h5> anchor "Usage" already defined DCEntry.html:4745:1 (DCEntry.Rd:2610): Warning: <h5> anchor "Arguments" already defined DCEntry.html:4758:1 (DCEntry.Rd:2617): Warning: <h5> anchor "Returns" already defined DCEntry.html:4775:1 (DCEntry.Rd:2626): Warning: <h5> anchor "Usage" already defined DCEntry.html:4781:1 (DCEntry.Rd:2630): Warning: <h5> anchor "Arguments" already defined DCEntry.html:4794:1 (DCEntry.Rd:2637): Warning: <h5> anchor "Returns" already defined DCEntry.html:4811:1 (DCEntry.Rd:2646): Warning: <h5> anchor "Usage" already defined DCEntry.html:4817:1 (DCEntry.Rd:2650): Warning: <h5> anchor "Arguments" already defined DCEntry.html:4840:1 (DCEntry.Rd:2663): Warning: <h5> anchor "Usage" already defined DCEntry.html:4846:1 (DCEntry.Rd:2667): Warning: <h5> anchor "Returns" already defined DCEntry.html:4863:1 (DCEntry.Rd:2676): Warning: <h5> anchor "Usage" already defined DCEntry.html:4869:1 (DCEntry.Rd:2680): Warning: <h5> anchor "Arguments" already defined DCEntry.html:4882:1 (DCEntry.Rd:2687): Warning: <h5> anchor "Returns" already defined DCEntry.html:4899:1 (DCEntry.Rd:2696): Warning: <h5> anchor "Usage" already defined DCEntry.html:4905:1 (DCEntry.Rd:2700): Warning: <h5> anchor "Arguments" already defined DCEntry.html:4918:1 (DCEntry.Rd:2707): Warning: <h5> anchor "Returns" already defined DCEntry.html:4935:1 (DCEntry.Rd:2716): Warning: <h5> anchor "Usage" already defined DCEntry.html:4941:1 (DCEntry.Rd:2720): Warning: <h5> anchor "Arguments" already defined DCEntry.html:4964:1 (DCEntry.Rd:2733): Warning: <h5> anchor "Usage" already defined DCEntry.html:4970:1 (DCEntry.Rd:2737): Warning: <h5> anchor "Returns" already defined DCEntry.html:4987:1 (DCEntry.Rd:2746): Warning: <h5> anchor "Usage" already defined DCEntry.html:4993:1 (DCEntry.Rd:2750): Warning: <h5> anchor "Arguments" already defined DCEntry.html:5006:1 (DCEntry.Rd:2757): Warning: <h5> anchor "Returns" already defined DCEntry.html:5023:1 (DCEntry.Rd:2766): Warning: <h5> anchor "Usage" already defined DCEntry.html:5029:1 (DCEntry.Rd:2770): Warning: <h5> anchor "Arguments" already defined DCEntry.html:5042:1 (DCEntry.Rd:2777): Warning: <h5> anchor "Returns" already defined DCEntry.html:5059:1 (DCEntry.Rd:2786): Warning: <h5> anchor "Usage" already defined DCEntry.html:5065:1 (DCEntry.Rd:2790): Warning: <h5> anchor "Arguments" already defined DCEntry.html:5088:1 (DCEntry.Rd:2803): Warning: <h5> anchor "Usage" already defined DCEntry.html:5094:1 (DCEntry.Rd:2807): Warning: <h5> anchor "Returns" already defined DCEntry.html:5111:1 (DCEntry.Rd:2816): Warning: <h5> anchor "Usage" already defined DCEntry.html:5117:1 (DCEntry.Rd:2820): Warning: <h5> anchor "Arguments" already defined DCEntry.html:5130:1 (DCEntry.Rd:2827): Warning: <h5> anchor "Returns" already defined DCEntry.html:5147:1 (DCEntry.Rd:2836): Warning: <h5> anchor "Usage" already defined DCEntry.html:5153:1 (DCEntry.Rd:2840): Warning: <h5> anchor "Arguments" already defined DCEntry.html:5166:1 (DCEntry.Rd:2847): Warning: <h5> anchor "Returns" already defined DCEntry.html:5183:1 (DCEntry.Rd:2856): Warning: <h5> anchor "Usage" already defined DCEntry.html:5189:1 (DCEntry.Rd:2860): Warning: <h5> anchor "Arguments" already defined DCEntry.html:5202:1 (DCEntry.Rd:2867): Warning: <h5> anchor "Returns" already defined DCEntry.html:5219:1 (DCEntry.Rd:2876): Warning: <h5> anchor "Usage" already defined DCEntry.html:5225:1 (DCEntry.Rd:2880): Warning: <h5> anchor "Arguments" already defined DCEntry.html:5238:1 (DCEntry.Rd:2887): Warning: <h5> anchor "Returns" already defined DCEntry.html:5255:1 (DCEntry.Rd:2896): Warning: <h5> anchor "Usage" already defined DCEntry.html:5261:1 (DCEntry.Rd:2900): Warning: <h5> anchor "Arguments" already defined DCEntry.html:5284:1 (DCEntry.Rd:2913): Warning: <h5> anchor "Usage" already defined DCEntry.html:5290:1 (DCEntry.Rd:2917): Warning: <h5> anchor "Returns" already defined DCEntry.html:5307:1 (DCEntry.Rd:2926): Warning: <h5> anchor "Usage" already defined DCEntry.html:5313:1 (DCEntry.Rd:2930): Warning: <h5> anchor "Arguments" already defined DCEntry.html:5326:1 (DCEntry.Rd:2937): Warning: <h5> anchor "Returns" already defined DCEntry.html:5343:1 (DCEntry.Rd:2946): Warning: <h5> anchor "Usage" already defined DCEntry.html:5349:1 (DCEntry.Rd:2950): Warning: <h5> anchor "Arguments" already defined DCEntry.html:5362:1 (DCEntry.Rd:2957): Warning: <h5> anchor "Returns" already defined DCEntry.html:5379:1 (DCEntry.Rd:2966): Warning: <h5> anchor "Usage" already defined DCEntry.html:5385:1 (DCEntry.Rd:2970): Warning: <h5> anchor "Arguments" already defined DCEntry.html:5408:1 (DCEntry.Rd:2983): Warning: <h5> anchor "Usage" already defined DCEntry.html:5414:1 (DCEntry.Rd:2987): Warning: <h5> anchor "Returns" already defined DCEntry.html:5431:1 (DCEntry.Rd:2996): Warning: <h5> anchor "Usage" already defined DCEntry.html:5437:1 (DCEntry.Rd:3000): Warning: <h5> anchor "Arguments" already defined DCEntry.html:5450:1 (DCEntry.Rd:3007): Warning: <h5> anchor "Returns" already defined DCEntry.html:5467:1 (DCEntry.Rd:3016): Warning: <h5> anchor "Usage" already defined DCEntry.html:5473:1 (DCEntry.Rd:3020): Warning: <h5> anchor "Arguments" already defined DCEntry.html:5486:1 (DCEntry.Rd:3027): Warning: <h5> anchor "Returns" already defined DCEntry.html:5503:1 (DCEntry.Rd:3036): Warning: <h5> anchor "Usage" already defined DCEntry.html:5509:1 (DCEntry.Rd:3040): Warning: <h5> anchor "Arguments" already defined DCEntry.html:5532:1 (DCEntry.Rd:3053): Warning: <h5> anchor "Usage" already defined DCEntry.html:5538:1 (DCEntry.Rd:3057): Warning: <h5> anchor "Returns" already defined DCEntry.html:5555:1 (DCEntry.Rd:3066): Warning: <h5> anchor "Usage" already defined DCEntry.html:5561:1 (DCEntry.Rd:3070): Warning: <h5> anchor "Arguments" already defined DCEntry.html:5574:1 (DCEntry.Rd:3077): Warning: <h5> anchor "Returns" already defined DCEntry.html:5591:1 (DCEntry.Rd:3086): Warning: <h5> anchor "Usage" already defined DCEntry.html:5597:1 (DCEntry.Rd:3090): Warning: <h5> anchor "Arguments" already defined DCEntry.html:5610:1 (DCEntry.Rd:3097): Warning: <h5> anchor "Returns" already defined DCEntry.html:5627:1 (DCEntry.Rd:3106): Warning: <h5> anchor "Usage" already defined DCEntry.html:5633:1 (DCEntry.Rd:3110): Warning: <h5> anchor "Arguments" already defined DCEntry.html:5656:1 (DCEntry.Rd:3123): Warning: <h5> anchor "Usage" already defined DCEntry.html:5662:1 (DCEntry.Rd:3127): Warning: <h5> anchor "Returns" already defined DCEntry.html:5679:1 (DCEntry.Rd:3136): Warning: <h5> anchor "Usage" already defined DCEntry.html:5685:1 (DCEntry.Rd:3140): Warning: <h5> anchor "Arguments" already defined DCEntry.html:5698:1 (DCEntry.Rd:3147): Warning: <h5> anchor "Returns" already defined DCEntry.html:5715:1 (DCEntry.Rd:3156): Warning: <h5> anchor "Usage" already defined DCEntry.html:5721:1 (DCEntry.Rd:3160): Warning: <h5> anchor "Arguments" already defined DCEntry.html:5734:1 (DCEntry.Rd:3167): Warning: <h5> anchor "Returns" already defined DCEntry.html:5751:1 (DCEntry.Rd:3176): Warning: <h5> anchor "Usage" already defined DCEntry.html:5757:1 (DCEntry.Rd:3180): Warning: <h5> anchor "Arguments" already defined DCEntry.html:5780:1 (DCEntry.Rd:3193): Warning: <h5> anchor "Usage" already defined DCEntry.html:5786:1 (DCEntry.Rd:3197): Warning: <h5> anchor "Returns" already defined DCEntry.html:5803:1 (DCEntry.Rd:3206): Warning: <h5> anchor "Usage" already defined DCEntry.html:5809:1 (DCEntry.Rd:3210): Warning: <h5> anchor "Arguments" already defined DCEntry.html:5822:1 (DCEntry.Rd:3217): Warning: <h5> anchor "Returns" already defined DCEntry.html:5839:1 (DCEntry.Rd:3226): Warning: <h5> anchor "Usage" already defined DCEntry.html:5845:1 (DCEntry.Rd:3230): Warning: <h5> anchor "Arguments" already defined DCEntry.html:5858:1 (DCEntry.Rd:3237): Warning: <h5> anchor "Returns" already defined DCEntry.html:5875:1 (DCEntry.Rd:3246): Warning: <h5> anchor "Usage" already defined DCEntry.html:5881:1 (DCEntry.Rd:3250): Warning: <h5> anchor "Arguments" already defined DCEntry.html:5904:1 (DCEntry.Rd:3263): Warning: <h5> anchor "Usage" already defined DCEntry.html:5910:1 (DCEntry.Rd:3267): Warning: <h5> anchor "Returns" already defined DCEntry.html:5927:1 (DCEntry.Rd:3276): Warning: <h5> anchor "Usage" already defined DCEntry.html:5933:1 (DCEntry.Rd:3280): Warning: <h5> anchor "Arguments" already defined DCEntry.html:5946:1 (DCEntry.Rd:3287): Warning: <h5> anchor "Returns" already defined DCEntry.html:5963:1 (DCEntry.Rd:3296): Warning: <h5> anchor "Usage" already defined DCEntry.html:5969:1 (DCEntry.Rd:3300): Warning: <h5> anchor "Arguments" already defined DCEntry.html:5982:1 (DCEntry.Rd:3307): Warning: <h5> anchor "Returns" already defined DCEntry.html:5999:1 (DCEntry.Rd:3316): Warning: <h5> anchor "Usage" already defined DCEntry.html:6005:1 (DCEntry.Rd:3320): Warning: <h5> anchor "Arguments" already defined DCEntry.html:6028:1 (DCEntry.Rd:3333): Warning: <h5> anchor "Usage" already defined DCEntry.html:6034:1 (DCEntry.Rd:3337): Warning: <h5> anchor "Returns" already defined DCEntry.html:6051:1 (DCEntry.Rd:3346): Warning: <h5> anchor "Usage" already defined DCEntry.html:6057:1 (DCEntry.Rd:3350): Warning: <h5> anchor "Arguments" already defined DCEntry.html:6070:1 (DCEntry.Rd:3357): Warning: <h5> anchor "Returns" already defined DCEntry.html:6087:1 (DCEntry.Rd:3366): Warning: <h5> anchor "Usage" already defined DCEntry.html:6093:1 (DCEntry.Rd:3370): Warning: <h5> anchor "Arguments" already defined DCEntry.html:6106:1 (DCEntry.Rd:3377): Warning: <h5> anchor "Returns" already defined DCEntry.html:6123:1 (DCEntry.Rd:3386): Warning: <h5> anchor "Usage" already defined DCEntry.html:6129:1 (DCEntry.Rd:3390): Warning: <h5> anchor "Arguments" already defined DCEntry.html:6152:1 (DCEntry.Rd:3403): Warning: <h5> anchor "Usage" already defined DCEntry.html:6158:1 (DCEntry.Rd:3407): Warning: <h5> anchor "Returns" already defined DCEntry.html:6175:1 (DCEntry.Rd:3416): Warning: <h5> anchor "Usage" already defined DCEntry.html:6181:1 (DCEntry.Rd:3420): Warning: <h5> anchor "Arguments" already defined DCEntry.html:6194:1 (DCEntry.Rd:3427): Warning: <h5> anchor "Returns" already defined DCEntry.html:6211:1 (DCEntry.Rd:3436): Warning: <h5> anchor "Usage" already defined DCEntry.html:6217:1 (DCEntry.Rd:3440): Warning: <h5> anchor "Arguments" already defined DCEntry.html:6230:1 (DCEntry.Rd:3447): Warning: <h5> anchor "Returns" already defined DCEntry.html:6247:1 (DCEntry.Rd:3456): Warning: <h5> anchor "Usage" already defined DCEntry.html:6253:1 (DCEntry.Rd:3460): Warning: <h5> anchor "Arguments" already defined DCEntry.html:6276:1 (DCEntry.Rd:3473): Warning: <h5> anchor "Usage" already defined DCEntry.html:6282:1 (DCEntry.Rd:3477): Warning: <h5> anchor "Returns" already defined DCEntry.html:6299:1 (DCEntry.Rd:3486): Warning: <h5> anchor "Usage" already defined DCEntry.html:6305:1 (DCEntry.Rd:3490): Warning: <h5> anchor "Arguments" already defined DCEntry.html:6318:1 (DCEntry.Rd:3497): Warning: <h5> anchor "Returns" already defined DCEntry.html:6335:1 (DCEntry.Rd:3506): Warning: <h5> anchor "Usage" already defined DCEntry.html:6341:1 (DCEntry.Rd:3510): Warning: <h5> anchor "Arguments" already defined DCEntry.html:6354:1 (DCEntry.Rd:3517): Warning: <h5> anchor "Returns" already defined DCEntry.html:6371:1 (DCEntry.Rd:3526): Warning: <h5> anchor "Usage" already defined DCEntry.html:6377:1 (DCEntry.Rd:3530): Warning: <h5> anchor "Arguments" already defined DCEntry.html:6400:1 (DCEntry.Rd:3543): Warning: <h5> anchor "Usage" already defined DCEntry.html:6406:1 (DCEntry.Rd:3547): Warning: <h5> anchor "Returns" already defined DCEntry.html:6423:1 (DCEntry.Rd:3556): Warning: <h5> anchor "Usage" already defined DCEntry.html:6429:1 (DCEntry.Rd:3560): Warning: <h5> anchor "Arguments" already defined DCEntry.html:6442:1 (DCEntry.Rd:3567): Warning: <h5> anchor "Returns" already defined DCEntry.html:6459:1 (DCEntry.Rd:3576): Warning: <h5> anchor "Usage" already defined DCEntry.html:6465:1 (DCEntry.Rd:3580): Warning: <h5> anchor "Arguments" already defined DCEntry.html:6478:1 (DCEntry.Rd:3587): Warning: <h5> anchor "Returns" already defined DCEntry.html:6495:1 (DCEntry.Rd:3596): Warning: <h5> anchor "Usage" already defined DCEntry.html:6501:1 (DCEntry.Rd:3600): Warning: <h5> anchor "Arguments" already defined DCEntry.html:6524:1 (DCEntry.Rd:3613): Warning: <h5> anchor "Usage" already defined DCEntry.html:6530:1 (DCEntry.Rd:3617): Warning: <h5> anchor "Returns" already defined DCEntry.html:6547:1 (DCEntry.Rd:3626): Warning: <h5> anchor "Usage" already defined DCEntry.html:6553:1 (DCEntry.Rd:3630): Warning: <h5> anchor "Arguments" already defined DCEntry.html:6566:1 (DCEntry.Rd:3637): Warning: <h5> anchor "Returns" already defined DCEntry.html:6583:1 (DCEntry.Rd:3646): Warning: <h5> anchor "Usage" already defined DCEntry.html:6589:1 (DCEntry.Rd:3650): Warning: <h5> anchor "Arguments" already defined DCEntry.html:6602:1 (DCEntry.Rd:3657): Warning: <h5> anchor "Returns" already defined DCEntry.html:6619:1 (DCEntry.Rd:3666): Warning: <h5> anchor "Usage" already defined DCEntry.html:6625:1 (DCEntry.Rd:3670): Warning: <h5> anchor "Arguments" already defined DCEntry.html:6648:1 (DCEntry.Rd:3683): Warning: <h5> anchor "Usage" already defined DCEntry.html:6654:1 (DCEntry.Rd:3687): Warning: <h5> anchor "Returns" already defined DCEntry.html:6671:1 (DCEntry.Rd:3696): Warning: <h5> anchor "Usage" already defined DCEntry.html:6677:1 (DCEntry.Rd:3700): Warning: <h5> anchor "Arguments" already defined DCEntry.html:6690:1 (DCEntry.Rd:3707): Warning: <h5> anchor "Returns" already defined DCEntry.html:6707:1 (DCEntry.Rd:3716): Warning: <h5> anchor "Usage" already defined DCEntry.html:6713:1 (DCEntry.Rd:3720): Warning: <h5> anchor "Arguments" already defined DCEntry.html:6726:1 (DCEntry.Rd:3727): Warning: <h5> anchor "Returns" already defined DCEntry.html:6743:1 (DCEntry.Rd:3736): Warning: <h5> anchor "Usage" already defined DCEntry.html:6749:1 (DCEntry.Rd:3740): Warning: <h5> anchor "Arguments" already defined DCEntry.html:6772:1 (DCEntry.Rd:3753): Warning: <h5> anchor "Usage" already defined DCEntry.html:6778:1 (DCEntry.Rd:3757): Warning: <h5> anchor "Returns" already defined DCEntry.html:6795:1 (DCEntry.Rd:3766): Warning: <h5> anchor "Usage" already defined DCEntry.html:6801:1 (DCEntry.Rd:3770): Warning: <h5> anchor "Arguments" already defined DCEntry.html:6814:1 (DCEntry.Rd:3777): Warning: <h5> anchor "Returns" already defined DCEntry.html:6831:1 (DCEntry.Rd:3786): Warning: <h5> anchor "Usage" already defined DCEntry.html:6837:1 (DCEntry.Rd:3790): Warning: <h5> anchor "Arguments" already defined DCEntry.html:6850:1 (DCEntry.Rd:3797): Warning: <h5> anchor "Returns" already defined DCEntry.html:6867:1 (DCEntry.Rd:3806): Warning: <h5> anchor "Usage" already defined DCEntry.html:6873:1 (DCEntry.Rd:3810): Warning: <h5> anchor "Arguments" already defined DCEntry.html:6896:1 (DCEntry.Rd:3823): Warning: <h5> anchor "Usage" already defined DCEntry.html:6902:1 (DCEntry.Rd:3827): Warning: <h5> anchor "Returns" already defined DCEntry.html:6919:1 (DCEntry.Rd:3836): Warning: <h5> anchor "Usage" already defined DCEntry.html:6925:1 (DCEntry.Rd:3840): Warning: <h5> anchor "Returns" already defined DCEntry.html:6942:1 (DCEntry.Rd:3849): Warning: <h5> anchor "Usage" already defined DCEntry.html:6948:1 (DCEntry.Rd:3853): Warning: <h5> anchor "Arguments" already defined DCExtent.html:131:1 (DCExtent.Rd:84): Warning: <h5> anchor "Usage" already defined DCExtent.html:137:1 (DCExtent.Rd:88): Warning: <h5> anchor "Arguments" already defined DCFormat.html:133:1 (DCFormat.Rd:86): Warning: <h5> anchor "Usage" already defined DCFormat.html:139:1 (DCFormat.Rd:90): Warning: <h5> anchor "Arguments" already defined DCHasPart.html:134:1 (DCHasPart.Rd:87): Warning: <h5> anchor "Usage" already defined DCHasPart.html:140:1 (DCHasPart.Rd:91): Warning: <h5> anchor "Arguments" already defined DCHasVersion.html:134:1 (DCHasVersion.Rd:87): Warning: <h5> anchor "Usage" already defined DCHasVersion.html:140:1 (DCHasVersion.Rd:91): Warning: <h5> anchor "Arguments" already defined DCIdentifier.html:136:1 (DCIdentifier.Rd:89): Warning: <h5> anchor "Usage" already defined DCIdentifier.html:142:1 (DCIdentifier.Rd:93): Warning: <h5> anchor "Arguments" already defined DCInstructionalMethod.html:131:1 (DCInstructionalMethod.Rd:84): Warning: <h5> anchor "Usage" already defined DCInstructionalMethod.html:137:1 (DCInstructionalMethod.Rd:88): Warning: <h5> anchor "Arguments" already defined DCIsPartOf.html:134:1 (DCIsPartOf.Rd:87): Warning: <h5> anchor "Usage" already defined DCIsPartOf.html:140:1 (DCIsPartOf.Rd:91): Warning: <h5> anchor "Arguments" already defined DCIsReferencedBy.html:134:1 (DCIsReferencedBy.Rd:87): Warning: <h5> anchor "Usage" already defined DCIsReferencedBy.html:140:1 (DCIsReferencedBy.Rd:91): Warning: <h5> anchor "Arguments" already defined DCIsReplacedBy.html:134:1 (DCIsReplacedBy.Rd:87): Warning: <h5> anchor "Usage" already defined DCIsReplacedBy.html:140:1 (DCIsReplacedBy.Rd:91): Warning: <h5> anchor "Arguments" already defined DCIsRequiredBy.html:134:1 (DCIsRequiredBy.Rd:87): Warning: <h5> anchor "Usage" already defined DCIsRequiredBy.html:140:1 (DCIsRequiredBy.Rd:91): Warning: <h5> anchor "Arguments" already defined DCIsVersionOf.html:134:1 (DCIsVersionOf.Rd:87): Warning: <h5> anchor "Usage" already defined DCIsVersionOf.html:140:1 (DCIsVersionOf.Rd:91): Warning: <h5> anchor "Arguments" already defined DCIssued.html:131:1 (DCIssued.Rd:84): Warning: <h5> anchor "Usage" already defined DCIssued.html:137:1 (DCIssued.Rd:88): Warning: <h5> anchor "Arguments" already defined DCLanguage.html:134:1 (DCLanguage.Rd:87): Warning: <h5> anchor "Usage" already defined DCLanguage.html:140:1 (DCLanguage.Rd:91): Warning: <h5> anchor "Arguments" already defined DCLicense.html:131:1 (DCLicense.Rd:84): Warning: <h5> anchor "Usage" already defined DCLicense.html:137:1 (DCLicense.Rd:88): Warning: <h5> anchor "Arguments" already defined DCMIVocabulary.html:129:1 (DCMIVocabulary.Rd:75): Warning: <h5> anchor "Usage" already defined DCMIVocabulary.html:145:1 (DCMIVocabulary.Rd:85): Warning: <h5> anchor "Usage" already defined DCMIVocabulary.html:151:1 (DCMIVocabulary.Rd:89): Warning: <h5> anchor "Arguments" already defined DCMediator.html:131:1 (DCMediator.Rd:84): Warning: <h5> anchor "Usage" already defined DCMediator.html:137:1 (DCMediator.Rd:88): Warning: <h5> anchor "Arguments" already defined DCMedium.html:131:1 (DCMedium.Rd:84): Warning: <h5> anchor "Usage" already defined DCMedium.html:137:1 (DCMedium.Rd:88): Warning: <h5> anchor "Arguments" already defined DCModified.html:131:1 (DCModified.Rd:84): Warning: <h5> anchor "Usage" already defined DCModified.html:137:1 (DCModified.Rd:88): Warning: <h5> anchor "Arguments" already defined DCProvenance.html:131:1 (DCProvenance.Rd:84): Warning: <h5> anchor "Usage" already defined DCProvenance.html:137:1 (DCProvenance.Rd:88): Warning: <h5> anchor "Arguments" already defined DCPublisher.html:134:1 (DCPublisher.Rd:87): Warning: <h5> anchor "Usage" already defined DCPublisher.html:140:1 (DCPublisher.Rd:91): Warning: <h5> anchor "Arguments" already defined DCReferences.html:131:1 (DCReferences.Rd:84): Warning: <h5> anchor "Usage" already defined DCReferences.html:137:1 (DCReferences.Rd:88): Warning: <h5> anchor "Arguments" already defined DCRelation.html:136:1 (DCRelation.Rd:89): Warning: <h5> anchor "Usage" already defined DCRelation.html:142:1 (DCRelation.Rd:93): Warning: <h5> anchor "Arguments" already defined DCReplaces.html:131:1 (DCReplaces.Rd:84): Warning: <h5> anchor "Usage" already defined DCReplaces.html:137:1 (DCReplaces.Rd:88): Warning: <h5> anchor "Arguments" already defined DCRequires.html:131:1 (DCRequires.Rd:84): Warning: <h5> anchor "Usage" already defined DCRequires.html:137:1 (DCRequires.Rd:88): Warning: <h5> anchor "Arguments" already defined DCRights.html:136:1 (DCRights.Rd:89): Warning: <h5> anchor "Usage" already defined DCRights.html:142:1 (DCRights.Rd:93): Warning: <h5> anchor "Arguments" already defined DCRightsHolder.html:131:1 (DCRightsHolder.Rd:84): Warning: <h5> anchor "Usage" already defined DCRightsHolder.html:137:1 (DCRightsHolder.Rd:88): Warning: <h5> anchor "Arguments" already defined DCSource.html:134:1 (DCSource.Rd:87): Warning: <h5> anchor "Usage" already defined DCSource.html:140:1 (DCSource.Rd:91): Warning: <h5> anchor "Arguments" already defined DCSpatial.html:131:1 (DCSpatial.Rd:84): Warning: <h5> anchor "Usage" already defined DCSpatial.html:137:1 (DCSpatial.Rd:88): Warning: <h5> anchor "Arguments" already defined DCSubject.html:134:1 (DCSubject.Rd:87): Warning: <h5> anchor "Usage" already defined DCSubject.html:140:1 (DCSubject.Rd:91): Warning: <h5> anchor "Arguments" already defined DCTableOfContents.html:131:1 (DCTableOfContents.Rd:84): Warning: <h5> anchor "Usage" already defined DCTableOfContents.html:137:1 (DCTableOfContents.Rd:88): Warning: <h5> anchor "Arguments" already defined DCTemporal.html:131:1 (DCTemporal.Rd:84): Warning: <h5> anchor "Usage" already defined DCTemporal.html:137:1 (DCTemporal.Rd:88): Warning: <h5> anchor "Arguments" already defined DCTitle.html:136:1 (DCTitle.Rd:89): Warning: <h5> anchor "Usage" already defined DCTitle.html:142:1 (DCTitle.Rd:93): Warning: <h5> anchor "Arguments" already defined DCType.html:134:1 (DCType.Rd:87): Warning: <h5> anchor "Usage" already defined DCType.html:140:1 (DCType.Rd:91): Warning: <h5> anchor "Arguments" already defined DCValid.html:131:1 (DCValid.Rd:84): Warning: <h5> anchor "Usage" already defined DCValid.html:137:1 (DCValid.Rd:88): Warning: <h5> anchor "Arguments" already defined SwordClient.html:155:1 (SwordClient.Rd:104): Warning: <h5> anchor "Usage" already defined SwordClient.html:161:1 (SwordClient.Rd:108): Warning: <h5> anchor "Arguments" already defined SwordClient.html:191:1 (SwordClient.Rd:124): Warning: <h5> anchor "Usage" already defined SwordClient.html:207:1 (SwordClient.Rd:134): Warning: <h5> anchor "Usage" already defined SwordClient.html:213:1 (SwordClient.Rd:138): Warning: <h5> anchor "Arguments" already defined SwordDataverseClient.html:176:1 (SwordDataverseClient.Rd:117): Warning: <h5> anchor "Usage" already defined SwordDataverseClient.html:182:1 (SwordDataverseClient.Rd:121): Warning: <h5> anchor "Arguments" already defined SwordDataverseClient.html:212:1 (SwordDataverseClient.Rd:137): Warning: <h5> anchor "Usage" already defined SwordDataverseClient.html:218:1 (SwordDataverseClient.Rd:141): Warning: <h5> anchor "Arguments" already defined SwordDataverseClient.html:231:1 (SwordDataverseClient.Rd:148): Warning: <h5> anchor "Returns" already defined SwordDataverseClient.html:248:1 (SwordDataverseClient.Rd:157): Warning: <h5> anchor "Usage" already defined SwordDataverseClient.html:254:1 (SwordDataverseClient.Rd:161): Warning: <h5> anchor "Arguments" already defined SwordDataverseClient.html:267:1 (SwordDataverseClient.Rd:168): Warning: <h5> anchor "Returns" already defined SwordDataverseClient.html:284:1 (SwordDataverseClient.Rd:177): Warning: <h5> anchor "Usage" already defined SwordDataverseClient.html:290:1 (SwordDataverseClient.Rd:181): Warning: <h5> anchor "Arguments" already defined SwordDataverseClient.html:303:1 (SwordDataverseClient.Rd:188): Warning: <h5> anchor "Returns" already defined SwordDataverseClient.html:320:1 (SwordDataverseClient.Rd:197): Warning: <h5> anchor "Usage" already defined SwordDataverseClient.html:326:1 (SwordDataverseClient.Rd:201): Warning: <h5> anchor "Arguments" already defined SwordDataverseClient.html:339:1 (SwordDataverseClient.Rd:208): Warning: <h5> anchor "Returns" already defined SwordDataverseClient.html:356:1 (SwordDataverseClient.Rd:217): Warning: <h5> anchor "Usage" already defined SwordDataverseClient.html:362:1 (SwordDataverseClient.Rd:221): Warning: <h5> anchor "Arguments" already defined SwordDataverseClient.html:375:1 (SwordDataverseClient.Rd:228): Warning: <h5> anchor "Returns" already defined SwordDataverseClient.html:392:1 (SwordDataverseClient.Rd:237): Warning: <h5> anchor "Usage" already defined SwordDataverseClient.html:398:1 (SwordDataverseClient.Rd:241): Warning: <h5> anchor "Arguments" already defined SwordDataverseClient.html:425:1 (SwordDataverseClient.Rd:258): Warning: <h5> anchor "Usage" already defined SwordDataverseClient.html:431:1 (SwordDataverseClient.Rd:262): Warning: <h5> anchor "Arguments" already defined SwordDataverseClient.html:460:1 (SwordDataverseClient.Rd:281): Warning: <h5> anchor "Usage" already defined SwordDataverseClient.html:466:1 (SwordDataverseClient.Rd:285): Warning: <h5> anchor "Arguments" already defined SwordDataverseClient.html:479:1 (SwordDataverseClient.Rd:292): Warning: <h5> anchor "Returns" already defined SwordDataverseClient.html:496:1 (SwordDataverseClient.Rd:301): Warning: <h5> anchor "Usage" already defined SwordDataverseClient.html:502:1 (SwordDataverseClient.Rd:305): Warning: <h5> anchor "Arguments" already defined SwordDataverseClient.html:515:1 (SwordDataverseClient.Rd:312): Warning: <h5> anchor "Returns" already defined SwordDataverseClient.html:532:1 (SwordDataverseClient.Rd:321): Warning: <h5> anchor "Usage" already defined SwordDataverseClient.html:538:1 (SwordDataverseClient.Rd:325): Warning: <h5> anchor "Arguments" already defined SwordDataverseClient.html:563:1 (SwordDataverseClient.Rd:340): Warning: <h5> anchor "Usage" already defined SwordDataverseClient.html:569:1 (SwordDataverseClient.Rd:344): Warning: <h5> anchor "Arguments" already defined SwordDataverseClient.html:584:1 (SwordDataverseClient.Rd:353): Warning: <h5> anchor "Returns" already defined SwordDataverseClient.html:601:1 (SwordDataverseClient.Rd:362): Warning: <h5> anchor "Usage" already defined SwordDataverseClient.html:607:1 (SwordDataverseClient.Rd:366): Warning: <h5> anchor "Arguments" already defined SwordHalClient.html:150:1 (SwordHalClient.Rd:99): Warning: <h5> anchor "Usage" already defined SwordHalClient.html:156:1 (SwordHalClient.Rd:103): Warning: <h5> anchor "Arguments" already defined SwordHalClient.html:186:1 (SwordHalClient.Rd:119): Warning: <h5> anchor "Usage" already defined SwordHalClient.html:192:1 (SwordHalClient.Rd:123): Warning: <h5> anchor "Arguments" already defined SwordHalClient.html:205:1 (SwordHalClient.Rd:130): Warning: <h5> anchor "Returns" already defined SwordHalClient.html:222:1 (SwordHalClient.Rd:139): Warning: <h5> anchor "Usage" already defined SwordHalClient.html:228:1 (SwordHalClient.Rd:143): Warning: <h5> anchor "Arguments" already defined SwordServiceDocument.html:141:1 (SwordServiceDocument.Rd:84): Warning: <h5> anchor "Usage" already defined SwordServiceDocument.html:164:1 (SwordServiceDocument.Rd:97): Warning: <h5> anchor "Usage" already defined SwordServiceDocument.html:170:1 (SwordServiceDocument.Rd:101): Warning: <h5> anchor "Returns" already defined SwordServiceDocument.html:187:1 (SwordServiceDocument.Rd:110): Warning: <h5> anchor "Usage" already defined SwordServiceDocument.html:193:1 (SwordServiceDocument.Rd:114): Warning: <h5> anchor "Arguments" already defined atom4RLogger.html:133:1 (atom4RLogger.Rd:70): Warning: <h5> anchor "Usage" already defined atom4RLogger.html:139:1 (atom4RLogger.Rd:74): Warning: <h5> anchor "Arguments" already defined atom4RLogger.html:162:1 (atom4RLogger.Rd:87): Warning: <h5> anchor "Usage" already defined atom4RLogger.html:168:1 (atom4RLogger.Rd:91): Warning: <h5> anchor "Arguments" already defined atom4RLogger.html:191:1 (atom4RLogger.Rd:104): Warning: <h5> anchor "Usage" already defined atom4RLogger.html:197:1 (atom4RLogger.Rd:108): Warning: <h5> anchor "Arguments" already defined atom4RLogger.html:220:1 (atom4RLogger.Rd:121): Warning: <h5> anchor "Usage" already defined atom4RLogger.html:226:1 (atom4RLogger.Rd:125): Warning: <h5> anchor "Arguments" already defined atom4RLogger.html:249:1 (atom4RLogger.Rd:138): Warning: <h5> anchor "Usage" already defined atom4RLogger.html:272:1 (atom4RLogger.Rd:151): Warning: <h5> anchor "Usage" already defined atom4RLogger.html:278:1 (atom4RLogger.Rd:155): Warning: <h5> anchor "Returns" already defined atom4RLogger.html:295:1 (atom4RLogger.Rd:164): Warning: <h5> anchor "Usage" already defined atom4RLogger.html:301:1 (atom4RLogger.Rd:168): Warning: <h5> anchor "Arguments" already defined Flavor: r-devel-linux-x86_64-debian-gcc