CRAN Package Check Results for Package arcgisutils

Last updated on 2025-06-14 08:49:24 CEST.

Flavor Version Tinstall Tcheck Ttotal Status Flags
r-devel-linux-x86_64-debian-clang 0.3.3 108.62 34.94 143.56 OK
r-devel-linux-x86_64-debian-gcc 0.3.3 90.83 26.32 117.15 OK
r-devel-linux-x86_64-fedora-clang 0.3.3 224.32 OK
r-devel-linux-x86_64-fedora-gcc 0.3.3 220.87 OK
r-devel-windows-x86_64 0.3.3 131.00 64.00 195.00 OK
r-patched-linux-x86_64 0.3.3 109.48 31.50 140.98 OK
r-release-linux-x86_64 0.3.3 111.42 31.58 143.00 OK
r-release-macos-arm64 0.3.3 65.00 OK
r-release-macos-x86_64 0.3.3 145.00 OK
r-release-windows-x86_64 0.3.3 134.00 92.00 226.00 OK
r-oldrel-macos-arm64 0.3.3 66.00 NOTE
r-oldrel-macos-x86_64 0.3.3 147.00 NOTE
r-oldrel-windows-x86_64 0.3.3 148.00 76.00 224.00 NOTE

Check Details

Version: 0.3.3
Check: package dependencies
Result: NOTE Package suggested but not available for checking: ‘arcgisbinding’ Flavors: r-oldrel-macos-arm64, r-oldrel-macos-x86_64, r-oldrel-windows-x86_64