Last updated on 2024-07-27 03:49:23 CEST.
Flavor | Version | Tinstall | Tcheck | Ttotal | Status | Flags |
---|---|---|---|---|---|---|
r-devel-linux-x86_64-debian-clang | 0.3.0 | 10.36 | 113.78 | 124.14 | OK | |
r-devel-linux-x86_64-debian-gcc | 0.3.0 | 6.80 | 104.63 | 111.43 | OK | |
r-devel-linux-x86_64-fedora-clang | 0.3.0 | 190.47 | NOTE | |||
r-devel-linux-x86_64-fedora-gcc | 0.3.0 | 187.08 | NOTE | |||
r-devel-windows-x86_64 | 0.3.0 | 11.00 | 85.00 | 96.00 | NOTE | |
r-patched-linux-x86_64 | 0.3.0 | NOTE | ||||
r-release-linux-x86_64 | 0.3.0 | 5.81 | 129.95 | 135.76 | OK | |
r-release-macos-arm64 | 0.3.0 | 44.00 | NOTE | |||
r-release-macos-x86_64 | 0.3.0 | 119.00 | OK | |||
r-release-windows-x86_64 | 0.3.0 | 9.00 | 85.00 | 94.00 | NOTE | |
r-oldrel-macos-arm64 | 0.3.0 | 45.00 | NOTE | |||
r-oldrel-macos-x86_64 | 0.3.0 | 100.00 | NOTE | |||
r-oldrel-windows-x86_64 | 0.3.0 | 12.00 | 98.00 | 110.00 | NOTE |
Version: 0.3.0
Check: dependencies in R code
Result: NOTE
Namespaces in Imports field not imported from:
‘magrittr’ ‘tidyverse’
All declared Imports should be used.
Flavors: r-devel-linux-x86_64-fedora-clang, r-devel-linux-x86_64-fedora-gcc
Version: 0.3.0
Check: package dependencies
Result: NOTE
Package suggested but not available for checking: 'metaboliteIDmapping'
Flavors: r-devel-windows-x86_64, r-patched-linux-x86_64, r-release-macos-arm64, r-release-windows-x86_64, r-oldrel-macos-arm64, r-oldrel-macos-x86_64, r-oldrel-windows-x86_64