Last updated on 2025-10-24 04:50:45 CEST.
| Flavor | Version | Tinstall | Tcheck | Ttotal | Status | Flags |
|---|---|---|---|---|---|---|
| r-devel-linux-x86_64-debian-clang | 0.3.0 | 9.55 | 128.64 | 138.19 | NOTE | |
| r-devel-linux-x86_64-debian-gcc | 0.3.0 | 7.29 | 98.67 | 105.96 | NOTE | |
| r-devel-linux-x86_64-fedora-clang | 0.3.0 | 22.00 | 176.48 | 198.48 | NOTE | |
| r-devel-linux-x86_64-fedora-gcc | 0.3.0 | 20.00 | 194.19 | 214.19 | NOTE | |
| r-devel-windows-x86_64 | 0.3.0 | 12.00 | 99.00 | 111.00 | OK | |
| r-patched-linux-x86_64 | 0.3.0 | 8.81 | 123.09 | 131.90 | OK | |
| r-release-linux-x86_64 | 0.3.0 | 9.05 | 123.44 | 132.49 | OK | |
| r-release-macos-arm64 | 0.3.0 | 4.00 | 40.00 | 44.00 | OK | |
| r-release-macos-x86_64 | 0.3.0 | 8.00 | 78.00 | 86.00 | OK | |
| r-release-windows-x86_64 | 0.3.0 | 13.00 | 98.00 | 111.00 | OK | |
| r-oldrel-macos-arm64 | 0.3.0 | 4.00 | 40.00 | 44.00 | NOTE | |
| r-oldrel-macos-x86_64 | 0.3.0 | 5.00 | 114.00 | 119.00 | OK | |
| r-oldrel-windows-x86_64 | 0.3.0 | 16.00 | 128.00 | 144.00 | NOTE |
Version: 0.3.0
Check: dependencies in R code
Result: NOTE
Flavors: r-devel-linux-x86_64-debian-clang, r-devel-linux-x86_64-debian-gcc
Version: 0.3.0
Check: dependencies in R code
Result: NOTE
Namespaces in Imports field not imported from:
‘magrittr’ ‘tidyverse’
All declared Imports should be used.
Flavor: r-devel-linux-x86_64-fedora-clang
Version: 0.3.0
Check: dependencies in R code
Result: NOTE
Namespaces in Imports field not imported from:
‘magrittr’ ‘tidyverse’
All declared Imports should be used.
Flavor: r-devel-linux-x86_64-fedora-gcc
Version: 0.3.0
Check: package dependencies
Result: NOTE
Package suggested but not available for checking: ‘metaboliteIDmapping’
Flavors: r-oldrel-macos-arm64, r-oldrel-windows-x86_64