Last updated on 2025-10-21 04:50:07 CEST.
Flavor | Version | Tinstall | Tcheck | Ttotal | Status | Flags |
---|---|---|---|---|---|---|
r-devel-linux-x86_64-debian-clang | 0.2.4 | 4.35 | 43.27 | 47.62 | OK | |
r-devel-linux-x86_64-debian-gcc | 0.2.4 | 2.60 | 31.48 | 34.08 | NOTE | |
r-devel-linux-x86_64-fedora-clang | 0.2.4 | 68.69 | OK | |||
r-devel-linux-x86_64-fedora-gcc | 0.2.4 | 64.67 | OK | |||
r-devel-windows-x86_64 | 0.2.4 | 6.00 | 57.00 | 63.00 | OK | |
r-patched-linux-x86_64 | 0.2.4 | 4.13 | 39.46 | 43.59 | OK | |
r-release-linux-x86_64 | 0.2.4 | 3.49 | 39.14 | 42.63 | OK | |
r-release-macos-arm64 | 0.2.4 | 27.00 | OK | |||
r-release-macos-x86_64 | 0.2.4 | 50.00 | OK | |||
r-release-windows-x86_64 | 0.2.4 | 6.00 | 58.00 | 64.00 | OK | |
r-oldrel-macos-arm64 | 0.2.4 | 29.00 | OK | |||
r-oldrel-macos-x86_64 | 0.2.4 | 47.00 | OK | |||
r-oldrel-windows-x86_64 | 0.2.4 | 8.00 | 72.00 | 80.00 | OK |
Version: 0.2.4
Check: HTML version of manual
Result: NOTE
Found the following HTML validation problems:
lint_package_with_style.html:55:1 (lint_package_with_style.Rd:14): Warning: missing </ul> before </div>
Flavor: r-devel-linux-x86_64-debian-gcc