Last updated on 2024-07-27 03:49:46 CEST.
Flavor | Version | Tinstall | Tcheck | Ttotal | Status | Flags |
---|---|---|---|---|---|---|
r-devel-linux-x86_64-debian-clang | 5.0.2 | 157.16 | 123.99 | 281.15 | OK | |
r-devel-linux-x86_64-debian-gcc | 5.0.2 | 118.06 | 90.21 | 208.27 | OK | |
r-devel-linux-x86_64-fedora-clang | 5.0.4 | 349.28 | OK | |||
r-devel-linux-x86_64-fedora-gcc | 5.0.4 | 414.25 | OK | |||
r-devel-windows-x86_64 | 5.0.4 | 109.00 | 145.00 | 254.00 | OK | |
r-patched-linux-x86_64 | 5.0.2 | OK | ||||
r-release-linux-x86_64 | 5.0.2 | 106.13 | 121.45 | 227.58 | OK | |
r-release-macos-arm64 | 5.0.4 | 86.00 | NOTE | |||
r-release-macos-x86_64 | 5.0.4 | 261.00 | NOTE | |||
r-release-windows-x86_64 | 5.0.4 | 114.00 | 153.00 | 267.00 | OK | |
r-oldrel-macos-arm64 | 5.0.4 | 90.00 | NOTE | |||
r-oldrel-macos-x86_64 | 5.0.4 | 209.00 | NOTE | |||
r-oldrel-windows-x86_64 | 5.0.2 | 148.00 | 179.00 | 327.00 | OK |
Version: 5.0.4
Check: installed package size
Result: NOTE
installed size is 22.2Mb
sub-directories of 1Mb or more:
libs 21.8Mb
Flavors: r-release-macos-arm64, r-release-macos-x86_64, r-oldrel-macos-arm64, r-oldrel-macos-x86_64