Last updated on 2024-07-27 03:49:45 CEST.
Flavor | Version | Tinstall | Tcheck | Ttotal | Status | Flags |
---|---|---|---|---|---|---|
r-devel-linux-x86_64-debian-clang | 0.1.0 | 14.85 | 123.12 | 137.97 | OK | |
r-devel-linux-x86_64-debian-gcc | 0.1.0 | 10.95 | 90.84 | 101.79 | OK | |
r-devel-linux-x86_64-fedora-clang | 0.1.0 | 174.28 | NOTE | |||
r-devel-linux-x86_64-fedora-gcc | 0.1.0 | 158.70 | NOTE | |||
r-devel-windows-x86_64 | 0.1.0 | 14.00 | 245.00 | 259.00 | OK | |
r-patched-linux-x86_64 | 0.1.0 | OK | ||||
r-release-linux-x86_64 | 0.1.0 | 9.36 | 115.58 | 124.94 | OK | |
r-release-macos-arm64 | 0.1.0 | 48.00 | OK | |||
r-release-macos-x86_64 | 0.1.0 | 69.00 | OK | |||
r-release-windows-x86_64 | 0.1.0 | 14.00 | 219.00 | 233.00 | OK | |
r-oldrel-macos-arm64 | 0.1.0 | 54.00 | OK | |||
r-oldrel-macos-x86_64 | 0.1.0 | 64.00 | OK | |||
r-oldrel-windows-x86_64 | 0.1.0 | 18.00 | 122.00 | 140.00 | OK |
Version: 0.1.0
Check: dependencies in R code
Result: NOTE
Namespaces in Imports field not imported from:
‘reticulate’ ‘tensorflow’
All declared Imports should be used.
Flavors: r-devel-linux-x86_64-fedora-clang, r-devel-linux-x86_64-fedora-gcc