Last updated on 2025-10-24 04:51:12 CEST.
| Flavor | Version | Tinstall | Tcheck | Ttotal | Status | Flags |
|---|---|---|---|---|---|---|
| r-devel-linux-x86_64-debian-clang | 1.0.2 | 2.02 | 20.21 | 22.23 | NOTE | |
| r-devel-linux-x86_64-debian-gcc | 1.0.2 | 1.48 | 16.47 | 17.95 | NOTE | |
| r-devel-linux-x86_64-fedora-clang | 1.0.2 | 34.23 | OK | |||
| r-devel-linux-x86_64-fedora-gcc | 1.0.2 | 30.81 | OK | |||
| r-devel-windows-x86_64 | 1.0.2 | 4.00 | 35.00 | 39.00 | OK | |
| r-patched-linux-x86_64 | 1.0.2 | 2.14 | 18.79 | 20.93 | OK | |
| r-release-linux-x86_64 | 1.0.2 | 1.89 | 18.97 | 20.86 | OK | |
| r-release-macos-arm64 | 1.0.2 | 1.00 | 15.00 | 16.00 | OK | |
| r-release-macos-x86_64 | 1.0.2 | 2.00 | 20.00 | 22.00 | OK | |
| r-release-windows-x86_64 | 1.0.2 | 3.00 | 37.00 | 40.00 | OK | |
| r-oldrel-macos-arm64 | 1.0.2 | 1.00 | 13.00 | 14.00 | OK | |
| r-oldrel-macos-x86_64 | 1.0.2 | 2.00 | 18.00 | 20.00 | OK | |
| r-oldrel-windows-x86_64 | 1.0.2 | 2.00 | 35.00 | 37.00 | OK |
Version: 1.0.2
Check: CRAN incoming feasibility
Result: NOTE
Maintainer: ‘Alessandro Barbiero <alessandro.barbiero@unimi.it>’
No Authors@R field in DESCRIPTION.
Please add one, modifying
Authors@R: c(person(given = "Alessandro",
family = "Barbiero",
role = c("aut", "cre"),
email = "alessandro.barbiero@unimi.it"),
person(given = "Riccardo",
family = "Inchingolo",
role = "aut",
email = "dott.inchingolo_r@libero.it"))
as necessary.
Flavors: r-devel-linux-x86_64-debian-clang, r-devel-linux-x86_64-debian-gcc