CRAN Package Check Results for Package SCORNET

Last updated on 2025-10-22 05:51:26 CEST.

Flavor Version Tinstall Tcheck Ttotal Status Flags
r-devel-linux-x86_64-debian-clang 0.1.1 17.88 41.00 58.88 OK
r-devel-linux-x86_64-debian-gcc 0.1.1 9.79 31.71 41.50 OK
r-devel-linux-x86_64-fedora-clang 0.1.1 108.00 7.60 115.60 NOTE
r-devel-linux-x86_64-fedora-gcc 0.1.1 27.00 81.66 108.66 NOTE
r-devel-windows-x86_64 0.1.1 22.00 79.00 101.00 OK
r-patched-linux-x86_64 0.1.1 16.67 38.88 55.55 OK
r-release-linux-x86_64 0.1.1 18.25 39.16 57.41 OK
r-release-macos-arm64 0.1.1 6.00 34.00 40.00 OK
r-release-macos-x86_64 0.1.1 11.00 53.00 64.00 OK
r-release-windows-x86_64 0.1.1 24.00 83.00 107.00 OK
r-oldrel-macos-arm64 0.1.1 8.00 28.00 36.00 NOTE
r-oldrel-macos-x86_64 0.1.1 9.00 43.00 52.00 NOTE
r-oldrel-windows-x86_64 0.1.1 27.00 101.00 128.00 NOTE

Check Details

Version: 0.1.1
Check: dependencies in R code
Result: NOTE Namespaces in Imports field not imported from: ‘Matrix’ ‘pracma’ All declared Imports should be used. Flavors: r-devel-linux-x86_64-fedora-clang, r-devel-linux-x86_64-fedora-gcc

Version: 0.1.1
Check: LazyData
Result: NOTE 'LazyData' is specified without a 'data' directory Flavors: r-oldrel-macos-arm64, r-oldrel-macos-x86_64, r-oldrel-windows-x86_64