Last updated on 2024-07-27 03:49:38 CEST.
Flavor | Version | Tinstall | Tcheck | Ttotal | Status | Flags |
---|---|---|---|---|---|---|
r-devel-linux-x86_64-debian-clang | 0.12-5 | 47.60 | 244.26 | 291.86 | OK | |
r-devel-linux-x86_64-debian-gcc | 0.12-5 | 34.99 | 185.52 | 220.51 | NOTE | |
r-devel-linux-x86_64-fedora-clang | 0.12-5 | 374.88 | NOTE | |||
r-devel-linux-x86_64-fedora-gcc | 0.12-5 | 370.60 | OK | |||
r-devel-windows-x86_64 | 0.12-5 | 46.00 | 225.00 | 271.00 | NOTE | |
r-patched-linux-x86_64 | 0.12-5 | OK | ||||
r-release-linux-x86_64 | 0.12-5 | 37.05 | 239.97 | 277.02 | OK | |
r-release-macos-arm64 | 0.12-5 | 109.00 | OK | |||
r-release-macos-x86_64 | 0.12-5 | 143.00 | OK | |||
r-release-windows-x86_64 | 0.12-5 | 39.00 | 220.00 | 259.00 | OK | |
r-oldrel-macos-arm64 | 0.12-5 | 70.00 | OK | |||
r-oldrel-macos-x86_64 | 0.12-5 | 133.00 | OK | |||
r-oldrel-windows-x86_64 | 0.12-5 | 41.00 | 204.00 | 245.00 | OK |
Version: 0.12-5
Check: Rd cross-references
Result: NOTE
Found the following Rd file(s) with Rd \link{} targets missing package
anchors:
Menu.FrF2levelTab1.Rd: FrF2
Please provide package anchors for all Rd \link{} targets not in the
package itself and the base packages.
Flavors: r-devel-linux-x86_64-debian-gcc, r-devel-windows-x86_64
Version: 0.12-5
Check: Rd cross-references
Result: NOTE
Undeclared packages ‘BsMD’, ‘rsm’, ‘AlgDesign’, ‘lhs’ in Rd xrefs
Flavor: r-devel-linux-x86_64-fedora-clang