Last updated on 2025-10-23 08:50:08 CEST.
Flavor | Version | Tinstall | Tcheck | Ttotal | Status | Flags |
---|---|---|---|---|---|---|
r-devel-linux-x86_64-debian-clang | 0.9.3 | 11.28 | 104.89 | 116.17 | NOTE | |
r-devel-linux-x86_64-debian-gcc | 0.9.3 | 7.90 | 75.07 | 82.97 | OK | |
r-devel-linux-x86_64-fedora-clang | 0.9.3 | 27.00 | 153.19 | 180.19 | OK | |
r-devel-linux-x86_64-fedora-gcc | 0.9.3 | 24.00 | 161.22 | 185.22 | OK | |
r-devel-windows-x86_64 | 0.9.3 | 12.00 | 106.00 | 118.00 | OK | |
r-patched-linux-x86_64 | 0.9.3 | 11.17 | 98.72 | 109.89 | OK | |
r-release-linux-x86_64 | 0.9.3 | 10.74 | 98.70 | 109.44 | OK | |
r-release-macos-arm64 | 0.9.3 | 5.00 | 48.00 | 53.00 | OK | |
r-release-macos-x86_64 | 0.9.3 | 9.00 | 91.00 | 100.00 | OK | |
r-release-windows-x86_64 | 0.9.3 | 13.00 | 107.00 | 120.00 | OK | |
r-oldrel-macos-arm64 | 0.9.3 | 5.00 | 52.00 | 57.00 | OK | |
r-oldrel-macos-x86_64 | 0.9.3 | 8.00 | 78.00 | 86.00 | OK | |
r-oldrel-windows-x86_64 | 0.9.3 | 17.00 | 140.00 | 157.00 | OK |
Version: 0.9.3
Check: HTML version of manual
Result: NOTE
Found the following HTML validation problems:
WBjdoql.html:104:1 (WBjdoql.Rd:42): Warning: missing </ul> before </div>
WBsearchURL.html:62:1 (WBsearchURL.Rd:18): Warning: missing </ul> before </div>
filterstring.html:58:1 (filterstring.Rd:16): Warning: missing </ul> before </div>
sexstring.html:46:1 (sexstring.Rd:10): Warning: missing </ul> before </div>
Flavor: r-devel-linux-x86_64-debian-clang