Last updated on 2025-10-22 05:51:25 CEST.
Flavor | Version | Tinstall | Tcheck | Ttotal | Status | Flags |
---|---|---|---|---|---|---|
r-devel-linux-x86_64-debian-clang | 0.1.2 | 5.64 | 36.78 | 42.42 | NOTE | |
r-devel-linux-x86_64-debian-gcc | 0.1.2 | 3.88 | 27.53 | 31.41 | NOTE | |
r-devel-linux-x86_64-fedora-clang | 0.1.2 | 13.00 | 49.60 | 62.60 | OK | |
r-devel-linux-x86_64-fedora-gcc | 0.1.2 | 11.00 | 48.25 | 59.25 | OK | |
r-devel-windows-x86_64 | 0.1.2 | 6.00 | 57.00 | 63.00 | OK | |
r-patched-linux-x86_64 | 0.1.2 | 4.80 | 34.70 | 39.50 | OK | |
r-release-linux-x86_64 | 0.1.2 | 4.22 | 34.97 | 39.19 | OK | |
r-release-macos-arm64 | 0.1.2 | 3.00 | 22.00 | 25.00 | OK | |
r-release-macos-x86_64 | 0.1.2 | 5.00 | 43.00 | 48.00 | OK | |
r-release-windows-x86_64 | 0.1.2 | 7.00 | 52.00 | 59.00 | OK | |
r-oldrel-macos-arm64 | 0.1.2 | 3.00 | 19.00 | 22.00 | NOTE | |
r-oldrel-macos-x86_64 | 0.1.2 | 4.00 | 28.00 | 32.00 | NOTE | |
r-oldrel-windows-x86_64 | 0.1.2 | 8.00 | 60.00 | 68.00 | NOTE |
Version: 0.1.2
Check: HTML version of manual
Result: NOTE
Found the following HTML validation problems:
GreenplumResult-class.html:51:1 (GreenplumResult-class.Rd:13): Warning: missing </ul> before </div>
dbConnect-GreenplumDriver-method.html:92:1 (dbConnect-GreenplumDriver-method.Rd:41): Warning: missing </ul> before </div>
greenplum-tables.html:97:1 (greenplum-tables.Rd:39): Warning: missing </ul> before </div>
hidden_aliases.html:89:1 (hidden_aliases.Rd:41): Warning: missing </ul> before </div>
Flavors: r-devel-linux-x86_64-debian-clang, r-devel-linux-x86_64-debian-gcc
Version: 0.1.2
Check: LazyData
Result: NOTE
'LazyData' is specified without a 'data' directory
Flavors: r-oldrel-macos-arm64, r-oldrel-macos-x86_64, r-oldrel-windows-x86_64