CRAN Package Check Results for Package RDML

Last updated on 2025-10-21 04:50:29 CEST.

Flavor Version Tinstall Tcheck Ttotal Status Flags
r-devel-linux-x86_64-debian-clang 1.1 31.32 86.98 118.30 OK
r-devel-linux-x86_64-debian-gcc 1.1 19.65 62.92 82.57 NOTE
r-devel-linux-x86_64-fedora-clang 1.1 195.92 OK
r-devel-linux-x86_64-fedora-gcc 1.1 169.53 OK
r-devel-windows-x86_64 1.1 31.00 106.00 137.00 OK
r-patched-linux-x86_64 1.1 29.17 80.72 109.89 OK
r-release-linux-x86_64 1.1 28.80 79.81 108.61 OK
r-release-macos-arm64 1.1 45.00 OK
r-release-macos-x86_64 1.1 109.00 OK
r-release-windows-x86_64 1.1 32.00 105.00 137.00 OK
r-oldrel-macos-arm64 1.1 50.00 OK
r-oldrel-macos-x86_64 1.1 101.00 OK
r-oldrel-windows-x86_64 1.1 44.00 136.00 180.00 OK

Check Details

Version: 1.1
Check: HTML version of manual
Result: NOTE Found the following HTML validation problems: AsDendrogram-function.html:50:1 (AsDendrogram-function.Rd:12): Warning: missing </ul> before </div> GetFData-function.html:50:1 (GetFData-function.Rd:12): Warning: missing </ul> before </div> RDML.html:80:1 (RDML.Rd:197): Warning: <h3> anchor "Methods" already defined RDML.html:143:1 (RDML.Rd:231): Warning: <h5> anchor "Usage" already defined RDML.html:168:1 (RDML.Rd:251): Warning: <h5> anchor "Usage" already defined RDML.html:182:1 (RDML.Rd:260): Warning: <h5> anchor "Usage" already defined RDML.html:201:1 (RDML.Rd:274): Warning: <h5> anchor "Usage" already defined RDML.html:215:1 (RDML.Rd:283): Warning: <h5> anchor "Usage" already defined RDML.html:231:1 (RDML.Rd:293): Warning: <h5> anchor "Usage" already defined adpsType.html:124:1 (adpsType.Rd:92): Warning: <h5> anchor "Usage" already defined adpsType.html:140:1 (adpsType.Rd:102): Warning: <h5> anchor "Usage" already defined annotationType.html:101:1 (annotationType.Rd:57): Warning: <h5> anchor "Usage" already defined ascharacteridType-method.html:51:1 (ascharacteridType-method.Rd:13): Warning: missing </ul> before </div> ascharacterreactIdType-method.html:51:1 (ascharacterreactIdType-method.Rd:13): Warning: missing </ul> before </div> astable-function.html:50:1 (astable-function.Rd:12): Warning: missing </ul> before </div> baseTemperatureType.html:151:1 (baseTemperatureType.Rd:87): Warning: missing </ul> before </div> baseTemperatureType.html:128:1 (baseTemperatureType.Rd:76): Warning: <h5> anchor "Usage" already defined cdnaSynthesisMethodType.html:139:1 (cdnaSynthesisMethodType.Rd:77): Warning: missing </ul> before </div> cdnaSynthesisMethodType.html:116:1 (cdnaSynthesisMethodType.Rd:66): Warning: <h5> anchor "Usage" already defined commercialAssayType.html:127:1 (commercialAssayType.Rd:67): Warning: missing </ul> before </div> commercialAssayType.html:104:1 (commercialAssayType.Rd:56): Warning: <h5> anchor "Usage" already defined cqDetectionMethodType.html:119:1 (cqDetectionMethodType.Rd:64): Warning: missing </ul> before </div> dataCollectionSoftwareType.html:104:1 (dataCollectionSoftwareType.Rd:60): Warning: <h5> anchor "Usage" already defined dataType.html:202:1 (dataType.Rd:119): Warning: missing </ul> before </div> dataType.html:102:1 (dataType.Rd:58): Warning: <h3> anchor "Methods" already defined dataType.html:163:1 (dataType.Rd:98): Warning: <h5> anchor "Usage" already defined dataType.html:179:1 (dataType.Rd:108): Warning: <h5> anchor "Usage" already defined documentationType.html:127:1 (documentationType.Rd:67): Warning: missing </ul> before </div> documentationType.html:104:1 (documentationType.Rd:56): Warning: <h5> anchor "Usage" already defined dyeType.html:126:1 (dyeType.Rd:66): Warning: missing </ul> before </div> dyeType.html:103:1 (dyeType.Rd:55): Warning: <h5> anchor "Usage" already defined enumType.html:157:1 (enumType.Rd:83): Warning: missing </ul> before </div> enumType.html:104:1 (enumType.Rd:53): Warning: <h5> anchor "Usage" already defined enumType.html:118:1 (enumType.Rd:62): Warning: <h5> anchor "Usage" already defined enumType.html:134:1 (enumType.Rd:72): Warning: <h5> anchor "Usage" already defined experimentType.html:161:1 (experimentType.Rd:88): Warning: missing </ul> before </div> experimentType.html:71:1 (experimentType.Rd:37): Warning: <h3> anchor "Methods" already defined experimentType.html:122:1 (experimentType.Rd:67): Warning: <h5> anchor "Usage" already defined experimentType.html:138:1 (experimentType.Rd:77): Warning: <h5> anchor "Usage" already defined experimenterType.html:142:1 (experimenterType.Rd:78): Warning: missing </ul> before </div> experimenterType.html:119:1 (experimenterType.Rd:67): Warning: <h5> anchor "Usage" already defined extractdatapoints-method.html:56:1 (extractdatapoints-method.Rd:17): Warning: missing </ul> before </div> gradientType.html:134:1 (gradientType.Rd:72): Warning: missing </ul> before </div> gradientType.html:111:1 (gradientType.Rd:61): Warning: <h5> anchor "Usage" already defined idReferencesType.html:111:1 (idReferencesType.Rd:58): Warning: missing </ul> before </div> idType.html:140:1 (idType.Rd:74): Warning: missing </ul> before </div> idType.html:101:1 (idType.Rd:53): Warning: <h5> anchor "Usage" already defined idType.html:117:1 (idType.Rd:63): Warning: <h5> anchor "Usage" already defined labelFormatType.html:118:1 (labelFormatType.Rd:63): Warning: missing </ul> before </div> lidOpenType.html:120:1 (lidOpenType.Rd:64): Warning: missing </ul> before </div> lidOpenType.html:97:1 (lidOpenType.Rd:53): Warning: <h5> anchor "Usage" already defined loopType.html:133:1 (loopType.Rd:72): Warning: missing </ul> before </div> loopType.html:110:1 (loopType.Rd:61): Warning: <h5> anchor "Usage" already defined mdpsType.html:157:1 (mdpsType.Rd:84): Warning: missing </ul> before </div> mdpsType.html:118:1 (mdpsType.Rd:63): Warning: <h5> anchor "Usage" already defined mdpsType.html:134:1 (mdpsType.Rd:73): Warning: <h5> anchor "Usage" already defined measureType.html:116:1 (measureType.Rd:61): Warning: missing </ul> before </div> nucleotideType.html:122:1 (nucleotideType.Rd:65): Warning: missing </ul> before </div> oligoType.html:131:1 (oligoType.Rd:70): Warning: missing </ul> before </div> oligoType.html:108:1 (oligoType.Rd:59): Warning: <h5> anchor "Usage" already defined pauseType.html:128:1 (pauseType.Rd:68): Warning: missing </ul> before </div> pauseType.html:105:1 (pauseType.Rd:57): Warning: <h5> anchor "Usage" already defined pcrFormatType.html:193:1 (pcrFormatType.Rd:87): Warning: missing </ul> before </div> pcrFormatType.html:170:1 (pcrFormatType.Rd:76): Warning: <h5> anchor "Usage" already defined primingMethodType.html:123:1 (primingMethodType.Rd:66): Warning: missing </ul> before </div> quantityType.html:127:1 (quantityType.Rd:67): Warning: missing </ul> before </div> quantityType.html:104:1 (quantityType.Rd:56): Warning: <h5> anchor "Usage" already defined quantityUnitType.html:130:1 (quantityUnitType.Rd:67): Warning: missing </ul> before </div> rdmlBaseType.html:151:1 (rdmlBaseType.Rd:79): Warning: missing </ul> before </div> rdmlBaseType.html:53:1 (rdmlBaseType.Rd:27): Warning: <h3> anchor "Methods" already defined rdmlBaseType.html:98:1 (rdmlBaseType.Rd:49): Warning: <h5> anchor "Usage" already defined rdmlBaseType.html:112:1 (rdmlBaseType.Rd:58): Warning: <h5> anchor "Usage" already defined rdmlBaseType.html:128:1 (rdmlBaseType.Rd:68): Warning: <h5> anchor "Usage" already defined rdmlIdType.html:135:1 (rdmlIdType.Rd:73): Warning: missing </ul> before </div> rdmlIdType.html:112:1 (rdmlIdType.Rd:62): Warning: <h5> anchor "Usage" already defined reactIdType.html:124:1 (reactIdType.Rd:65): Warning: missing </ul> before </div> reactIdType.html:101:1 (reactIdType.Rd:54): Warning: <h5> anchor "Usage" already defined reactType.html:255:1 (reactType.Rd:132): Warning: missing </ul> before </div> reactType.html:142:1 (reactType.Rd:65): Warning: <h3> anchor "Methods" already defined reactType.html:202:1 (reactType.Rd:102): Warning: <h5> anchor "Usage" already defined reactType.html:216:1 (reactType.Rd:111): Warning: <h5> anchor "Usage" already defined reactType.html:232:1 (reactType.Rd:121): Warning: <h5> anchor "Usage" already defined runType.html:216:1 (runType.Rd:127): Warning: missing </ul> before </div> runType.html:96:1 (runType.Rd:53): Warning: <h3> anchor "Methods" already defined runType.html:163:1 (runType.Rd:97): Warning: <h5> anchor "Usage" already defined runType.html:177:1 (runType.Rd:106): Warning: <h5> anchor "Usage" already defined runType.html:193:1 (runType.Rd:116): Warning: <h5> anchor "Usage" already defined sampleType.html:177:1 (sampleType.Rd:108): Warning: missing </ul> before </div> sampleType.html:154:1 (sampleType.Rd:97): Warning: <h5> anchor "Usage" already defined sampleTypeType.html:133:1 (sampleTypeType.Rd:68): Warning: missing </ul> before </div> sequencesType.html:139:1 (sequencesType.Rd:76): Warning: missing </ul> before </div> sequencesType.html:116:1 (sequencesType.Rd:65): Warning: <h5> anchor "Usage" already defined setfdata-function.html:50:1 (setfdata-function.Rd:12): Warning: missing </ul> before </div> stepType.html:149:1 (stepType.Rd:83): Warning: missing </ul> before </div> stepType.html:126:1 (stepType.Rd:72): Warning: <h5> anchor "Usage" already defined targetType.html:166:1 (targetType.Rd:95): Warning: missing </ul> before </div> targetType.html:143:1 (targetType.Rd:84): Warning: <h5> anchor "Usage" already defined targetTypeType.html:118:1 (targetTypeType.Rd:61): Warning: missing </ul> before </div> temperatureType.html:130:1 (temperatureType.Rd:69): Warning: missing </ul> before </div> temperatureType.html:107:1 (temperatureType.Rd:58): Warning: <h5> anchor "Usage" already defined templateQuantityType.html:130:1 (templateQuantityType.Rd:67): Warning: missing </ul> before </div> templateQuantityType.html:107:1 (templateQuantityType.Rd:56): Warning: <h5> anchor "Usage" already defined thermalCyclingConditionsType.html:148:1 (thermalCyclingConditionsType.Rd:83): Warning: missing </ul> before </div> thermalCyclingConditionsType.html:125:1 (thermalCyclingConditionsType.Rd:72): Warning: <h5> anchor "Usage" already defined xRefType.html:131:1 (xRefType.Rd:68): Warning: missing </ul> before </div> xRefType.html:108:1 (xRefType.Rd:57): Warning: <h5> anchor "Usage" already defined Flavor: r-devel-linux-x86_64-debian-gcc