Last updated on 2025-10-22 05:51:22 CEST.
Flavor | Version | Tinstall | Tcheck | Ttotal | Status | Flags |
---|---|---|---|---|---|---|
r-devel-linux-x86_64-debian-clang | 1.0.4 | 7.05 | 219.37 | 226.42 | NOTE | |
r-devel-linux-x86_64-debian-gcc | 1.0.4 | 5.29 | 133.34 | 138.63 | NOTE | |
r-devel-linux-x86_64-fedora-clang | 1.0.4 | 21.00 | 349.71 | 370.71 | OK | |
r-devel-linux-x86_64-fedora-gcc | 1.0.4 | 17.00 | 345.68 | 362.68 | OK | |
r-devel-windows-x86_64 | 1.0.4 | 11.00 | 193.00 | 204.00 | OK | |
r-patched-linux-x86_64 | 1.0.4 | 9.62 | 205.56 | 215.18 | OK | |
r-release-linux-x86_64 | 1.0.4 | 8.27 | 204.43 | 212.70 | OK | |
r-release-macos-arm64 | 1.0.4 | 4.00 | 84.00 | 88.00 | OK | |
r-release-macos-x86_64 | 1.0.4 | 7.00 | 109.00 | 116.00 | OK | |
r-release-windows-x86_64 | 1.0.4 | 11.00 | 194.00 | 205.00 | OK | |
r-oldrel-macos-arm64 | 1.0.4 | 3.00 | 68.00 | 71.00 | OK | |
r-oldrel-macos-x86_64 | 1.0.4 | 6.00 | 105.00 | 111.00 | OK | |
r-oldrel-windows-x86_64 | 1.0.4 | 14.00 | 262.00 | 276.00 | OK |
Version: 1.0.4
Check: HTML version of manual
Result: NOTE
Found the following HTML validation problems:
get_pval_tstat.html:57:1 (get_pval_tstat.Rd:16): Warning: missing </ul> before </div>
get_rawpt.html:55:1 (get_rawpt.Rd:14): Warning: missing </ul> before </div>
make_model.html:50:1 (make_model.Rd:12): Warning: missing </ul> before </div>
plot.pumpgridresult.mdes.html:85:1 (plot.pumpgridresult.mdes.Rd:36): Warning: missing </ul> before </div>
plot.pumpgridresult.sample.html:85:1 (plot.pumpgridresult.sample.Rd:36): Warning: missing </ul> before </div>
run_grid.html:76:1 (run_grid.Rd:30): Warning: missing </ul> before </div>
Flavors: r-devel-linux-x86_64-debian-clang, r-devel-linux-x86_64-debian-gcc