Last updated on 2025-07-03 04:51:05 CEST.
Flavor | Version | Tinstall | Tcheck | Ttotal | Status | Flags |
---|---|---|---|---|---|---|
r-devel-linux-x86_64-debian-clang | 2.1.1 | 104.09 | 130.32 | 234.41 | NOTE | |
r-devel-linux-x86_64-debian-gcc | 2.2.0 | 82.48 | 127.37 | 209.85 | OK | |
r-devel-linux-x86_64-fedora-clang | 2.2.0 | 542.67 | OK | |||
r-devel-linux-x86_64-fedora-gcc | 2.2.0 | 483.08 | OK | |||
r-devel-windows-x86_64 | 2.2.0 | 106.00 | 210.00 | 316.00 | OK | |
r-patched-linux-x86_64 | 2.2.0 | 105.85 | 170.89 | 276.74 | OK | |
r-release-linux-x86_64 | 2.1.1 | 92.92 | 120.87 | 213.79 | OK | |
r-release-macos-arm64 | 2.1.1 | 120.00 | OK | |||
r-release-macos-x86_64 | 2.2.0 | 149.00 | OK | |||
r-release-windows-x86_64 | 2.1.1 | 123.00 | 172.00 | 295.00 | OK | |
r-oldrel-macos-arm64 | 2.1.1 | 95.00 | OK | |||
r-oldrel-macos-x86_64 | 2.2.0 | 169.00 | OK | |||
r-oldrel-windows-x86_64 | 2.2.0 | 107.00 | 229.00 | 336.00 | OK |
Version: 2.1.1
Check: CRAN incoming feasibility
Result: NOTE
Maintainer: ‘Cristina Mollica <cristina.mollica@uniroma1.it>’
Package CITATION file contains call(s) to old-style personList() or
as.personList(). Please use c() on person objects instead.
The Description field contains
<doi.org/10.1007/s11336-016-9530-0> and Mollica and Tardella (2014)
<doi/10.1002/sim.6224>.
Please write DOIs as <doi:prefix/suffix>.
Found the following URLs which should use \doi (with the DOI name only):
File ‘PLMIX-package.Rd’:
http://dx.doi.org/10.1007/s11336-016-9530-0
Flavor: r-devel-linux-x86_64-debian-clang