Last updated on 2025-05-06 11:52:28 CEST.
Flavor | Version | Tinstall | Tcheck | Ttotal | Status | Flags |
---|---|---|---|---|---|---|
r-devel-linux-x86_64-debian-clang | 1.0 | 8.85 | 71.72 | 80.57 | NOTE | |
r-devel-linux-x86_64-debian-gcc | 1.0 | 6.77 | 55.38 | 62.15 | NOTE | |
r-devel-linux-x86_64-fedora-clang | 1.0 | 128.86 | OK | |||
r-devel-linux-x86_64-fedora-gcc | 1.0 | 124.63 | OK | |||
r-devel-windows-x86_64 | 1.0 | 10.00 | 77.00 | 87.00 | OK | |
r-patched-linux-x86_64 | 1.0 | 8.72 | 69.30 | 78.02 | OK | |
r-release-linux-x86_64 | 1.0 | 9.31 | 69.00 | 78.31 | OK | |
r-release-macos-arm64 | 1.0 | 37.00 | OK | |||
r-release-macos-x86_64 | 1.0 | 81.00 | OK | |||
r-release-windows-x86_64 | 1.0 | 9.00 | 75.00 | 84.00 | OK | |
r-oldrel-macos-arm64 | 1.0 | 34.00 | OK | |||
r-oldrel-macos-x86_64 | 1.0 | 61.00 | OK | |||
r-oldrel-windows-x86_64 | 1.0 | 13.00 | 96.00 | 109.00 | OK |
Version: 1.0
Check: CRAN incoming feasibility
Result: NOTE
Maintainer: ‘Qi Yan <qiy17@pitt.edu>’
No Authors@R field in DESCRIPTION.
Please add one, modifying
Authors@R: person(given = "Qi",
family = "Yan",
role = c("aut", "cre"),
email = "qiy17@pitt.edu")
as necessary.
Flavors: r-devel-linux-x86_64-debian-clang, r-devel-linux-x86_64-debian-gcc