Last updated on 2025-01-25 04:49:34 CET.
Flavor | Version | Tinstall | Tcheck | Ttotal | Status | Flags |
---|---|---|---|---|---|---|
r-devel-linux-x86_64-debian-clang | 1.0.0 | 75.73 | 123.94 | 199.67 | OK | |
r-devel-linux-x86_64-debian-gcc | 1.0.0 | 67.34 | 82.64 | 149.98 | OK | |
r-devel-linux-x86_64-fedora-clang | 1.0.0 | 318.00 | OK | |||
r-devel-linux-x86_64-fedora-gcc | 1.0.0 | 347.13 | OK | |||
r-devel-windows-x86_64 | 1.0.0 | 68.00 | 150.00 | 218.00 | OK | |
r-patched-linux-x86_64 | 1.0.0 | 86.16 | 118.14 | 204.30 | OK | |
r-release-linux-x86_64 | 1.0.0 | 76.13 | 117.60 | 193.73 | OK | |
r-release-macos-arm64 | 1.0.0 | 82.00 | NOTE | |||
r-release-macos-x86_64 | 1.0.0 | 153.00 | NOTE | |||
r-release-windows-x86_64 | 1.0.0 | 67.00 | 192.00 | 259.00 | OK | |
r-oldrel-macos-arm64 | 1.0.0 | 87.00 | NOTE | |||
r-oldrel-macos-x86_64 | 1.0.0 | 158.00 | NOTE | |||
r-oldrel-windows-x86_64 | 1.0.0 | 89.00 | 192.00 | 281.00 | OK |
Version: 1.0.0
Check: installed package size
Result: NOTE
installed size is 41.3Mb
sub-directories of 1Mb or more:
libs 41.0Mb
Flavors: r-release-macos-arm64, r-release-macos-x86_64, r-oldrel-macos-arm64, r-oldrel-macos-x86_64