Last updated on 2025-10-24 04:50:59 CEST.
| Flavor | Version | Tinstall | Tcheck | Ttotal | Status | Flags |
|---|---|---|---|---|---|---|
| r-devel-linux-x86_64-debian-clang | 1.2.0 | 2.14 | 30.69 | 32.83 | OK | |
| r-devel-linux-x86_64-debian-gcc | 1.2.0 | 1.67 | 24.37 | 26.04 | OK | |
| r-devel-linux-x86_64-fedora-clang | 1.2.0 | 45.10 | OK | |||
| r-devel-linux-x86_64-fedora-gcc | 1.2.0 | 10.00 | 36.47 | 46.47 | OK | |
| r-devel-windows-x86_64 | 1.2.0 | 5.00 | 55.00 | 60.00 | OK | |
| r-patched-linux-x86_64 | 1.2.0 | 3.39 | 27.44 | 30.83 | OK | |
| r-release-linux-x86_64 | 1.2.0 | 2.23 | 27.69 | 29.92 | OK | |
| r-release-macos-arm64 | 1.2.0 | 1.00 | 20.00 | 21.00 | OK | |
| r-release-macos-x86_64 | 1.2.0 | 3.00 | 35.00 | 38.00 | OK | |
| r-release-windows-x86_64 | 1.2.0 | 3.00 | 58.00 | 61.00 | OK | |
| r-oldrel-macos-arm64 | 1.2.0 | 1.00 | 16.00 | 17.00 | NOTE | |
| r-oldrel-macos-x86_64 | 1.2.0 | 2.00 | 28.00 | 30.00 | NOTE | |
| r-oldrel-windows-x86_64 | 1.2.0 | 3.00 | 63.00 | 66.00 | NOTE |
Version: 1.2.0
Check: LazyData
Result: NOTE
'LazyData' is specified without a 'data' directory
Flavors: r-oldrel-macos-arm64, r-oldrel-macos-x86_64, r-oldrel-windows-x86_64