Last updated on 2025-10-22 05:51:17 CEST.
Flavor | Version | Tinstall | Tcheck | Ttotal | Status | Flags |
---|---|---|---|---|---|---|
r-devel-linux-x86_64-debian-clang | 0.2.0 | 28.37 | 157.92 | 186.29 | NOTE | |
r-devel-linux-x86_64-debian-gcc | 0.2.0 | 21.74 | 102.67 | 124.41 | NOTE | |
r-devel-linux-x86_64-fedora-clang | 0.2.0 | 72.00 | 216.99 | 288.99 | OK | |
r-devel-linux-x86_64-fedora-gcc | 0.2.0 | 153.00 | 145.38 | 298.38 | OK | |
r-devel-windows-x86_64 | 0.2.0 | 30.00 | 156.00 | 186.00 | OK | |
r-patched-linux-x86_64 | 0.2.0 | 31.71 | 147.42 | 179.13 | OK | |
r-release-linux-x86_64 | 0.2.0 | 32.41 | 146.16 | 178.57 | OK | |
r-release-macos-arm64 | 0.2.0 | 11.00 | 49.00 | 60.00 | OK | |
r-release-macos-x86_64 | 0.2.0 | 30.00 | 119.00 | 149.00 | OK | |
r-release-windows-x86_64 | 0.2.0 | 33.00 | 161.00 | 194.00 | OK | |
r-oldrel-macos-arm64 | 0.2.0 | 12.00 | 54.00 | 66.00 | OK | |
r-oldrel-macos-x86_64 | 0.2.0 | 34.00 | 95.00 | 129.00 | OK | |
r-oldrel-windows-x86_64 | 0.2.0 | 42.00 | 204.00 | 246.00 | OK |
Version: 0.2.0
Check: HTML version of manual
Result: NOTE
Found the following HTML validation problems:
getter.html:120:1 (getter.Rd:83): Warning: missing </ul> before </div>
values.html:53:1 (values.Rd:18): Warning: missing </ul> before </div>
Flavors: r-devel-linux-x86_64-debian-clang, r-devel-linux-x86_64-debian-gcc