Last updated on 2025-10-24 04:50:58 CEST.
| Flavor | Version | Tinstall | Tcheck | Ttotal | Status | Flags |
|---|---|---|---|---|---|---|
| r-devel-linux-x86_64-debian-clang | 0.4.3 | 2.58 | 27.52 | 30.10 | NOTE | |
| r-devel-linux-x86_64-debian-gcc | 0.4.3 | 1.96 | 21.59 | 23.55 | NOTE | |
| r-devel-linux-x86_64-fedora-clang | 0.4.3 | 43.79 | NOTE | |||
| r-devel-linux-x86_64-fedora-gcc | 0.4.3 | 44.48 | NOTE | |||
| r-devel-windows-x86_64 | 0.4.3 | 4.00 | 48.00 | 52.00 | NOTE | |
| r-patched-linux-x86_64 | 0.4.3 | 2.83 | 25.75 | 28.58 | NOTE | |
| r-release-linux-x86_64 | 0.4.3 | 2.15 | 25.46 | 27.61 | NOTE | |
| r-release-macos-arm64 | 0.4.3 | 1.00 | 19.00 | 20.00 | NOTE | |
| r-release-macos-x86_64 | 0.4.3 | 3.00 | 28.00 | 31.00 | NOTE | |
| r-release-windows-x86_64 | 0.4.3 | 3.00 | 49.00 | 52.00 | NOTE | |
| r-oldrel-macos-arm64 | 0.4.3 | 1.00 | 17.00 | 18.00 | NOTE | |
| r-oldrel-macos-x86_64 | 0.4.3 | 2.00 | 23.00 | 25.00 | NOTE | |
| r-oldrel-windows-x86_64 | 0.4.3 | 4.00 | 48.00 | 52.00 | NOTE |
Version: 0.4.3
Check: Rd files
Result: NOTE
checkRd: (-1) Texture.Rd:35: Escaped LaTeX specials: \&
checkRd: (-1) binom.diagnostics.Rd:33: Escaped LaTeX specials: \&
Flavors: r-devel-linux-x86_64-debian-clang, r-devel-linux-x86_64-debian-gcc, r-devel-linux-x86_64-fedora-clang, r-devel-linux-x86_64-fedora-gcc, r-devel-windows-x86_64, r-patched-linux-x86_64, r-release-linux-x86_64, r-release-macos-arm64, r-release-macos-x86_64, r-release-windows-x86_64, r-oldrel-macos-arm64, r-oldrel-macos-x86_64, r-oldrel-windows-x86_64