CRAN Package Check Results for Package MIGEE

Last updated on 2025-10-24 04:50:58 CEST.

Flavor Version Tinstall Tcheck Ttotal Status Flags
r-devel-linux-x86_64-debian-clang 0.1.0 15.75 117.63 133.38 NOTE
r-devel-linux-x86_64-debian-gcc 0.1.0 11.29 81.91 93.20 NOTE
r-devel-linux-x86_64-fedora-clang 0.1.0 78.00 132.73 210.73 NOTE
r-devel-linux-x86_64-fedora-gcc 0.1.0 51.00 159.24 210.24 NOTE
r-devel-windows-x86_64 0.1.0 17.00 110.00 127.00 NOTE
r-patched-linux-x86_64 0.1.0 13.09 107.41 120.50 NOTE
r-release-linux-x86_64 0.1.0 15.04 106.03 121.07 NOTE
r-release-macos-arm64 0.1.0 6.00 42.00 48.00 NOTE
r-release-macos-x86_64 0.1.0 11.00 81.00 92.00 NOTE
r-release-windows-x86_64 0.1.0 17.00 109.00 126.00 NOTE
r-oldrel-macos-arm64 0.1.0 6.00 46.00 52.00 OK
r-oldrel-macos-x86_64 0.1.0 10.00 63.00 73.00 OK
r-oldrel-windows-x86_64 0.1.0 23.00 141.00 164.00 OK

Check Details

Version: 0.1.0
Check: DESCRIPTION meta-information
Result: NOTE Missing dependency on R >= 4.1.0 because package code uses the pipe |> or function shorthand \(...) syntax added in R 4.1.0. File(s) using such syntax: ‘flexImputeModel.R’ Flavors: r-devel-linux-x86_64-debian-clang, r-devel-linux-x86_64-debian-gcc, r-devel-linux-x86_64-fedora-clang, r-devel-linux-x86_64-fedora-gcc, r-devel-windows-x86_64, r-patched-linux-x86_64, r-release-linux-x86_64, r-release-macos-arm64, r-release-macos-x86_64, r-release-windows-x86_64