Last updated on 2025-10-22 05:51:16 CEST.
Flavor | Version | Tinstall | Tcheck | Ttotal | Status | Flags |
---|---|---|---|---|---|---|
r-devel-linux-x86_64-debian-clang | 2.7.2 | 164.39 | 158.10 | 322.49 | OK | |
r-devel-linux-x86_64-debian-gcc | 2.7.2 | 99.82 | 109.31 | 209.13 | OK | |
r-devel-linux-x86_64-fedora-clang | 2.7.2 | 201.00 | 364.57 | 565.57 | OK | |
r-devel-linux-x86_64-fedora-gcc | 2.7.2 | 393.00 | 137.48 | 530.48 | OK | |
r-devel-windows-x86_64 | 2.7.2 | 176.00 | 170.00 | 346.00 | OK | |
r-patched-linux-x86_64 | 2.7.2 | 150.08 | 149.61 | 299.69 | OK | |
r-release-linux-x86_64 | 2.7.2 | 152.02 | 148.12 | 300.14 | OK | |
r-release-macos-arm64 | 2.7.2 | 62.00 | 60.00 | 122.00 | OK | |
r-release-macos-x86_64 | 2.7.2 | 76.00 | 146.00 | 222.00 | OK | |
r-release-windows-x86_64 | 2.7.2 | 170.00 | 169.00 | 339.00 | OK | |
r-oldrel-macos-arm64 | 2.7.2 | 53.00 | 63.00 | 116.00 | NOTE | |
r-oldrel-macos-x86_64 | 2.7.2 | 71.00 | 125.00 | 196.00 | NOTE | |
r-oldrel-windows-x86_64 | 2.7.2 | 217.00 | 223.00 | 440.00 | NOTE |
Version: 2.7.2
Check: installed package size
Result: NOTE
installed size is 9.7Mb
sub-directories of 1Mb or more:
R 2.1Mb
data 2.3Mb
libs 5.1Mb
Flavors: r-oldrel-macos-arm64, r-oldrel-macos-x86_64, r-oldrel-windows-x86_64