Last updated on 2025-10-24 04:50:57 CEST.
| Flavor | Version | Tinstall | Tcheck | Ttotal | Status | Flags |
|---|---|---|---|---|---|---|
| r-devel-linux-x86_64-debian-clang | 1.0 | 2.30 | 58.41 | 60.71 | NOTE | |
| r-devel-linux-x86_64-debian-gcc | 1.0 | 1.81 | 42.52 | 44.33 | OK | |
| r-devel-linux-x86_64-fedora-clang | 1.0 | 93.71 | NOTE | |||
| r-devel-linux-x86_64-fedora-gcc | 1.0 | 108.60 | NOTE | |||
| r-devel-windows-x86_64 | 1.0 | 4.00 | 75.00 | 79.00 | OK | |
| r-patched-linux-x86_64 | 1.0 | 2.85 | 57.40 | 60.25 | OK | |
| r-release-linux-x86_64 | 1.0 | 2.49 | 55.24 | 57.73 | OK | |
| r-release-macos-arm64 | 1.0 | 2.00 | 36.00 | 38.00 | OK | |
| r-release-macos-x86_64 | 1.0 | 2.00 | 73.00 | 75.00 | OK | |
| r-release-windows-x86_64 | 1.0 | 5.00 | 78.00 | 83.00 | OK | |
| r-oldrel-macos-arm64 | 1.0 | 2.00 | 33.00 | 35.00 | OK | |
| r-oldrel-macos-x86_64 | 1.0 | 2.00 | 57.00 | 59.00 | OK | |
| r-oldrel-windows-x86_64 | 1.0 | 6.00 | 96.00 | 102.00 | OK |
Version: 1.0
Check: HTML version of manual
Result: NOTE
Found the following HTML validation problems:
getPvalue.html:54:1 (getPvalue.Rd:14): Warning: missing </ul> before </div>
plotGaudermanModel.html:93:1 (plotGaudermanModel.Rd:39): Warning: missing </ul> before </div>
Flavor: r-devel-linux-x86_64-debian-clang
Version: 1.0
Check: dependencies in R code
Result: NOTE
Namespaces in Imports field not imported from:
‘RColorBrewer’ ‘base’ ‘qpdf’
All declared Imports should be used.
Flavors: r-devel-linux-x86_64-fedora-clang, r-devel-linux-x86_64-fedora-gcc