Last updated on 2025-10-23 08:49:58 CEST.
Flavor | Version | Tinstall | Tcheck | Ttotal | Status | Flags |
---|---|---|---|---|---|---|
r-devel-linux-x86_64-debian-clang | 0.6.9-2 | 40.01 | 97.19 | 137.20 | NOTE | |
r-devel-linux-x86_64-debian-gcc | 0.6.9-2 | 28.26 | 67.90 | 96.16 | OK | |
r-devel-linux-x86_64-fedora-clang | 0.6.9-2 | 90.00 | 144.99 | 234.99 | OK | |
r-devel-linux-x86_64-fedora-gcc | 0.6.9-2 | 106.00 | 128.19 | 234.19 | OK | |
r-devel-windows-x86_64 | 0.6.9-2 | 48.00 | 123.00 | 171.00 | OK | |
r-patched-linux-x86_64 | 0.6.9-2 | 43.58 | 90.62 | 134.20 | OK | |
r-release-linux-x86_64 | 0.6.9-2 | 42.54 | 91.29 | 133.83 | OK | |
r-release-macos-arm64 | 0.6.9-2 | 16.00 | 42.00 | 58.00 | OK | |
r-release-macos-x86_64 | 0.6.9-2 | 21.00 | 96.00 | 117.00 | OK | |
r-release-windows-x86_64 | 0.6.9-2 | 51.00 | 123.00 | 174.00 | OK | |
r-oldrel-macos-arm64 | 0.6.9-2 | 12.00 | 50.00 | 62.00 | OK | |
r-oldrel-macos-x86_64 | 0.6.9-2 | 19.00 | 101.00 | 120.00 | OK | |
r-oldrel-windows-x86_64 | 0.6.9-2 | 64.00 | 157.00 | 221.00 | OK |
Version: 0.6.9-2
Check: HTML version of manual
Result: NOTE
Found the following HTML validation problems:
common-arguments.html:95:1 (common-arguments.Rd:42): Warning: missing </ul> before </div>
deprecated-functions.html:87:1 (deprecated-functions.Rd:54): Warning: missing </ul> before </div>
Flavor: r-devel-linux-x86_64-debian-clang