CRAN Package Check Results for Package InvStablePrior

Last updated on 2025-05-13 08:50:13 CEST.

Flavor Version Tinstall Tcheck Ttotal Status Flags
r-devel-linux-x86_64-debian-clang 0.1.1 1.90 23.49 25.39 OK
r-devel-linux-x86_64-debian-gcc 0.1.1 1.49 18.95 20.44 OK
r-devel-linux-x86_64-fedora-clang 0.1.1 39.05 NOTE
r-devel-linux-x86_64-fedora-gcc 0.1.1 39.00 NOTE
r-devel-windows-x86_64 0.1.1 4.00 51.00 55.00 OK
r-patched-linux-x86_64 0.1.1 1.79 22.70 24.49 OK
r-release-linux-x86_64 0.1.1 1.88 22.59 24.47 OK
r-release-macos-arm64 0.1.1 20.00 OK
r-release-macos-x86_64 0.1.1 28.00 OK
r-release-windows-x86_64 0.1.1 3.00 51.00 54.00 OK
r-oldrel-macos-arm64 0.1.1 18.00 OK
r-oldrel-macos-x86_64 0.1.1 24.00 OK
r-oldrel-windows-x86_64 0.1.1 4.00 54.00 58.00 OK

Check Details

Version: 0.1.1
Check: dependencies in R code
Result: NOTE Namespaces in Imports field not imported from: ‘fdrtool’ ‘nimble’ All declared Imports should be used. Flavors: r-devel-linux-x86_64-fedora-clang, r-devel-linux-x86_64-fedora-gcc