CRAN Package Check Results for Package IndexNumberTools

Last updated on 2025-10-21 04:50:19 CEST.

Flavor Version Tinstall Tcheck Ttotal Status Flags
r-devel-linux-x86_64-debian-clang 1.1 1.87 26.55 28.42 OK
r-devel-linux-x86_64-debian-gcc 1.1 1.27 21.69 22.96 NOTE
r-devel-linux-x86_64-fedora-clang 1.1 39.70 OK
r-devel-linux-x86_64-fedora-gcc 1.1 52.62 OK
r-devel-windows-x86_64 1.1 3.00 48.00 51.00 OK
r-patched-linux-x86_64 1.1 1.65 24.43 26.08 OK
r-release-linux-x86_64 1.1 1.51 24.37 25.88 OK
r-release-macos-arm64 1.1 25.00 OK
r-release-macos-x86_64 1.1 43.00 OK
r-release-windows-x86_64 1.1 4.00 48.00 52.00 OK
r-oldrel-macos-arm64 1.1 54.00 OK
r-oldrel-macos-x86_64 1.1 105.00 OK
r-oldrel-windows-x86_64 1.1 3.00 52.00 55.00 OK

Check Details

Version: 1.1
Check: HTML version of manual
Result: NOTE Found the following HTML validation problems: apply_to_columns.html:55:1 (apply_to_columns.Rd:14): Warning: missing </ul> before </div> Flavor: r-devel-linux-x86_64-debian-gcc