Last updated on 2025-10-31 03:50:09 CET.
| Flavor | Version | Tinstall | Tcheck | Ttotal | Status | Flags | 
|---|---|---|---|---|---|---|
| r-devel-linux-x86_64-debian-clang | 0.1.2 | 2.12 | 27.74 | 29.86 | NOTE | |
| r-devel-linux-x86_64-debian-gcc | 0.1.2 | 1.82 | 21.54 | 23.36 | NOTE | |
| r-devel-linux-x86_64-fedora-clang | 0.1.2 | 48.63 | OK | |||
| r-devel-linux-x86_64-fedora-gcc | 0.1.2 | 63.41 | OK | |||
| r-devel-windows-x86_64 | 0.1.2 | 4.00 | 45.00 | 49.00 | OK | |
| r-patched-linux-x86_64 | 0.1.2 | 2.64 | 26.13 | 28.77 | OK | |
| r-release-linux-x86_64 | 0.1.2 | 2.31 | 26.54 | 28.85 | OK | |
| r-release-macos-arm64 | 0.1.2 | 1.00 | 26.00 | 27.00 | OK | |
| r-release-macos-x86_64 | 0.1.2 | 2.00 | 45.00 | 47.00 | OK | |
| r-release-windows-x86_64 | 0.1.2 | 5.00 | 46.00 | 51.00 | OK | |
| r-oldrel-macos-arm64 | 0.1.2 | 1.00 | 23.00 | 24.00 | OK | |
| r-oldrel-macos-x86_64 | 0.1.2 | 2.00 | 34.00 | 36.00 | OK | |
| r-oldrel-windows-x86_64 | 0.1.2 | 3.00 | 53.00 | 56.00 | OK | 
Version: 0.1.2
Check: CRAN incoming feasibility
Result: NOTE
  Maintainer: ‘Ana Perez-Gonzalez <anapg@uvigo.es>’
  
  No Authors@R field in DESCRIPTION.
  Please add one, modifying
    Authors@R: c(person(given = c("Ana", "Maria"),
                        family = "Bianco",
                        role = "aut"),
                 person(given = "Graciela",
                        family = "Boente",
                        role = "aut"),
                 person(given = "Ana",
                        family = "Perez-Gonzalez",
                        role = c("aut", "cre"),
                        email = "anapg@uvigo.es"))
  as necessary.
Flavors: r-devel-linux-x86_64-debian-clang, r-devel-linux-x86_64-debian-gcc