CRAN Package Check Results for Package ICcforest

Last updated on 2025-10-22 05:51:13 CEST.

Flavor Version Tinstall Tcheck Ttotal Status Flags
r-devel-linux-x86_64-debian-clang 0.5.1 8.87 84.90 93.77 NOTE
r-devel-linux-x86_64-debian-gcc 0.5.1 6.10 61.77 67.87 NOTE
r-devel-linux-x86_64-fedora-clang 0.5.1 21.00 119.41 140.41 OK
r-devel-linux-x86_64-fedora-gcc 0.5.1 19.00 114.35 133.35 OK
r-devel-windows-x86_64 0.5.1 10.00 87.00 97.00 OK
r-patched-linux-x86_64 0.5.1 8.13 80.12 88.25 OK
r-release-linux-x86_64 0.5.1 7.27 81.96 89.23 OK
r-release-macos-arm64 0.5.1 4.00 46.00 50.00 OK
r-release-macos-x86_64 0.5.1 11.00 70.00 81.00 OK
r-release-windows-x86_64 0.5.1 12.00 89.00 101.00 OK
r-oldrel-macos-arm64 0.5.1 4.00 38.00 42.00 NOTE
r-oldrel-macos-x86_64 0.5.1 6.00 56.00 62.00 NOTE
r-oldrel-windows-x86_64 0.5.1 13.00 116.00 129.00 NOTE

Check Details

Version: 0.5.1
Check: CRAN incoming feasibility
Result: NOTE Maintainer: ‘Weichi Yao <wy635@stern.nyu.edu>’ The Description field contains <arXiv:1901.04599>. Please refer to arXiv e-prints via their arXiv DOI <doi:10.48550/arXiv.YYMM.NNNNN>. Flavors: r-devel-linux-x86_64-debian-clang, r-devel-linux-x86_64-debian-gcc

Version: 0.5.1
Check: LazyData
Result: NOTE 'LazyData' is specified without a 'data' directory Flavors: r-oldrel-macos-arm64, r-oldrel-macos-x86_64, r-oldrel-windows-x86_64