Last updated on 2025-10-21 04:50:16 CEST.
Flavor | Version | Tinstall | Tcheck | Ttotal | Status | Flags |
---|---|---|---|---|---|---|
r-devel-linux-x86_64-debian-clang | 2.7.1 | 5.06 | 45.76 | 50.82 | NOTE | |
r-devel-linux-x86_64-debian-gcc | 2.7.1 | 3.56 | 33.87 | 37.43 | NOTE | |
r-devel-linux-x86_64-fedora-clang | 2.7.1 | 74.59 | OK | |||
r-devel-linux-x86_64-fedora-gcc | 2.7.1 | 70.79 | OK | |||
r-devel-windows-x86_64 | 2.7.1 | 6.00 | 60.00 | 66.00 | OK | |
r-patched-linux-x86_64 | 2.7.1 | 5.07 | 42.58 | 47.65 | OK | |
r-release-linux-x86_64 | 2.7.1 | 4.93 | 43.43 | 48.36 | OK | |
r-release-macos-arm64 | 2.7.1 | 27.00 | OK | |||
r-release-macos-x86_64 | 2.7.1 | 69.00 | OK | |||
r-release-windows-x86_64 | 2.7.1 | 6.00 | 62.00 | 68.00 | OK | |
r-oldrel-macos-arm64 | 2.7.1 | 24.00 | OK | |||
r-oldrel-macos-x86_64 | 2.7.1 | 63.00 | OK | |||
r-oldrel-windows-x86_64 | 2.7.1 | 6.00 | 72.00 | 78.00 | OK |
Version: 2.7.1
Check: CRAN incoming feasibility
Result: NOTE
Maintainer: ‘Sebastian Cano-Berlanga <cano.berlanga@gmail.com>’
No Authors@R field in DESCRIPTION.
Please add one, modifying
Authors@R: person(given = "Sebastian",
family = "Cano-Berlanga",
role = c("aut", "cre"),
email = "cano.berlanga@gmail.com")
as necessary.
Flavors: r-devel-linux-x86_64-debian-clang, r-devel-linux-x86_64-debian-gcc
Version: 2.7.1
Check: HTML version of manual
Result: NOTE
Found the following HTML validation problems:
summary.ClaimsRule.html:53:1 (summary.ClaimsRule.Rd:15): Warning: missing </ul> before </div>
summary.ClaimsRules.html:53:1 (summary.ClaimsRules.Rd:16): Warning: missing </ul> before </div>
summary.Game.html:53:1 (summary.Game.Rd:17): Warning: missing </ul> before </div>
summary.Nucleolus.html:53:1 (summary.Nucleolus.Rd:16): Warning: missing </ul> before </div>
summary.ShapleyShubik.html:53:1 (summary.ShapleyShubik.Rd:17): Warning: missing </ul> before </div>
summary.ShapleyValue.html:53:1 (summary.ShapleyValue.Rd:17): Warning: missing </ul> before </div>
Flavor: r-devel-linux-x86_64-debian-gcc