Last updated on 2025-10-21 04:50:15 CEST.
Flavor | Version | Tinstall | Tcheck | Ttotal | Status | Flags |
---|---|---|---|---|---|---|
r-devel-linux-x86_64-debian-clang | 0.1.0 | 35.25 | 90.42 | 125.67 | NOTE | |
r-devel-linux-x86_64-debian-gcc | 0.1.0 | 23.12 | 66.31 | 89.43 | NOTE | |
r-devel-linux-x86_64-fedora-clang | 0.1.0 | 202.45 | OK | |||
r-devel-linux-x86_64-fedora-gcc | 0.1.0 | 208.24 | OK | |||
r-devel-windows-x86_64 | 0.1.0 | 40.00 | 108.00 | 148.00 | OK | |
r-patched-linux-x86_64 | 0.1.0 | 33.84 | 87.57 | 121.41 | OK | |
r-release-linux-x86_64 | 0.1.0 | 33.42 | 87.40 | 120.82 | OK | |
r-release-macos-arm64 | 0.1.0 | 62.00 | OK | |||
r-release-macos-x86_64 | 0.1.0 | 108.00 | OK | |||
r-release-windows-x86_64 | 0.1.0 | 41.00 | 108.00 | 149.00 | OK | |
r-oldrel-macos-arm64 | 0.1.0 | 60.00 | OK | |||
r-oldrel-macos-x86_64 | 0.1.0 | 86.00 | OK | |||
r-oldrel-windows-x86_64 | 0.1.0 | 49.00 | 139.00 | 188.00 | OK |
Version: 0.1.0
Check: CRAN incoming feasibility
Result: NOTE
Maintainer: ‘Léonie Courcoul <leonie.courcoul@u-bordeaux.fr>’
The Description field contains
Jacqmin-Gadda (2023) <arXiv:2306.16785>).
Please refer to arXiv e-prints via their arXiv DOI <doi:10.48550/arXiv.YYMM.NNNNN>.
Flavors: r-devel-linux-x86_64-debian-clang, r-devel-linux-x86_64-debian-gcc
Version: 0.1.0
Check: HTML version of manual
Result: NOTE
Found the following HTML validation problems:
pred_s.t.bootstrap.tps.html:66:1 (pred_s.t.bootstrap.tps.Rd:20): Warning: missing </ul> before </div>
pred_s.t.ponctuel.tps.html:62:1 (pred_s.t.ponctuel.tps.Rd:18): Warning: missing </ul> before </div>
Flavor: r-devel-linux-x86_64-debian-gcc