Last updated on 2025-10-23 08:49:55 CEST.
Flavor | Version | Tinstall | Tcheck | Ttotal | Status | Flags |
---|---|---|---|---|---|---|
r-devel-linux-x86_64-debian-clang | 1.0.1 | 39.52 | 72.29 | 111.81 | NOTE | |
r-devel-linux-x86_64-debian-gcc | 1.0.1 | 26.09 | 50.72 | 76.81 | NOTE | |
r-devel-linux-x86_64-fedora-clang | 1.0.1 | 98.00 | 92.87 | 190.87 | OK | |
r-devel-linux-x86_64-fedora-gcc | 1.0.1 | 83.00 | 91.46 | 174.46 | OK | |
r-devel-windows-x86_64 | 1.0.1 | 43.00 | 108.00 | 151.00 | OK | |
r-patched-linux-x86_64 | 1.0.1 | 39.50 | 68.12 | 107.62 | OK | |
r-release-linux-x86_64 | 1.0.1 | 40.33 | 68.02 | 108.35 | OK | |
r-release-macos-arm64 | 1.0.1 | 14.00 | 36.00 | 50.00 | OK | |
r-release-macos-x86_64 | 1.0.1 | 19.00 | 64.00 | 83.00 | OK | |
r-release-windows-x86_64 | 1.0.1 | 43.00 | 116.00 | 159.00 | OK | |
r-oldrel-macos-arm64 | 1.0.1 | 13.00 | 33.00 | 46.00 | OK | |
r-oldrel-macos-x86_64 | 1.0.1 | 15.00 | 62.00 | 77.00 | OK | |
r-oldrel-windows-x86_64 | 1.0.1 | 52.00 | 139.00 | 191.00 | OK |
Version: 1.0.1
Check: CRAN incoming feasibility
Result: NOTE
Maintainer: ‘David P. Hofmeyr <dhofmeyr@sun.ac.za>’
No Authors@R field in DESCRIPTION.
Please add one, modifying
Authors@R: person(given = c("David", "P."),
family = "Hofmeyr",
role = c("aut", "cre"),
email = "dhofmeyr@sun.ac.za")
as necessary.
Flavors: r-devel-linux-x86_64-debian-clang, r-devel-linux-x86_64-debian-gcc
Version: 1.0.1
Check: HTML version of manual
Result: NOTE
Found the following HTML validation problems:
plot.fk_ICA.html:51:1 (plot.fk_ICA.Rd:12): Warning: missing </ul> before </div>
plot.fk_density.html:55:1 (plot.fk_density.Rd:13): Warning: missing </ul> before </div>
plot.fk_mdh.html:51:1 (plot.fk_mdh.Rd:12): Warning: missing </ul> before </div>
plot.fk_ppr.html:56:1 (plot.fk_ppr.Rd:14): Warning: missing </ul> before </div>
plot.fk_regression.html:55:1 (plot.fk_regression.Rd:13): Warning: missing </ul> before </div>
print.fk_ICA.html:51:1 (print.fk_ICA.Rd:12): Warning: missing </ul> before </div>
print.fk_density.html:51:1 (print.fk_density.Rd:12): Warning: missing </ul> before </div>
print.fk_mdh.html:51:1 (print.fk_mdh.Rd:12): Warning: missing </ul> before </div>
print.fk_ppr.html:51:1 (print.fk_ppr.Rd:12): Warning: missing </ul> before </div>
print.fk_regression.html:51:1 (print.fk_regression.Rd:12): Warning: missing </ul> before </div>
Flavor: r-devel-linux-x86_64-debian-clang