CRAN Package Check Results for Package FDboost

Last updated on 2025-07-01 03:49:24 CEST.

Flavor Version Tinstall Tcheck Ttotal Status Flags
r-devel-linux-x86_64-debian-clang 1.1-2 18.10 218.01 236.11 NOTE
r-devel-linux-x86_64-debian-gcc 1.1-2 11.35 160.68 172.03 NOTE
r-devel-linux-x86_64-fedora-clang 1.1-2 375.88 OK
r-devel-linux-x86_64-fedora-gcc 1.1-2 372.45 OK
r-devel-windows-x86_64 1.1-2 17.00 258.00 275.00 NOTE
r-patched-linux-x86_64 NOTE
r-release-linux-x86_64 1.1-2 16.69 219.20 235.89 NOTE
r-release-macos-arm64 1.1-2 115.00 OK
r-release-macos-x86_64 1.1-2 261.00 OK
r-release-windows-x86_64 1.1-2 19.00 254.00 273.00 NOTE
r-oldrel-macos-arm64 1.1-2 102.00 OK
r-oldrel-macos-x86_64 1.1-2 268.00 OK
r-oldrel-windows-x86_64 1.1-2 23.00 316.00 339.00 OK

Check Details

Version: 1.1-2
Check: Rd cross-references
Result: NOTE Found the following Rd file(s) with Rd \link{} targets missing package anchors: FDboost.Rd: mboost FDboostLSS.Rd: Families, GaussianLSS, boost_control bootstrapCI.Rd: cvrisk cvrisk.FDboostLSS.Rd: cvrisk.mboostLSS predict.FDboost_fac.Rd: predict.mboost Please provide package anchors for all Rd \link{} targets not in the package itself and the base packages. Flavors: r-devel-linux-x86_64-debian-clang, r-devel-linux-x86_64-debian-gcc, r-devel-windows-x86_64, r-patched-linux-x86_64, r-release-linux-x86_64, r-release-windows-x86_64