Last updated on 2025-10-22 05:51:08 CEST.
Flavor | Version | Tinstall | Tcheck | Ttotal | Status | Flags |
---|---|---|---|---|---|---|
r-devel-linux-x86_64-debian-clang | 0.1.4 | 7.66 | 57.12 | 64.78 | NOTE | |
r-devel-linux-x86_64-debian-gcc | 0.1.4 | 4.82 | 40.53 | 45.35 | NOTE | |
r-devel-linux-x86_64-fedora-clang | 0.1.4 | 18.00 | 78.28 | 96.28 | OK | |
r-devel-linux-x86_64-fedora-gcc | 0.1.4 | 19.00 | 70.74 | 89.74 | OK | |
r-devel-windows-x86_64 | 0.1.4 | 9.00 | 74.00 | 83.00 | OK | |
r-patched-linux-x86_64 | 0.1.4 | 6.87 | 51.11 | 57.98 | OK | |
r-release-linux-x86_64 | 0.1.4 | 6.81 | 51.20 | 58.01 | OK | |
r-release-macos-arm64 | 0.1.4 | 3.00 | 25.00 | 28.00 | OK | |
r-release-macos-x86_64 | 0.1.4 | 7.00 | 48.00 | 55.00 | OK | |
r-release-windows-x86_64 | 0.1.4 | 10.00 | 76.00 | 86.00 | OK | |
r-oldrel-macos-arm64 | 0.1.4 | 3.00 | 26.00 | 29.00 | OK | |
r-oldrel-macos-x86_64 | 0.1.4 | 5.00 | 39.00 | 44.00 | OK | |
r-oldrel-windows-x86_64 | 0.1.4 | 11.00 | 89.00 | 100.00 | OK |
Version: 0.1.4
Check: CRAN incoming feasibility
Result: NOTE
Maintainer: ‘Nika Salia <2001salia@gmail.com>’
No Authors@R field in DESCRIPTION.
Please add one, modifying
Authors@R: c(person(given = "Irakli",
family = "Salia",
role = "aut",
email = "irakli.salia854@gmail.com"),
person(given = "Nika",
family = "Salia",
role = "cre",
email = "2001salia@gmail.com"))
as necessary.
Flavors: r-devel-linux-x86_64-debian-clang, r-devel-linux-x86_64-debian-gcc