Last updated on 2024-07-27 03:49:27 CEST.
Flavor | Version | Tinstall | Tcheck | Ttotal | Status | Flags |
---|---|---|---|---|---|---|
r-devel-linux-x86_64-debian-clang | 1.0-1 | 7.48 | 57.44 | 64.92 | NOTE | |
r-devel-linux-x86_64-debian-gcc | 1.0-1 | 6.32 | 42.22 | 48.54 | NOTE | |
r-devel-linux-x86_64-fedora-clang | 1.0-1 | 88.23 | NOTE | |||
r-devel-linux-x86_64-fedora-gcc | 1.0-1 | 80.57 | NOTE | |||
r-devel-windows-x86_64 | 1.0-1 | 9.00 | 78.00 | 87.00 | NOTE | |
r-patched-linux-x86_64 | 1.0-1 | NOTE | ||||
r-release-linux-x86_64 | 1.0-1 | 8.46 | 54.79 | 63.25 | NOTE | |
r-release-macos-arm64 | 1.0-1 | 25.00 | NOTE | |||
r-release-macos-x86_64 | 1.0-1 | 36.00 | NOTE | |||
r-release-windows-x86_64 | 1.0-1 | 7.00 | 61.00 | 68.00 | NOTE | |
r-oldrel-macos-arm64 | 1.0-1 | 27.00 | NOTE | |||
r-oldrel-macos-x86_64 | 1.0-1 | 60.00 | NOTE | |||
r-oldrel-windows-x86_64 | 1.0-1 | 9.00 | 68.00 | 77.00 | NOTE |
Version: 1.0-1
Check: package dependencies
Result: NOTE
Package which this enhances but not available for checking: ‘gurobi’
Flavors: r-devel-linux-x86_64-debian-clang, r-devel-linux-x86_64-debian-gcc, r-devel-linux-x86_64-fedora-clang, r-devel-linux-x86_64-fedora-gcc, r-devel-windows-x86_64, r-patched-linux-x86_64, r-release-linux-x86_64, r-release-macos-arm64, r-release-macos-x86_64, r-release-windows-x86_64, r-oldrel-macos-arm64, r-oldrel-macos-x86_64, r-oldrel-windows-x86_64
Version: 1.0-1
Check: Rd cross-references
Result: NOTE
Found the following Rd file(s) with Rd \link{} targets missing package
anchors:
functionsFromDoEbase.Rd: DoE.base
Please provide package anchors for all Rd \link{} targets not in the
package itself and the base packages.
Flavors: r-devel-linux-x86_64-debian-gcc, r-devel-windows-x86_64