Last updated on 2025-06-19 04:51:24 CEST.
Flavor | Version | Tinstall | Tcheck | Ttotal | Status | Flags |
---|---|---|---|---|---|---|
r-devel-linux-x86_64-debian-clang | 1.0.11 | 19.16 | 195.35 | 214.51 | OK | |
r-devel-linux-x86_64-debian-gcc | 1.0.11 | 12.75 | 125.89 | 138.64 | OK | |
r-devel-linux-x86_64-fedora-clang | 1.0.11 | 329.06 | OK | |||
r-devel-linux-x86_64-fedora-gcc | 1.0.11 | 311.10 | OK | |||
r-devel-windows-x86_64 | 1.0.11 | 23.00 | 267.00 | 290.00 | OK | |
r-patched-linux-x86_64 | 1.0.11 | 22.67 | 185.11 | 207.78 | OK | |
r-release-linux-x86_64 | 1.0.11 | 17.81 | 185.48 | 203.29 | OK | |
r-release-macos-arm64 | 1.0.11 | 85.00 | OK | |||
r-release-macos-x86_64 | 1.0.11 | 178.00 | OK | |||
r-release-windows-x86_64 | 1.0.11 | 27.00 | 259.00 | 286.00 | OK | |
r-oldrel-macos-arm64 | 1.0.11 | 88.00 | NOTE | |||
r-oldrel-macos-x86_64 | 1.0.11 | 129.00 | OK | |||
r-oldrel-windows-x86_64 | 1.0.11 | 28.00 | 330.00 | 358.00 | OK |
Version: 1.0.11
Check: package dependencies
Result: NOTE
Package suggested but not available for checking: ‘testthat’
Flavor: r-oldrel-macos-arm64