Last updated on 2025-10-24 04:50:51 CEST.
| Flavor | Version | Tinstall | Tcheck | Ttotal | Status | Flags |
|---|---|---|---|---|---|---|
| r-devel-linux-x86_64-debian-clang | 1.0.2 | 2.99 | 95.56 | 98.55 | NOTE | |
| r-devel-linux-x86_64-debian-gcc | 1.0.2 | 2.48 | 64.75 | 67.23 | OK | |
| r-devel-linux-x86_64-fedora-clang | 1.0.2 | 154.61 | OK | |||
| r-devel-linux-x86_64-fedora-gcc | 1.0.2 | 163.76 | OK | |||
| r-devel-windows-x86_64 | 1.0.2 | 6.00 | 108.00 | 114.00 | OK | |
| r-patched-linux-x86_64 | 1.0.2 | 3.35 | 101.15 | 104.50 | OK | |
| r-release-linux-x86_64 | 1.0.2 | 2.96 | 101.49 | 104.45 | OK | |
| r-release-macos-arm64 | 1.0.2 | 2.00 | 59.00 | 61.00 | OK | |
| r-release-macos-x86_64 | 1.0.2 | 3.00 | 132.00 | 135.00 | OK | |
| r-release-windows-x86_64 | 1.0.2 | 7.00 | 132.00 | 139.00 | OK | |
| r-oldrel-macos-arm64 | 1.0.2 | 2.00 | 63.00 | 65.00 | OK | |
| r-oldrel-macos-x86_64 | 1.0.2 | 3.00 | 125.00 | 128.00 | OK | |
| r-oldrel-windows-x86_64 | 1.0.2 | 7.00 | 157.00 | 164.00 | OK |
Version: 1.0.2
Check: HTML version of manual
Result: NOTE
Found the following HTML validation problems:
psa_data.html:62:1 (psa_data.Rd:19): Warning: missing </ul> before </div>
Flavor: r-devel-linux-x86_64-debian-clang