Last updated on 2025-10-22 05:51:05 CEST.
Flavor | Version | Tinstall | Tcheck | Ttotal | Status | Flags |
---|---|---|---|---|---|---|
r-devel-linux-x86_64-debian-clang | 0.1.2 | 5.68 | 53.24 | 58.92 | NOTE | |
r-devel-linux-x86_64-debian-gcc | 0.1.2 | 3.64 | 38.07 | 41.71 | NOTE | |
r-devel-linux-x86_64-fedora-clang | 0.1.2 | 11.00 | 77.66 | 88.66 | OK | |
r-devel-linux-x86_64-fedora-gcc | 0.1.2 | 13.00 | 71.52 | 84.52 | OK | |
r-devel-windows-x86_64 | 0.1.2 | 7.00 | 69.00 | 76.00 | OK | |
r-patched-linux-x86_64 | 0.1.2 | 6.02 | 49.93 | 55.95 | OK | |
r-release-linux-x86_64 | 0.1.2 | 4.79 | 50.39 | 55.18 | OK | |
r-release-macos-arm64 | 0.1.2 | 3.00 | 26.00 | 29.00 | OK | |
r-release-macos-x86_64 | 0.1.2 | 5.00 | 43.00 | 48.00 | OK | |
r-release-windows-x86_64 | 0.1.2 | 7.00 | 70.00 | 77.00 | OK | |
r-oldrel-macos-arm64 | 0.1.2 | 2.00 | 24.00 | 26.00 | OK | |
r-oldrel-macos-x86_64 | 0.1.2 | 4.00 | 36.00 | 40.00 | OK | |
r-oldrel-windows-x86_64 | 0.1.2 | 9.00 | 88.00 | 97.00 | OK |
Version: 0.1.2
Check: CRAN incoming feasibility
Result: NOTE
Maintainer: ‘Maria Dolores Martinez-Miranda <mmiranda@ugr.es>’
No Authors@R field in DESCRIPTION.
Please add one, modifying
Authors@R: c(person(given = c("Maria", "Dolores"),
family = "Martinez-Miranda",
role = c("aut", "cre"),
email = "mmiranda@ugr.es"),
person(given = c("Jens", "Perch"),
family = "Nielsen",
role = "aut"),
person(given = "Richard",
family = "Verrall",
role = "aut"))
as necessary.
Flavors: r-devel-linux-x86_64-debian-clang, r-devel-linux-x86_64-debian-gcc