Last updated on 2025-10-22 05:51:05 CEST.
Flavor | Version | Tinstall | Tcheck | Ttotal | Status | Flags |
---|---|---|---|---|---|---|
r-devel-linux-x86_64-debian-clang | 4.6.0 | 145.48 | 806.42 | 951.90 | NOTE | |
r-devel-linux-x86_64-debian-gcc | 4.6.0 | 84.44 | 468.53 | 552.97 | NOTE | |
r-devel-linux-x86_64-fedora-clang | 4.6.0 | 1260.00 | -255.24 | 1004.76 | OK | |
r-devel-linux-x86_64-fedora-gcc | 4.6.0 | 660.00 | 687.36 | 1347.36 | OK | |
r-devel-windows-x86_64 | 4.6.0 | 119.00 | 670.00 | 789.00 | OK | |
r-patched-linux-x86_64 | 4.6.0 | 129.96 | 732.09 | 862.05 | OK | |
r-release-linux-x86_64 | 4.6.0 | 120.61 | 734.42 | 855.03 | OK | |
r-release-macos-arm64 | 4.6.0 | 68.00 | 226.00 | 294.00 | OK | |
r-release-macos-x86_64 | 4.6.0 | 98.00 | 425.00 | 523.00 | OK | |
r-release-windows-x86_64 | 4.6.0 | 124.00 | 676.00 | 800.00 | OK | |
r-oldrel-macos-arm64 | 4.6.0 | 58.00 | 295.00 | 353.00 | NOTE | |
r-oldrel-macos-x86_64 | 4.6.0 | 99.00 | 516.00 | 615.00 | NOTE | |
r-oldrel-windows-x86_64 | 4.6.0 | 139.00 | 1016.00 | 1155.00 | NOTE |
Version: 4.6.0
Check: HTML version of manual
Result: NOTE
Found the following HTML validation problems:
DAISIE_plot_stt.html:73:1 (DAISIE_plot_stt.Rd:30): Warning: missing </ul> before </div>
DAISIE_sim_core_cr.html:172:1 (DAISIE_sim_core_cr.Rd:79): Warning: missing </ul> before </div>
DAISIE_sim_core_cr_shift.html:178:1 (DAISIE_sim_core_cr_shift.Rd:83): Warning: missing </ul> before </div>
DAISIE_sim_core_time_dep.html:219:1 (DAISIE_sim_core_time_dep.Rd:114): Warning: missing </ul> before </div>
DAISIE_sim_core_trait_dep.html:217:1 (DAISIE_sim_core_trait_dep.Rd:108): Warning: missing </ul> before </div>
DAISIE_sim_min_type2.html:184:1 (DAISIE_sim_min_type2.Rd:92): Warning: missing </ul> before </div>
get_trans_rate.html:78:1 (get_trans_rate.Rd:23): Warning: missing </ul> before </div>
Flavors: r-devel-linux-x86_64-debian-clang, r-devel-linux-x86_64-debian-gcc
Version: 4.6.0
Check: installed package size
Result: NOTE
installed size is 39.0Mb
sub-directories of 1Mb or more:
libs 36.7Mb
Flavors: r-oldrel-macos-arm64, r-oldrel-macos-x86_64
Version: 4.6.0
Check: package dependencies
Result: NOTE
Package which this enhances but not available for checking: 'doMC'
Flavor: r-oldrel-windows-x86_64