Last updated on 2024-07-27 03:49:25 CEST.
Flavor | Version | Tinstall | Tcheck | Ttotal | Status | Flags |
---|---|---|---|---|---|---|
r-devel-linux-x86_64-debian-clang | 0.5.10 | 15.30 | 35.85 | 51.15 | NOTE | |
r-devel-linux-x86_64-debian-gcc | 0.5.10 | 8.38 | 26.60 | 34.98 | NOTE | |
r-devel-linux-x86_64-fedora-clang | 0.5.10 | 60.98 | NOTE | |||
r-devel-linux-x86_64-fedora-gcc | 0.5.10 | 55.72 | NOTE | |||
r-devel-windows-x86_64 | 0.5.10 | 20.00 | 53.00 | 73.00 | NOTE | |
r-patched-linux-x86_64 | 0.5.10 | NOTE | ||||
r-release-linux-x86_64 | 0.5.10 | 9.97 | 33.28 | 43.25 | NOTE | |
r-release-macos-arm64 | 0.5.10 | 25.00 | NOTE | |||
r-release-macos-x86_64 | 0.5.10 | 33.00 | NOTE | |||
r-release-windows-x86_64 | 0.5.10 | 19.00 | 51.00 | 70.00 | NOTE | |
r-oldrel-macos-arm64 | 0.5.10 | 25.00 | OK | |||
r-oldrel-macos-x86_64 | 0.5.10 | 37.00 | OK | |||
r-oldrel-windows-x86_64 | 0.5.10 | 21.00 | 55.00 | 76.00 | OK |
Version: 0.5.10
Check: Rd files
Result: NOTE
checkRd: (-1) kprime.Rd:36: Lost braces; missing escapes or markup?
36 | kprime is a {p,d,q} set of functions that compute the K-prime distribution. This distribution has many applications,
| ^
checkRd: (-1) lsecond.Rd:37: Lost braces; missing escapes or markup?
37 | lsecond are {p,d,q} functions that compute the Lambda-second (L") distribution. This
| ^
checkRd: (-1) pilsecond.Rd:39: Lost braces; missing escapes or markup?
39 | pilsecond are {p,d,q} functions that compute the prior-informed Lambda-second (L") distribution. This
| ^
Flavors: r-devel-linux-x86_64-debian-clang, r-devel-linux-x86_64-debian-gcc, r-devel-linux-x86_64-fedora-clang, r-devel-linux-x86_64-fedora-gcc, r-devel-windows-x86_64, r-patched-linux-x86_64, r-release-linux-x86_64, r-release-macos-arm64, r-release-macos-x86_64, r-release-windows-x86_64