CRAN Package Check Results for Package Calculator.LR.FNs

Last updated on 2025-10-10 08:50:02 CEST.

Flavor Version Tinstall Tcheck Ttotal Status Flags
r-devel-linux-x86_64-debian-clang 1.3 2.24 23.52 25.76 NOTE
r-devel-linux-x86_64-debian-gcc 1.3 1.57 19.27 20.84 NOTE
r-devel-linux-x86_64-fedora-clang 1.3 37.82 OK
r-devel-linux-x86_64-fedora-gcc 1.3 37.18 OK
r-devel-windows-x86_64 1.3 3.00 46.00 49.00 OK
r-patched-linux-x86_64 1.3 2.58 22.47 25.05 OK
r-release-linux-x86_64 1.3 2.22 22.90 25.12 OK
r-release-macos-arm64 1.3 16.00 OK
r-release-macos-x86_64 1.3 32.00 OK
r-release-windows-x86_64 1.3 3.00 46.00 49.00 OK
r-oldrel-macos-arm64 1.3 21.00 OK
r-oldrel-macos-x86_64 1.3 23.00 OK
r-oldrel-windows-x86_64 1.3 3.00 44.00 47.00 OK

Check Details

Version: 1.3
Check: CRAN incoming feasibility
Result: NOTE Maintainer: ‘Abbas Parchami <parchami@uk.ac.ir>’ No Authors@R field in DESCRIPTION. Please add one, modifying Authors@R: person(given = "Abbas", family = "Parchami", role = c("aut", "cre"), email = "parchami@uk.ac.ir", comment = "Department of Statistics, Faculty of Mathematics and Computer, Shahid Bahonar University of Kerman, Kerman, Iran") as necessary. Flavors: r-devel-linux-x86_64-debian-clang, r-devel-linux-x86_64-debian-gcc