Last updated on 2025-10-24 04:50:46 CEST.
| Flavor | Version | Tinstall | Tcheck | Ttotal | Status | Flags |
|---|---|---|---|---|---|---|
| r-devel-linux-x86_64-debian-clang | 1.0.1 | 6.02 | 56.94 | 62.96 | NOTE | |
| r-devel-linux-x86_64-debian-gcc | 1.0.1 | 5.12 | 42.73 | 47.85 | NOTE | |
| r-devel-linux-x86_64-fedora-clang | 1.0.1 | 15.00 | 81.30 | 96.30 | OK | |
| r-devel-linux-x86_64-fedora-gcc | 1.0.1 | 20.00 | 74.31 | 94.31 | OK | |
| r-devel-windows-x86_64 | 1.0.1 | 7.00 | 67.00 | 74.00 | OK | |
| r-patched-linux-x86_64 | 1.0.1 | 7.18 | 54.38 | 61.56 | OK | |
| r-release-linux-x86_64 | 1.0.1 | 6.51 | 54.70 | 61.21 | OK | |
| r-release-macos-arm64 | 1.0.1 | 3.00 | 31.00 | 34.00 | OK | |
| r-release-macos-x86_64 | 1.0.1 | 9.00 | 57.00 | 66.00 | OK | |
| r-release-windows-x86_64 | 1.0.1 | 8.00 | 70.00 | 78.00 | OK | |
| r-oldrel-macos-arm64 | 1.0.1 | 3.00 | 26.00 | 29.00 | OK | |
| r-oldrel-macos-x86_64 | 1.0.1 | 7.00 | 40.00 | 47.00 | OK | |
| r-oldrel-windows-x86_64 | 1.0.1 | 11.00 | 82.00 | 93.00 | OK |
Version: 1.0.1
Check: CRAN incoming feasibility
Result: NOTE
Maintainer: ‘Margarita Marin <mmarinj@unal.edu.co>’
No Authors@R field in DESCRIPTION.
Please add one, modifying
Authors@R: c(person(given = "Margarita",
family = "Marin",
role = c("aut", "cre"),
email = "mmarinj@unal.edu.co"),
person(given = "Edilberto",
family = "Cepeda-Cuervo.",
role = "aut"))
as necessary.
Flavors: r-devel-linux-x86_64-debian-clang, r-devel-linux-x86_64-debian-gcc