Last updated on 2024-05-09 03:52:19 CEST.
Flavor | Version | Tinstall | Tcheck | Ttotal | Status | Flags |
---|---|---|---|---|---|---|
r-devel-linux-x86_64-debian-clang | 0.1-2 | 53.50 | 35.09 | 88.59 | NOTE | |
r-devel-linux-x86_64-debian-gcc | 0.1-2 | 33.57 | 26.80 | 60.37 | NOTE | |
r-devel-linux-x86_64-fedora-clang | 0.1-2 | 128.66 | NOTE | |||
r-devel-linux-x86_64-fedora-gcc | 0.1-2 | 126.63 | NOTE | |||
r-devel-windows-x86_64 | 0.1-2 | 41.00 | 69.00 | 110.00 | NOTE | |
r-patched-linux-x86_64 | 0.1-2 | 49.90 | 34.93 | 84.83 | NOTE | |
r-release-linux-x86_64 | 0.1-2 | 49.15 | 34.35 | 83.50 | NOTE | |
r-release-macos-arm64 | 0.1-2 | 29.00 | NOTE | |||
r-release-windows-x86_64 | 0.1-2 | 41.00 | 70.00 | 111.00 | NOTE | |
r-oldrel-macos-arm64 | 0.1-2 | 34.00 | NOTE | |||
r-oldrel-macos-x86_64 | 0.1-2 | 50.00 | NOTE | |||
r-oldrel-windows-x86_64 | 0.1-2 | 51.00 | 77.00 | 128.00 | NOTE |
Version: 0.1-2
Check: Rd files
Result: NOTE
checkRd: (-1) BayesComm-package.Rd:33: Escaped LaTeX specials: \&
Flavors: r-devel-linux-x86_64-debian-clang, r-devel-linux-x86_64-debian-gcc, r-devel-linux-x86_64-fedora-clang, r-devel-linux-x86_64-fedora-gcc, r-devel-windows-x86_64, r-patched-linux-x86_64, r-release-linux-x86_64, r-release-macos-arm64, r-release-windows-x86_64, r-oldrel-macos-arm64, r-oldrel-macos-x86_64, r-oldrel-windows-x86_64
Version: 0.1-2
Check: compiled code
Result: NOTE
File ‘BayesComm/libs/BayesComm.so’:
Found no calls to: ‘R_registerRoutines’, ‘R_useDynamicSymbols’
It is good practice to register native routines and to disable symbol
search.
See ‘Writing portable packages’ in the ‘Writing R Extensions’ manual.
Flavors: r-devel-linux-x86_64-fedora-clang, r-devel-linux-x86_64-fedora-gcc