Last updated on 2025-10-22 05:50:58 CEST.
Flavor | Version | Tinstall | Tcheck | Ttotal | Status | Flags |
---|---|---|---|---|---|---|
r-devel-linux-x86_64-debian-clang | 2.0.5 | 10.10 | 101.37 | 111.47 | NOTE | |
r-devel-linux-x86_64-debian-gcc | 2.0.5 | 8.90 | 74.73 | 83.63 | NOTE | |
r-devel-linux-x86_64-fedora-clang | 2.0.5 | 76.00 | 110.39 | 186.39 | OK | |
r-devel-linux-x86_64-fedora-gcc | 2.0.5 | 30.00 | 136.89 | 166.89 | OK | |
r-devel-windows-x86_64 | 2.0.5 | 14.00 | 118.00 | 132.00 | OK | |
r-patched-linux-x86_64 | 2.0.5 | 11.94 | 97.96 | 109.90 | OK | |
r-release-linux-x86_64 | 2.0.5 | 11.50 | 96.55 | 108.05 | OK | |
r-release-macos-arm64 | 2.0.5 | 5.00 | 43.00 | 48.00 | OK | |
r-release-macos-x86_64 | 2.0.5 | 11.00 | 86.00 | 97.00 | OK | |
r-release-windows-x86_64 | 2.0.5 | 15.00 | 116.00 | 131.00 | OK | |
r-oldrel-macos-arm64 | 2.0.5 | 4.00 | 44.00 | 48.00 | NOTE | |
r-oldrel-macos-x86_64 | 2.0.5 | 15.00 | 92.00 | 107.00 | NOTE | |
r-oldrel-windows-x86_64 | 2.0.5 | 19.00 | 151.00 | 170.00 | NOTE |
Version: 2.0.5
Check: CRAN incoming feasibility
Result: NOTE
Maintainer: ‘Antonio Profico <antonio.profico@gmail.com>’
No Authors@R field in DESCRIPTION.
Please add one, modifying
Authors@R: c(person(given = "Antonio",
family = "Profico",
role = c("aut", "cre"),
email = "antonio.profico@gmail.com"),
person(given = "Costantino",
family = "Buzi",
role = "aut"),
person(given = "Silvia",
family = "Castiglione",
role = "aut"),
person(given = "Marina",
family = "Melchionna",
role = "aut"),
person(given = "Paolo",
family = "Piras",
role = "aut"),
person(given = "Pasquale",
family = "Raia",
role = "aut"),
person(given = "Alessio",
family = "Veneziano",
role = "aut"))
as necessary.
Flavors: r-devel-linux-x86_64-debian-clang, r-devel-linux-x86_64-debian-gcc
Version: 2.0.5
Check: installed package size
Result: NOTE
installed size is 5.4Mb
sub-directories of 1Mb or more:
data 5.1Mb
Flavors: r-oldrel-macos-arm64, r-oldrel-macos-x86_64, r-oldrel-windows-x86_64